Server IP : 103.191.208.50 / Your IP : 216.73.216.226 Web Server : LiteSpeed System : Linux orion.herosite.pro 4.18.0-553.53.1.lve.el8.x86_64 #1 SMP Wed May 28 17:01:02 UTC 2025 x86_64 User : celkcksm ( 1031) PHP Version : 5.6.40 Disable Function : show_source, system, shell_exec, passthru, exec MySQL : OFF | cURL : ON | WGET : ON | Perl : ON | Python : ON Directory (0750) : /home/celkcksm/access-logs/ |
[ Home ] | [ C0mmand ] | [ Upload File ] |
---|
54.36.148.216 - - [12/Jul/2025:17:32:16 +0530] "GET /custom-software-development HTTP/1.1" 304 0 "-" "Mozilla/5.0 (compatible; AhrefsBot/7.0; +http://ahrefs.com/robot/)"
2401:4900:775c:2610:81ab:8124:b623:1917 - - [12/Jul/2025:17:32:56 +0530] "GET /ncriptech-landing/?utm_medium=paid&utm_source=an&utm_id=120231154959590247&utm_content=120231154962600247&utm_term=120231154960250247&utm_campaign=120231154959590247&fbclid=IwY2xjawLfLj9leHRuA2FlbQEwAGFkaWQBqyWZMseqlwEevIENYDklGtsEoYML7oJo5FMs_Ggg6Xx8cr9Xn043BvzCGqDiy8lsKzUNrIs_aem_57IOZqEkh9tXolWb9c0ZFQ HTTP/1.1" 200 26061 "https://l.facebook.com/" "Mozilla/5.0 (Linux; Android 12; V2111 Build/SP1A.210812.003; wv) AppleWebKit/537.36 (KHTML, like Gecko) Version/4.0 Chrome/138.0.7204.67 Mobile Safari/537.36"
43.159.148.221 - - [12/Jul/2025:17:33:11 +0530] "GET / HTTP/1.1" 200 18348 "http://www.ncriptech.com" "Mozilla/5.0 (iPhone; CPU iPhone OS 13_2_3 like Mac OS X) AppleWebKit/605.1.15 (KHTML, like Gecko) Version/13.0.3 Mobile/15E148 Safari/604.1"
2409:40e1:100c:ca77:8000:: - - [12/Jul/2025:17:33:34 +0530] "GET /ncriptech-landing/?utm_medium=paid&utm_source=an&utm_id=120231154959590247&utm_content=120231154962600247&utm_term=120231154960250247&utm_campaign=120231154959590247&fbclid=IwY2xjawLfLmVleHRuA2FlbQEwAGFkaWQBqyWZMseqlwEeHq5CnS0JOSCRgsaOnG5uqqYw6upvHTbXKo0Hq81HHA5cOA6wREIJ7uY7dAE_aem_9y1FDhehd0gmCFmSs7Hy3g HTTP/1.1" 200 26061 "https://l.facebook.com/" "Mozilla/5.0 (Linux; Android 11; vivo 1901 Build/RP1A.200720.012; wv) AppleWebKit/537.36 (KHTML, like Gecko) Version/4.0 Chrome/137.0.7151.116 Mobile Safari/537.36"
2401:4900:775c:2610:81ab:8124:b623:1917 - - [12/Jul/2025:17:35:33 +0530] "GET /ncriptech-landing/?utm_medium=paid&utm_source=an&utm_id=120231154959590247&utm_content=120231154962600247&utm_term=120231154960250247&utm_campaign=120231154959590247&fbclid=IwY2xjawLfLtxleHRuA2FlbQEwAGFkaWQBqyWZMseqlwEevIENYDklGtsEoYML7oJo5FMs_Ggg6Xx8cr9Xn043BvzCGqDiy8lsKzUNrIs_aem_57IOZqEkh9tXolWb9c0ZFQ HTTP/1.1" 200 26061 "https://l.facebook.com/" "Mozilla/5.0 (Linux; Android 12; V2111 Build/SP1A.210812.003; wv) AppleWebKit/537.36 (KHTML, like Gecko) Version/4.0 Chrome/138.0.7204.67 Mobile Safari/537.36"
2401:4900:775c:2610:81ab:8124:b623:1917 - - [12/Jul/2025:17:35:35 +0530] "GET /ncriptech-landing/?utm_medium=paid&utm_source=an&utm_id=120231154959590247&utm_content=120231154962600247&utm_term=120231154960250247&utm_campaign=120231154959590247&fbclid=IwY2xjawLfLt9leHRuA2FlbQEwAGFkaWQBqyWZMseqlwEevIENYDklGtsEoYML7oJo5FMs_Ggg6Xx8cr9Xn043BvzCGqDiy8lsKzUNrIs_aem_57IOZqEkh9tXolWb9c0ZFQ HTTP/1.1" 200 26061 "https://l.facebook.com/" "Mozilla/5.0 (Linux; Android 12; V2111 Build/SP1A.210812.003; wv) AppleWebKit/537.36 (KHTML, like Gecko) Version/4.0 Chrome/138.0.7204.67 Mobile Safari/537.36"
2409:40e1:100c:ca77:8000:: - - [12/Jul/2025:17:35:51 +0530] "GET /ncriptech-landing/?utm_medium=paid&utm_source=an&utm_id=120231154959590247&utm_content=120231154962740247&utm_term=120231154959810247&utm_campaign=120231154959590247&fbclid=IwY2xjawLfLu5leHRuA2FlbQEwAGFkaWQBqyWZMri2dwEeJTsT9nKMaT8Q4YqFEyRGAn9PmYg74cFJ7AVVCjm5b_a0UDYuLMOSIRm6tqg_aem__tOucExoiHNnFegl6aYbKA HTTP/1.1" 200 26061 "https://l.facebook.com/" "Mozilla/5.0 (Linux; Android 11; vivo 1901 Build/RP1A.200720.012; wv) AppleWebKit/537.36 (KHTML, like Gecko) Version/4.0 Chrome/137.0.7151.116 Mobile Safari/537.36"
2a03:2880:21ff:9:: - - [12/Jul/2025:17:37:01 +0530] "GET /ncriptech-landing/ HTTP/1.1" 200 26061 "-" "facebookexternalhit/1.1 (+http://www.facebook.com/externalhit_uatext.php)"
2a03:2880:21ff:3:: - - [12/Jul/2025:17:37:01 +0530] "GET /ncriptech-landing/ HTTP/1.1" 200 26061 "-" "facebookexternalhit/1.1 (+http://www.facebook.com/externalhit_uatext.php)"
2a03:2880:21ff:71:: - - [12/Jul/2025:17:37:01 +0530] "GET /ncriptech-landing/ HTTP/1.1" 200 26061 "-" "facebookexternalhit/1.1 (+http://www.facebook.com/externalhit_uatext.php)"
2401:4900:72a6:56b1::421:1c4e - - [12/Jul/2025:17:38:02 +0530] "GET /ncriptech-landing/?utm_medium=paid&utm_source=an&utm_id=120231154959590247&utm_content=120231154962600247&utm_term=120231154960250247&utm_campaign=120231154959590247&fbclid=IwY2xjawLfL3FleHRuA2FlbQEwAGFkaWQBqyWZMseqlwEe87XTh9GUSbup6H23Wbb92-4SY5M9IMM_kf7_t2sGOhZi2eRquQAnXeVxsEY_aem_xrFtYVcoiT8xD3Zg_IqaAQ HTTP/1.1" 200 26061 "https://l.facebook.com/" "Mozilla/5.0 (Linux; Android 11; RMX3231 Build/RP1A.201005.001; wv) AppleWebKit/537.36 (KHTML, like Gecko) Version/4.0 Chrome/137.0.7151.117 Mobile Safari/537.36"
2401:4900:72a6:56b1::421:1c4e - - [12/Jul/2025:17:38:56 +0530] "GET /ncriptech-landing/?utm_medium=paid&utm_source=an&utm_id=120231154959590247&utm_content=120231154962600247&utm_term=120231154960250247&utm_campaign=120231154959590247&fbclid=IwY2xjawLfL6hleHRuA2FlbQEwAGFkaWQBqyWZMseqlwEe5QZMawHVKce5Ep0jlRFRbbyl72Pk7MnIxXn3uPWrO4cbCqs7jqzFqp_S7gs_aem_anmUChDCaV_dE8Mv9sI9XQ HTTP/1.1" 200 26061 "https://l.facebook.com/" "Mozilla/5.0 (Linux; Android 11; RMX3231 Build/RP1A.201005.001; wv) AppleWebKit/537.36 (KHTML, like Gecko) Version/4.0 Chrome/137.0.7151.117 Mobile Safari/537.36"
2402:3a80:1cd6:482a:778:5634:1232:5476 - - [12/Jul/2025:17:38:56 +0530] "GET /ncriptech-landing/?utm_medium=paid&utm_source=an&utm_id=120231154959590247&utm_content=120231154962600247&utm_term=120231154960250247&utm_campaign=120231154959590247&fbclid=IwY2xjawLfL6dleHRuA2FlbQEwAGFkaWQBqyWZMseqlwEenSS92PfaLozgpEttYrrM5-S7kmYN3ifQDR8HnI6p7HTNdD1wFAB4z75SilA_aem_ZIMyN1JG1w64uMNvIxkG4A HTTP/1.1" 200 26061 "https://l.facebook.com/" "Mozilla/5.0 (Linux; Android 10; CPH2179 Build/QP1A.190711.020; wv) AppleWebKit/537.36 (KHTML, like Gecko) Version/4.0 Chrome/137.0.7151.115 Mobile Safari/537.36"
2402:3a80:1cd6:482a:778:5634:1232:5476 - - [12/Jul/2025:17:39:09 +0530] "GET /ncriptech-landing/?utm_medium=paid&utm_source=an&utm_id=120231154959590247&utm_content=120231154962600247&utm_term=120231154960250247&utm_campaign=120231154959590247&fbclid=IwY2xjawLfL7VleHRuA2FlbQEwAGFkaWQBqyWZMseqlwEenSS92PfaLozgpEttYrrM5-S7kmYN3ifQDR8HnI6p7HTNdD1wFAB4z75SilA_aem_ZIMyN1JG1w64uMNvIxkG4A HTTP/1.1" 200 26061 "https://l.facebook.com/" "Mozilla/5.0 (Linux; Android 10; CPH2179 Build/QP1A.190711.020; wv) AppleWebKit/537.36 (KHTML, like Gecko) Version/4.0 Chrome/137.0.7151.115 Mobile Safari/537.36"
206.74.214.22 - - [12/Jul/2025:17:39:39 +0530] "GET /frontend/assets/img/pages/services/custom-software-development/design.webp HTTP/1.1" 301 795 "-" "Mozilla/5.0 (Macintosh; Intel Mac OS X 10_15_7) AppleWebKit/537.36 (KHTML, like Gecko) Chrome/130.0.0.0 Safari/537.36"
74.206.84.195 - - [12/Jul/2025:17:39:44 +0530] "GET /frontend/assets/img/pages/services/custom-software-development/design.webp HTTP/1.1" 304 0 "https://ncriptech.com/frontend/assets/img/pages/services/custom-software-development/design.webp" "Mozilla/5.0 (Macintosh; Intel Mac OS X 10_15_7) AppleWebKit/537.36 (KHTML, like Gecko) Chrome/130.0.0.0 Safari/537.36"
54.36.148.93 - - [12/Jul/2025:17:43:24 +0530] "GET /ios-application-services HTTP/1.1" 304 0 "-" "Mozilla/5.0 (compatible; AhrefsBot/7.0; +http://ahrefs.com/robot/)"
2a01:4f8:212:1ac2::2 - - [12/Jul/2025:17:45:05 +0530] "GET /android-application-services HTTP/1.1" 200 16243 "-" "DomainStatsBot/1.0 (https://domainstats.com/pages/our-bot)"
2a01:4f8:212:1ac2::2 - - [12/Jul/2025:17:49:12 +0530] "GET /magento-services HTTP/1.1" 200 14697 "-" "DomainStatsBot/1.0 (https://domainstats.com/pages/our-bot)"
136.243.222.140 - - [12/Jul/2025:17:49:58 +0530] "GET /custom-software-development HTTP/1.1" 200 13151 "-" "DomainStatsBot/1.0 (https://domainstats.com/pages/our-bot)"
2a01:4f8:212:1ac2::2 - - [12/Jul/2025:17:51:11 +0530] "GET /facebook-marketing-services HTTP/1.1" 200 15368 "-" "DomainStatsBot/1.0 (https://domainstats.com/pages/our-bot)"
2a01:4f8:212:1ac2::2 - - [12/Jul/2025:17:51:27 +0530] "GET /news HTTP/1.1" 200 15048 "-" "DomainStatsBot/1.0 (https://domainstats.com/pages/our-bot)"
2a01:4f8:212:1ac2::2 - - [12/Jul/2025:17:52:24 +0530] "GET /ios-application-services HTTP/1.1" 200 15001 "-" "DomainStatsBot/1.0 (https://domainstats.com/pages/our-bot)"
2a01:4f8:212:1ac2::2 - - [12/Jul/2025:17:53:18 +0530] "GET /success_stories HTTP/1.1" 200 14747 "-" "DomainStatsBot/1.0 (https://domainstats.com/pages/our-bot)"
136.243.222.140 - - [12/Jul/2025:17:53:28 +0530] "GET /terms-and-conditions HTTP/1.1" 200 11707 "-" "DomainStatsBot/1.0 (https://domainstats.com/pages/our-bot)"
2a01:4f8:212:1ac2::2 - - [12/Jul/2025:17:53:39 +0530] "GET /want-to-buy-a-new-school-management-system HTTP/1.1" 200 10977 "-" "DomainStatsBot/1.0 (https://domainstats.com/pages/our-bot)"
54.36.148.16 - - [12/Jul/2025:17:55:01 +0530] "GET /disclaimer HTTP/1.1" 304 0 "-" "Mozilla/5.0 (compatible; AhrefsBot/7.0; +http://ahrefs.com/robot/)"
2a01:4f8:212:1ac2::2 - - [12/Jul/2025:17:56:10 +0530] "GET /opencart-services HTTP/1.1" 200 13992 "-" "DomainStatsBot/1.0 (https://domainstats.com/pages/our-bot)"
136.243.222.140 - - [12/Jul/2025:17:56:19 +0530] "GET /keywords HTTP/1.1" 200 12970 "-" "DomainStatsBot/1.0 (https://domainstats.com/pages/our-bot)"
136.243.222.140 - - [12/Jul/2025:17:57:44 +0530] "GET /sims HTTP/1.1" 200 13239 "-" "DomainStatsBot/1.0 (https://domainstats.com/pages/our-bot)"
2a01:4f8:212:1ac2::2 - - [12/Jul/2025:17:59:58 +0530] "GET /about HTTP/1.1" 200 18871 "-" "DomainStatsBot/1.0 (https://domainstats.com/pages/our-bot)"
136.243.222.140 - - [12/Jul/2025:18:00:12 +0530] "GET /impulse HTTP/1.1" 200 13285 "-" "DomainStatsBot/1.0 (https://domainstats.com/pages/our-bot)"
2a03:2880:31ff:72:: - - [12/Jul/2025:18:00:34 +0530] "GET / HTTP/1.1" 301 795 "-" "facebookexternalhit/1.1 (+http://www.facebook.com/externalhit_uatext.php)"
2a03:2880:31ff:9:: - - [12/Jul/2025:18:00:35 +0530] "GET / HTTP/1.1" 200 18348 "-" "facebookexternalhit/1.1 (+http://www.facebook.com/externalhit_uatext.php)"
136.243.222.140 - - [12/Jul/2025:18:02:22 +0530] "GET /custom-website-services HTTP/1.1" 200 14714 "-" "DomainStatsBot/1.0 (https://domainstats.com/pages/our-bot)"
2a01:4f8:212:1ac2::2 - - [12/Jul/2025:18:05:23 +0530] "GET /disclaimer HTTP/1.1" 200 11181 "-" "DomainStatsBot/1.0 (https://domainstats.com/pages/our-bot)"
54.36.148.52 - - [12/Jul/2025:18:06:06 +0530] "GET /mobidev HTTP/1.1" 304 0 "-" "Mozilla/5.0 (compatible; AhrefsBot/7.0; +http://ahrefs.com/robot/)"
136.243.222.140 - - [12/Jul/2025:18:07:19 +0530] "GET /blog HTTP/1.1" 404 1251 "-" "DomainStatsBot/1.0 (https://domainstats.com/pages/our-bot)"
2a01:4f8:212:1ac2::2 - - [12/Jul/2025:18:07:21 +0530] "GET /legal HTTP/1.1" 200 11898 "-" "DomainStatsBot/1.0 (https://domainstats.com/pages/our-bot)"
80.85.246.144 - - [12/Jul/2025:18:08:26 +0530] "GET / HTTP/1.1" 301 795 "-" "Mozilla/5.0 (Macintosh; Intel Mac OS X 10_15_7) AppleWebKit/537.36 (KHTML, like Gecko) Chrome/133.0.0.0 Safari/537.36"
80.85.246.144 - - [12/Jul/2025:18:08:27 +0530] "GET / HTTP/1.1" 200 18348 "https://NCRIPTECH.COM" "Mozilla/5.0 (Macintosh; Intel Mac OS X 10_15_7) AppleWebKit/537.36 (KHTML, like Gecko) Chrome/133.0.0.0 Safari/537.36"
102.164.30.43 - - [12/Jul/2025:18:08:28 +0530] "POST /send_email.php HTTP/1.1" 301 795 "-" "Mozilla/5.0 (Macintosh; Intel Mac OS X 10_15_7) AppleWebKit/537.36 (KHTML, like Gecko) Chrome/133.0.0.0 Safari/537.36"
102.164.30.43 - - [12/Jul/2025:18:08:29 +0530] "GET /send_email.php HTTP/1.1" 200 9 "https://NCRIPTECH.COM/send_email.php" "Mozilla/5.0 (Macintosh; Intel Mac OS X 10_15_7) AppleWebKit/537.36 (KHTML, like Gecko) Chrome/133.0.0.0 Safari/537.36"
102.164.30.43 - - [12/Jul/2025:18:08:31 +0530] "POST /send_email.php HTTP/1.1" 301 795 "-" "Mozilla/5.0 (Windows NT 10.0; Win64; x64) AppleWebKit/537.36 (KHTML, like Gecko) Chrome/120.0.0.0 Safari/537.36"
102.164.30.43 - - [12/Jul/2025:18:08:32 +0530] "GET /send_email.php HTTP/1.1" 200 9 "https://NCRIPTECH.COM/send_email.php" "Mozilla/5.0 (Windows NT 10.0; Win64; x64) AppleWebKit/537.36 (KHTML, like Gecko) Chrome/120.0.0.0 Safari/537.36"
80.85.246.144 - - [12/Jul/2025:18:08:32 +0530] "GET /contact HTTP/1.1" 200 16480 "-" "Mozilla/5.0 (Macintosh; Intel Mac OS X 10_15_7) AppleWebKit/537.36 (KHTML, like Gecko) Chrome/133.0.0.0 Safari/537.36"
102.164.30.43 - - [12/Jul/2025:18:08:34 +0530] "POST /send_email_contact_form.php HTTP/1.1" 301 795 "-" "Mozilla/5.0 (Macintosh; Intel Mac OS X 10_15_7) AppleWebKit/537.36 (KHTML, like Gecko) Chrome/133.0.0.0 Safari/537.36"
102.164.30.43 - - [12/Jul/2025:18:08:35 +0530] "GET /send_email_contact_form.php HTTP/1.1" 200 23 "https://NCRIPTECH.COM/send_email_contact_form.php" "Mozilla/5.0 (Macintosh; Intel Mac OS X 10_15_7) AppleWebKit/537.36 (KHTML, like Gecko) Chrome/133.0.0.0 Safari/537.36"
102.164.30.43 - - [12/Jul/2025:18:08:36 +0530] "POST /send_email_contact_form.php HTTP/1.1" 301 795 "-" "Mozilla/5.0 (Windows NT 10.0; Win64; x64) AppleWebKit/537.36 (KHTML, like Gecko) Chrome/120.0.0.0 Safari/537.36"
102.164.30.43 - - [12/Jul/2025:18:08:37 +0530] "GET /send_email_contact_form.php HTTP/1.1" 200 23 "https://NCRIPTECH.COM/send_email_contact_form.php" "Mozilla/5.0 (Windows NT 10.0; Win64; x64) AppleWebKit/537.36 (KHTML, like Gecko) Chrome/120.0.0.0 Safari/537.36"
102.164.30.43 - - [12/Jul/2025:18:08:38 +0530] "POST /send_email.php HTTP/1.1" 301 795 "-" "Mozilla/5.0 (Macintosh; Intel Mac OS X 10_15_7) AppleWebKit/537.36 (KHTML, like Gecko) Chrome/133.0.0.0 Safari/537.36"
102.164.30.43 - - [12/Jul/2025:18:08:39 +0530] "GET /send_email.php HTTP/1.1" 200 9 "https://NCRIPTECH.COM/send_email.php" "Mozilla/5.0 (Macintosh; Intel Mac OS X 10_15_7) AppleWebKit/537.36 (KHTML, like Gecko) Chrome/133.0.0.0 Safari/537.36"
102.164.30.43 - - [12/Jul/2025:18:08:40 +0530] "POST /send_email.php HTTP/1.1" 301 795 "-" "Mozilla/5.0 (Windows NT 10.0; Win64; x64) AppleWebKit/537.36 (KHTML, like Gecko) Chrome/120.0.0.0 Safari/537.36"
102.164.30.43 - - [12/Jul/2025:18:08:42 +0530] "GET /send_email.php HTTP/1.1" 200 9 "https://NCRIPTECH.COM/send_email.php" "Mozilla/5.0 (Windows NT 10.0; Win64; x64) AppleWebKit/537.36 (KHTML, like Gecko) Chrome/120.0.0.0 Safari/537.36"
102.164.30.43 - - [12/Jul/2025:18:08:43 +0530] "POST /contact HTTP/1.1" 200 16480 "-" "Mozilla/5.0 (Macintosh; Intel Mac OS X 10_15_7) AppleWebKit/537.36 (KHTML, like Gecko) Chrome/133.0.0.0 Safari/537.36"
102.164.30.43 - - [12/Jul/2025:18:08:45 +0530] "POST /contact HTTP/1.1" 200 16480 "-" "Mozilla/5.0 (Windows NT 10.0; Win64; x64) AppleWebKit/537.36 (KHTML, like Gecko) Chrome/120.0.0.0 Safari/537.36"
80.85.246.144 - - [12/Jul/2025:18:08:46 +0530] "GET /news HTTP/1.1" 200 15048 "-" "Mozilla/5.0 (Macintosh; Intel Mac OS X 10_15_7) AppleWebKit/537.36 (KHTML, like Gecko) Chrome/133.0.0.0 Safari/537.36"
102.164.30.43 - - [12/Jul/2025:18:08:46 +0530] "POST /news HTTP/1.1" 200 15048 "-" "Mozilla/5.0 (Macintosh; Intel Mac OS X 10_15_7) AppleWebKit/537.36 (KHTML, like Gecko) Chrome/133.0.0.0 Safari/537.36"
102.164.30.43 - - [12/Jul/2025:18:08:48 +0530] "POST /news HTTP/1.1" 200 15048 "-" "Mozilla/5.0 (Windows NT 10.0; Win64; x64) AppleWebKit/537.36 (KHTML, like Gecko) Chrome/120.0.0.0 Safari/537.36"
80.85.246.144 - - [12/Jul/2025:18:08:49 +0530] "GET /4-considerations-to-choose-a-firm-for-dynamic-web-design-services HTTP/1.1" 200 10671 "-" "Mozilla/5.0 (Macintosh; Intel Mac OS X 10_15_7) AppleWebKit/537.36 (KHTML, like Gecko) Chrome/133.0.0.0 Safari/537.36"
102.164.30.43 - - [12/Jul/2025:18:08:50 +0530] "POST /4-considerations-to-choose-a-firm-for-dynamic-web-design-services HTTP/1.1" 200 10671 "-" "Mozilla/5.0 (Macintosh; Intel Mac OS X 10_15_7) AppleWebKit/537.36 (KHTML, like Gecko) Chrome/133.0.0.0 Safari/537.36"
102.164.30.43 - - [12/Jul/2025:18:08:51 +0530] "POST /4-considerations-to-choose-a-firm-for-dynamic-web-design-services HTTP/1.1" 200 10671 "-" "Mozilla/5.0 (Windows NT 10.0; Win64; x64) AppleWebKit/537.36 (KHTML, like Gecko) Chrome/120.0.0.0 Safari/537.36"
80.85.246.144 - - [12/Jul/2025:18:08:52 +0530] "GET /remarkable_strength_of_a_firm_for_dynamic_website_design HTTP/1.1" 200 10692 "-" "Mozilla/5.0 (Macintosh; Intel Mac OS X 10_15_7) AppleWebKit/537.36 (KHTML, like Gecko) Chrome/133.0.0.0 Safari/537.36"
102.164.30.43 - - [12/Jul/2025:18:08:53 +0530] "POST /remarkable_strength_of_a_firm_for_dynamic_website_design HTTP/1.1" 200 10692 "-" "Mozilla/5.0 (Macintosh; Intel Mac OS X 10_15_7) AppleWebKit/537.36 (KHTML, like Gecko) Chrome/133.0.0.0 Safari/537.36"
102.164.30.43 - - [12/Jul/2025:18:08:54 +0530] "POST /remarkable_strength_of_a_firm_for_dynamic_website_design HTTP/1.1" 200 10692 "-" "Mozilla/5.0 (Windows NT 10.0; Win64; x64) AppleWebKit/537.36 (KHTML, like Gecko) Chrome/120.0.0.0 Safari/537.36"
80.85.246.144 - - [12/Jul/2025:18:08:55 +0530] "GET /blog HTTP/1.1" 301 795 "-" "Mozilla/5.0 (Macintosh; Intel Mac OS X 10_15_7) AppleWebKit/537.36 (KHTML, like Gecko) Chrome/133.0.0.0 Safari/537.36"
80.85.246.144 - - [12/Jul/2025:18:08:55 +0530] "GET /blog HTTP/1.1" 404 1251 "https://NCRIPTECH.COM/blog" "Mozilla/5.0 (Macintosh; Intel Mac OS X 10_15_7) AppleWebKit/537.36 (KHTML, like Gecko) Chrome/133.0.0.0 Safari/537.36"
80.85.246.144 - - [12/Jul/2025:18:08:55 +0530] "GET /want-to-buy-a-new-school-management-system HTTP/1.1" 200 10977 "-" "Mozilla/5.0 (Macintosh; Intel Mac OS X 10_15_7) AppleWebKit/537.36 (KHTML, like Gecko) Chrome/133.0.0.0 Safari/537.36"
102.164.30.43 - - [12/Jul/2025:18:08:56 +0530] "POST /want-to-buy-a-new-school-management-system HTTP/1.1" 200 10977 "-" "Mozilla/5.0 (Macintosh; Intel Mac OS X 10_15_7) AppleWebKit/537.36 (KHTML, like Gecko) Chrome/133.0.0.0 Safari/537.36"
102.164.30.43 - - [12/Jul/2025:18:08:57 +0530] "POST /want-to-buy-a-new-school-management-system HTTP/1.1" 200 10977 "-" "Mozilla/5.0 (Windows NT 10.0; Win64; x64) AppleWebKit/537.36 (KHTML, like Gecko) Chrome/120.0.0.0 Safari/537.36"
2a01:4f8:212:1ac2::2 - - [12/Jul/2025:18:10:24 +0530] "GET /smo-services HTTP/1.1" 200 14174 "-" "DomainStatsBot/1.0 (https://domainstats.com/pages/our-bot)"
107.22.208.39 - - [12/Jul/2025:18:11:15 +0530] "GET /android-application-services HTTP/1.1" 200 16243 "-" "Mozilla/5.0 AppleWebKit/537.36 (KHTML, like Gecko; compatible; Amazonbot/0.1; +https://developer.amazon.com/support/amazonbot) Chrome/119.0.6045.214 Safari/537.36"
52.3.155.146 - - [12/Jul/2025:18:11:19 +0530] "GET /gitanjali_success_stories HTTP/1.1" 200 12640 "-" "Mozilla/5.0 AppleWebKit/537.36 (KHTML, like Gecko; compatible; Amazonbot/0.1; +https://developer.amazon.com/support/amazonbot) Chrome/119.0.6045.214 Safari/537.36"
44.205.74.196 - - [12/Jul/2025:18:11:23 +0530] "GET /seo-services HTTP/1.1" 200 14670 "-" "Mozilla/5.0 AppleWebKit/537.36 (KHTML, like Gecko; compatible; Amazonbot/0.1; +https://developer.amazon.com/support/amazonbot) Chrome/119.0.6045.214 Safari/537.36"
54.159.98.248 - - [12/Jul/2025:18:11:27 +0530] "GET /interface HTTP/1.1" 200 14693 "-" "Mozilla/5.0 AppleWebKit/537.36 (KHTML, like Gecko; compatible; Amazonbot/0.1; +https://developer.amazon.com/support/amazonbot) Chrome/119.0.6045.214 Safari/537.36"
136.243.222.140 - - [12/Jul/2025:18:11:41 +0530] "GET /ehm HTTP/1.1" 200 13069 "-" "DomainStatsBot/1.0 (https://domainstats.com/pages/our-bot)"
2a01:4f8:212:1ac2::2 - - [12/Jul/2025:18:11:45 +0530] "GET /interface HTTP/1.1" 200 14693 "-" "DomainStatsBot/1.0 (https://domainstats.com/pages/our-bot)"
54.36.149.73 - - [12/Jul/2025:18:15:13 +0530] "GET /about HTTP/1.1" 304 0 "-" "Mozilla/5.0 (compatible; AhrefsBot/7.0; +http://ahrefs.com/robot/)"
52.167.144.164 - - [12/Jul/2025:18:15:34 +0530] "GET /?s=%E3%83%96%E3%83%AB%E3%83%BC%E3%83%AC%E3%82%A4%E3%83%AC%E3%82%B3%E3%83%BC%E3%83%80%E3%83%BC%20Panasonic%20DIGA%20DMR-BR580%20%E5%8B%95%E4%BD%9C%E8%89%AF%E5%93%81Wx-512b23.html HTTP/1.1" 301 795 "-" "Mozilla/5.0 AppleWebKit/537.36 (KHTML, like Gecko; compatible; bingbot/2.0; +http://www.bing.com/bingbot.htm) Chrome/116.0.1938.76 Safari/537.36"
2a03:2880:27ff:5:: - - [12/Jul/2025:18:16:49 +0530] "GET /ncriptech-landing/ HTTP/1.1" 200 26061 "-" "facebookexternalhit/1.1 (+http://www.facebook.com/externalhit_uatext.php)"
2a03:2880:27ff:2:: - - [12/Jul/2025:18:17:06 +0530] "GET /contact HTTP/1.1" 200 16480 "-" "facebookexternalhit/1.1 (+http://www.facebook.com/externalhit_uatext.php)"
136.243.222.140 - - [12/Jul/2025:18:17:45 +0530] "GET /success-stories HTTP/1.1" 404 1251 "-" "DomainStatsBot/1.0 (https://domainstats.com/pages/our-bot)"
2a01:4f8:212:1ac2::2 - - [12/Jul/2025:18:20:27 +0530] "GET /uiux-services HTTP/1.1" 200 14391 "-" "DomainStatsBot/1.0 (https://domainstats.com/pages/our-bot)"
136.243.222.140 - - [12/Jul/2025:18:21:18 +0530] "GET /ncriptech-landing/ HTTP/1.1" 200 26061 "-" "DomainStatsBot/1.0 (https://domainstats.com/pages/our-bot)"
136.243.222.140 - - [12/Jul/2025:18:22:29 +0530] "GET /digital-marketing HTTP/1.1" 200 17474 "-" "DomainStatsBot/1.0 (https://domainstats.com/pages/our-bot)"
136.243.222.140 - - [12/Jul/2025:18:24:29 +0530] "GET /codeigniter-services HTTP/1.1" 200 15113 "-" "DomainStatsBot/1.0 (https://domainstats.com/pages/our-bot)"
114.119.129.205 - - [12/Jul/2025:18:25:14 +0530] "GET /sajafinfx_success_stories HTTP/1.1" 200 11028 "https://ncriptech.com/success_stories" "Mozilla/5.0 (Linux; Android 7.0;) AppleWebKit/537.36 (KHTML, like Gecko) Mobile Safari/537.36 (compatible; PetalBot;+https://webmaster.petalsearch.com/site/petalbot)"
54.36.148.240 - - [12/Jul/2025:18:25:37 +0530] "GET /privacy_policy HTTP/1.1" 304 0 "-" "Mozilla/5.0 (compatible; AhrefsBot/7.0; +http://ahrefs.com/robot/)"
136.243.222.140 - - [12/Jul/2025:18:25:38 +0530] "GET /services HTTP/1.1" 200 19825 "-" "DomainStatsBot/1.0 (https://domainstats.com/pages/our-bot)"
2a01:4f8:212:1ac2::2 - - [12/Jul/2025:18:26:20 +0530] "GET /pixelplus HTTP/1.1" 200 13172 "-" "DomainStatsBot/1.0 (https://domainstats.com/pages/our-bot)"
136.243.222.140 - - [12/Jul/2025:18:29:32 +0530] "GET /ecommerce-marketing-services HTTP/1.1" 200 14585 "-" "DomainStatsBot/1.0 (https://domainstats.com/pages/our-bot)"
2a02:598:128:8a00::b00:2 - - [12/Jul/2025:18:29:51 +0530] "GET /robots.txt HTTP/1.1" 304 0 "-" "Mozilla/5.0 (compatible; SeznamBot/4.0; +https://o-seznam.cz/napoveda/vyhledavani/en/seznambot-crawler/)"
2a02:598:128:8a00::b00:2 - - [12/Jul/2025:18:29:51 +0530] "GET /keywords HTTP/1.1" 200 12970 "-" "Mozilla/5.0 (compatible; SeznamBot/4.0; +https://o-seznam.cz/napoveda/vyhledavani/en/seznambot-crawler/)"
223.185.33.121 - - [12/Jul/2025:18:29:54 +0530] "GET /ncriptech-landing/?utm_medium=paid&utm_source=an&utm_id=120231154959590247&utm_content=120231154962600247&utm_term=120231154960250247&utm_campaign=120231154959590247&fbclid=IwY2xjawLfO5lleHRuA2FlbQEwAGFkaWQBqyWZMseqlwEepUAMvZIgs_MO1M8OTEUg6A4Ur5xNamf3TOI6BGTukt9uIRJURMQXwh9D1Z8_aem_VGFeSdpCUvVZm2rpSvSHcA HTTP/1.1" 200 26061 "https://l.facebook.com/" "Mozilla/5.0 (Linux; Android 15; CPH2467 Build/UKQ1.230924.001; wv) AppleWebKit/537.36 (KHTML, like Gecko) Version/4.0 Chrome/137.0.7151.115 Mobile Safari/537.36"
223.185.33.121 - - [12/Jul/2025:18:29:55 +0530] "GET /ncriptech-landing/frontend/assets/js/jquery-3.5.1.min.js HTTP/1.1" 304 0 "https://www.ncriptech.com/ncriptech-landing/?utm_medium=paid&utm_source=an&utm_id=120231154959590247&utm_content=120231154962600247&utm_term=120231154960250247&utm_campaign=120231154959590247&fbclid=IwY2xjawLfO5lleHRuA2FlbQEwAGFkaWQBqyWZMseqlwEepUAMvZIgs_MO1M8OTEUg6A4Ur5xNamf3TOI6BGTukt9uIRJURMQXwh9D1Z8_aem_VGFeSdpCUvVZm2rpSvSHcA" "Mozilla/5.0 (Linux; Android 15; CPH2467 Build/UKQ1.230924.001; wv) AppleWebKit/537.36 (KHTML, like Gecko) Version/4.0 Chrome/137.0.7151.115 Mobile Safari/537.36"
223.185.33.121 - - [12/Jul/2025:18:29:55 +0530] "GET /ncriptech-landing/frontend/assets/img/2025_v1/sap/practiceMenuHero1.webp HTTP/1.1" 200 36964 "https://www.ncriptech.com/ncriptech-landing/?utm_medium=paid&utm_source=an&utm_id=120231154959590247&utm_content=120231154962600247&utm_term=120231154960250247&utm_campaign=120231154959590247&fbclid=IwY2xjawLfO5lleHRuA2FlbQEwAGFkaWQBqyWZMseqlwEepUAMvZIgs_MO1M8OTEUg6A4Ur5xNamf3TOI6BGTukt9uIRJURMQXwh9D1Z8_aem_VGFeSdpCUvVZm2rpSvSHcA" "Mozilla/5.0 (Linux; Android 15; CPH2467 Build/UKQ1.230924.001; wv) AppleWebKit/537.36 (KHTML, like Gecko) Version/4.0 Chrome/137.0.7151.115 Mobile Safari/537.36"
223.185.33.121 - - [12/Jul/2025:18:29:55 +0530] "GET /ncriptech-landing/frontend/assets/img/2025_v1/sap/practiceMenuHero2.webp?v=3.0.0 HTTP/1.1" 200 24654 "https://www.ncriptech.com/ncriptech-landing/?utm_medium=paid&utm_source=an&utm_id=120231154959590247&utm_content=120231154962600247&utm_term=120231154960250247&utm_campaign=120231154959590247&fbclid=IwY2xjawLfO5lleHRuA2FlbQEwAGFkaWQBqyWZMseqlwEepUAMvZIgs_MO1M8OTEUg6A4Ur5xNamf3TOI6BGTukt9uIRJURMQXwh9D1Z8_aem_VGFeSdpCUvVZm2rpSvSHcA" "Mozilla/5.0 (Linux; Android 15; CPH2467 Build/UKQ1.230924.001; wv) AppleWebKit/537.36 (KHTML, like Gecko) Version/4.0 Chrome/137.0.7151.115 Mobile Safari/537.36"
223.185.33.121 - - [12/Jul/2025:18:29:55 +0530] "GET /ncriptech-landing/frontend/assets/js/scripts.js?v=3.0.0 HTTP/1.1" 304 0 "https://www.ncriptech.com/ncriptech-landing/?utm_medium=paid&utm_source=an&utm_id=120231154959590247&utm_content=120231154962600247&utm_term=120231154960250247&utm_campaign=120231154959590247&fbclid=IwY2xjawLfO5lleHRuA2FlbQEwAGFkaWQBqyWZMseqlwEepUAMvZIgs_MO1M8OTEUg6A4Ur5xNamf3TOI6BGTukt9uIRJURMQXwh9D1Z8_aem_VGFeSdpCUvVZm2rpSvSHcA" "Mozilla/5.0 (Linux; Android 15; CPH2467 Build/UKQ1.230924.001; wv) AppleWebKit/537.36 (KHTML, like Gecko) Version/4.0 Chrome/137.0.7151.115 Mobile Safari/537.36"
223.185.33.121 - - [12/Jul/2025:18:29:55 +0530] "GET /ncriptech-landing/frontend/assets/js/gsap/DrawSVGPlugin.min.js?v=3.0.0 HTTP/1.1" 304 0 "https://www.ncriptech.com/ncriptech-landing/?utm_medium=paid&utm_source=an&utm_id=120231154959590247&utm_content=120231154962600247&utm_term=120231154960250247&utm_campaign=120231154959590247&fbclid=IwY2xjawLfO5lleHRuA2FlbQEwAGFkaWQBqyWZMseqlwEepUAMvZIgs_MO1M8OTEUg6A4Ur5xNamf3TOI6BGTukt9uIRJURMQXwh9D1Z8_aem_VGFeSdpCUvVZm2rpSvSHcA" "Mozilla/5.0 (Linux; Android 15; CPH2467 Build/UKQ1.230924.001; wv) AppleWebKit/537.36 (KHTML, like Gecko) Version/4.0 Chrome/137.0.7151.115 Mobile Safari/537.36"
223.185.33.121 - - [12/Jul/2025:18:29:56 +0530] "GET /ncriptech-landing/frontend/assets/js/gsap/SplitText.min.js?v=3.0.0 HTTP/1.1" 304 0 "https://www.ncriptech.com/ncriptech-landing/?utm_medium=paid&utm_source=an&utm_id=120231154959590247&utm_content=120231154962600247&utm_term=120231154960250247&utm_campaign=120231154959590247&fbclid=IwY2xjawLfO5lleHRuA2FlbQEwAGFkaWQBqyWZMseqlwEepUAMvZIgs_MO1M8OTEUg6A4Ur5xNamf3TOI6BGTukt9uIRJURMQXwh9D1Z8_aem_VGFeSdpCUvVZm2rpSvSHcA" "Mozilla/5.0 (Linux; Android 15; CPH2467 Build/UKQ1.230924.001; wv) AppleWebKit/537.36 (KHTML, like Gecko) Version/4.0 Chrome/137.0.7151.115 Mobile Safari/537.36"
223.185.33.121 - - [12/Jul/2025:18:29:56 +0530] "GET /ncriptech-landing/frontend/assets/js/gsap/Draggable.min.js?v=3.0.0 HTTP/1.1" 304 0 "https://www.ncriptech.com/ncriptech-landing/?utm_medium=paid&utm_source=an&utm_id=120231154959590247&utm_content=120231154962600247&utm_term=120231154960250247&utm_campaign=120231154959590247&fbclid=IwY2xjawLfO5lleHRuA2FlbQEwAGFkaWQBqyWZMseqlwEepUAMvZIgs_MO1M8OTEUg6A4Ur5xNamf3TOI6BGTukt9uIRJURMQXwh9D1Z8_aem_VGFeSdpCUvVZm2rpSvSHcA" "Mozilla/5.0 (Linux; Android 15; CPH2467 Build/UKQ1.230924.001; wv) AppleWebKit/537.36 (KHTML, like Gecko) Version/4.0 Chrome/137.0.7151.115 Mobile Safari/537.36"
223.185.33.121 - - [12/Jul/2025:18:29:56 +0530] "GET /ncriptech-landing/frontend/assets/js/ScrollSmoother.min.js?v=3.0.0 HTTP/1.1" 304 0 "https://www.ncriptech.com/ncriptech-landing/?utm_medium=paid&utm_source=an&utm_id=120231154959590247&utm_content=120231154962600247&utm_term=120231154960250247&utm_campaign=120231154959590247&fbclid=IwY2xjawLfO5lleHRuA2FlbQEwAGFkaWQBqyWZMseqlwEepUAMvZIgs_MO1M8OTEUg6A4Ur5xNamf3TOI6BGTukt9uIRJURMQXwh9D1Z8_aem_VGFeSdpCUvVZm2rpSvSHcA" "Mozilla/5.0 (Linux; Android 15; CPH2467 Build/UKQ1.230924.001; wv) AppleWebKit/537.36 (KHTML, like Gecko) Version/4.0 Chrome/137.0.7151.115 Mobile Safari/537.36"
223.185.33.121 - - [12/Jul/2025:18:29:56 +0530] "GET /ncriptech-landing/frontend/assets/js/offerings-anim.js?v=3.0.0 HTTP/1.1" 304 0 "https://www.ncriptech.com/ncriptech-landing/?utm_medium=paid&utm_source=an&utm_id=120231154959590247&utm_content=120231154962600247&utm_term=120231154960250247&utm_campaign=120231154959590247&fbclid=IwY2xjawLfO5lleHRuA2FlbQEwAGFkaWQBqyWZMseqlwEepUAMvZIgs_MO1M8OTEUg6A4Ur5xNamf3TOI6BGTukt9uIRJURMQXwh9D1Z8_aem_VGFeSdpCUvVZm2rpSvSHcA" "Mozilla/5.0 (Linux; Android 15; CPH2467 Build/UKQ1.230924.001; wv) AppleWebKit/537.36 (KHTML, like Gecko) Version/4.0 Chrome/137.0.7151.115 Mobile Safari/537.36"
223.185.33.121 - - [12/Jul/2025:18:29:56 +0530] "GET /ncriptech-landing/frontend/assets/js/contact.js?v=3.0.0 HTTP/1.1" 304 0 "https://www.ncriptech.com/ncriptech-landing/?utm_medium=paid&utm_source=an&utm_id=120231154959590247&utm_content=120231154962600247&utm_term=120231154960250247&utm_campaign=120231154959590247&fbclid=IwY2xjawLfO5lleHRuA2FlbQEwAGFkaWQBqyWZMseqlwEepUAMvZIgs_MO1M8OTEUg6A4Ur5xNamf3TOI6BGTukt9uIRJURMQXwh9D1Z8_aem_VGFeSdpCUvVZm2rpSvSHcA" "Mozilla/5.0 (Linux; Android 15; CPH2467 Build/UKQ1.230924.001; wv) AppleWebKit/537.36 (KHTML, like Gecko) Version/4.0 Chrome/137.0.7151.115 Mobile Safari/537.36"
2a01:4f8:212:1ac2::2 - - [12/Jul/2025:18:33:37 +0530] "GET /web-application-services HTTP/1.1" 200 15100 "-" "DomainStatsBot/1.0 (https://domainstats.com/pages/our-bot)"
54.36.148.73 - - [12/Jul/2025:18:35:12 +0530] "GET /sims HTTP/1.1" 304 0 "-" "Mozilla/5.0 (compatible; AhrefsBot/7.0; +http://ahrefs.com/robot/)"
136.243.222.140 - - [12/Jul/2025:18:35:31 +0530] "GET /life-at-ncriptech HTTP/1.1" 404 1251 "-" "DomainStatsBot/1.0 (https://domainstats.com/pages/our-bot)"
2a01:4f8:212:1ac2::2 - - [12/Jul/2025:18:36:42 +0530] "GET /mobile-application-development HTTP/1.1" 200 16690 "-" "DomainStatsBot/1.0 (https://domainstats.com/pages/our-bot)"
136.243.222.140 - - [12/Jul/2025:18:37:47 +0530] "GET /privacy_policy HTTP/1.1" 200 11971 "-" "DomainStatsBot/1.0 (https://domainstats.com/pages/our-bot)"
136.243.222.140 - - [12/Jul/2025:18:39:33 +0530] "GET /website-development HTTP/1.1" 200 14418 "-" "DomainStatsBot/1.0 (https://domainstats.com/pages/our-bot)"
2409:40c1:1b:36e2:8000:: - - [12/Jul/2025:18:41:03 +0530] "GET /ncriptech-landing/?utm_medium=paid&utm_source=an&utm_id=120231154959590247&utm_content=120231154963070247&utm_term=120231154959820247&utm_campaign=120231154959590247&fbclid=IwY2xjawLfPjVleHRuA2FlbQEwAGFkaWQBqyWZMuzl1wEeQ_QQQAfsFPfpfAaBXaAYeDCa3TWeQTkNm_m-TTFX4vy82kR9jFzTPs8Rs3M_aem_sFwTbyYvAYDNU3Dp0hQdwg HTTP/1.1" 200 26061 "https://l.facebook.com/" "Mozilla/5.0 (Linux; Android 14; CPH2681 Build/UP1A.231005.007; wv) AppleWebKit/537.36 (KHTML, like Gecko) Version/4.0 Chrome/137.0.7151.115 Mobile Safari/537.36"
2409:40c1:1b:36e2:8000:: - - [12/Jul/2025:18:41:05 +0530] "GET /ncriptech-landing/frontend/assets/js/gsap/MotionPathPlugin.min.js?v=3.0.0 HTTP/1.1" 304 0 "https://www.ncriptech.com/ncriptech-landing/?utm_medium=paid&utm_source=an&utm_id=120231154959590247&utm_content=120231154963070247&utm_term=120231154959820247&utm_campaign=120231154959590247&fbclid=IwY2xjawLfPjVleHRuA2FlbQEwAGFkaWQBqyWZMuzl1wEeQ_QQQAfsFPfpfAaBXaAYeDCa3TWeQTkNm_m-TTFX4vy82kR9jFzTPs8Rs3M_aem_sFwTbyYvAYDNU3Dp0hQdwg" "Mozilla/5.0 (Linux; Android 14; CPH2681 Build/UP1A.231005.007; wv) AppleWebKit/537.36 (KHTML, like Gecko) Version/4.0 Chrome/137.0.7151.115 Mobile Safari/537.36"
2a03:2880:10ff:1:: - - [12/Jul/2025:18:44:15 +0530] "GET /ncriptech-landing/ HTTP/1.1" 200 26061 "-" "facebookexternalhit/1.1 (+http://www.facebook.com/externalhit_uatext.php)"
2a03:2880:10ff:1:: - - [12/Jul/2025:18:44:15 +0530] "GET /ncriptech-landing/ HTTP/1.1" 200 26061 "-" "facebookexternalhit/1.1 (+http://www.facebook.com/externalhit_uatext.php)"
2a03:2880:10ff:48:: - - [12/Jul/2025:18:44:15 +0530] "GET /ncriptech-landing/ HTTP/1.1" 200 26061 "-" "facebookexternalhit/1.1 (+http://www.facebook.com/externalhit_uatext.php)"
136.243.222.140 - - [12/Jul/2025:18:44:23 +0530] "GET /custom-application-services HTTP/1.1" 200 15007 "-" "DomainStatsBot/1.0 (https://domainstats.com/pages/our-bot)"
54.36.148.71 - - [12/Jul/2025:18:44:45 +0530] "GET /web-application-services HTTP/1.1" 304 0 "-" "Mozilla/5.0 (compatible; AhrefsBot/7.0; +http://ahrefs.com/robot/)"
136.243.222.140 - - [12/Jul/2025:18:45:16 +0530] "GET /codex HTTP/1.1" 200 13033 "-" "DomainStatsBot/1.0 (https://domainstats.com/pages/our-bot)"
2a01:4f8:212:1ac2::2 - - [12/Jul/2025:18:45:52 +0530] "GET /website-services HTTP/1.1" 200 14162 "-" "DomainStatsBot/1.0 (https://domainstats.com/pages/our-bot)"
136.243.222.140 - - [12/Jul/2025:18:46:17 +0530] "GET /seo-services HTTP/1.1" 200 14670 "-" "DomainStatsBot/1.0 (https://domainstats.com/pages/our-bot)"
2401:4900:3bd8:f129:b00f:a1ff:fe14:d532 - - [12/Jul/2025:18:48:42 +0530] "GET /ncriptech-landing/?utm_medium=paid&utm_source=an&utm_id=120231154959590247&utm_content=120231154962600247&utm_term=120231154960250247&utm_campaign=120231154959590247&fbclid=IwY2xjawLfQAFleHRuA2FlbQEwAGFkaWQBqyWZMseqlwEepj9HUGntb9BAUrM0PBHphrhIgCxIzQR7KbuaefRuXSyvMB8lbYCtI4Z3mY4_aem_G_VvvHKdIDXyL560ZuY1rg HTTP/1.1" 200 26061 "https://l.facebook.com/" "Mozilla/5.0 (Linux; Android 14; 23076RN4BI Build/UKQ1.230917.001; wv) AppleWebKit/537.36 (KHTML, like Gecko) Version/4.0 Chrome/138.0.7204.67 Mobile Safari/537.36"
136.243.222.140 - - [12/Jul/2025:18:49:16 +0530] "GET /thinktank HTTP/1.1" 200 13156 "-" "DomainStatsBot/1.0 (https://domainstats.com/pages/our-bot)"
150.129.110.46 - - [12/Jul/2025:18:52:27 +0530] "GET /frontend/assets/img/2023_v1/popup-bg.webp?v=1.1 HTTP/1.1" 404 1251 "https://www.ncriptech.com/ecommerce-marketing-services" "Mozilla/5.0 (Linux; Android 10; K) AppleWebKit/537.36 (KHTML, like Gecko) Chrome/138.0.0.0 Mobile Safari/537.36"
136.243.222.140 - - [12/Jul/2025:18:54:39 +0530] "GET /contact HTTP/1.1" 200 16480 "-" "DomainStatsBot/1.0 (https://domainstats.com/pages/our-bot)"
54.36.148.124 - - [12/Jul/2025:18:54:40 +0530] "GET /success_stories HTTP/1.1" 304 0 "-" "Mozilla/5.0 (compatible; AhrefsBot/7.0; +http://ahrefs.com/robot/)"
2a01:4f8:212:1ac2::2 - - [12/Jul/2025:18:55:16 +0530] "GET /flexibook HTTP/1.1" 200 13199 "-" "DomainStatsBot/1.0 (https://domainstats.com/pages/our-bot)"
3.222.165.167 - - [12/Jul/2025:18:57:14 +0530] "GET / HTTP/1.1" 301 795 "-" "libcurl-agent/1.0"
3.222.165.167 - - [12/Jul/2025:18:57:14 +0530] "GET / HTTP/1.1" 301 795 "-" "libcurl-agent/1.0"
3.222.165.167 - - [12/Jul/2025:18:57:14 +0530] "GET / HTTP/1.1" 301 795 "-" "libcurl-agent/1.0"
3.222.165.167 - - [12/Jul/2025:18:57:14 +0530] "GET / HTTP/1.1" 301 795 "-" "libcurl-agent/1.0"
3.222.165.167 - - [12/Jul/2025:18:57:15 +0530] "GET / HTTP/1.1" 200 18348 "-" "libcurl-agent/1.0"
3.222.165.167 - - [12/Jul/2025:18:57:15 +0530] "GET / HTTP/1.1" 200 18348 "-" "libcurl-agent/1.0"
3.222.165.167 - - [12/Jul/2025:18:57:15 +0530] "GET / HTTP/1.1" 200 18348 "-" "libcurl-agent/1.0"
3.222.165.167 - - [12/Jul/2025:18:57:15 +0530] "GET / HTTP/1.1" 200 18348 "-" "libcurl-agent/1.0"
2401:4900:382f:f575:1:2:9cca:80a7 - - [12/Jul/2025:18:57:52 +0530] "GET /ncriptech-landing/?utm_medium=paid&utm_source=an&utm_id=120231154959590247&utm_content=120231154962600247&utm_term=120231154960250247&utm_campaign=120231154959590247&fbclid=IwY2xjawLfQidleHRuA2FlbQEwAGFkaWQBqyWZMseqlwEetbHGsumN-iz1tyrgLIzNN5MdqvqboiAhIEz91iv1VfIoCuSQfjT_zGOKgIs_aem_N2KpRzT_2isMlz_qmOns_Q HTTP/1.1" 200 26061 "https://l.facebook.com/" "Mozilla/5.0 (Linux; Android 12; itel P662L Build/SP1A.210812.001; wv) AppleWebKit/537.36 (KHTML, like Gecko) Version/4.0 Chrome/138.0.7204.63 Mobile Safari/537.36"
2401:4900:382f:f575:1:2:9cca:80a7 - - [12/Jul/2025:18:57:54 +0530] "GET /ncriptech-landing/frontend/assets/js/intl-tel/js/intlTelInput.min.js?v=3.0.0 HTTP/1.1" 304 0 "https://www.ncriptech.com/ncriptech-landing/?utm_medium=paid&utm_source=an&utm_id=120231154959590247&utm_content=120231154962600247&utm_term=120231154960250247&utm_campaign=120231154959590247&fbclid=IwY2xjawLfQidleHRuA2FlbQEwAGFkaWQBqyWZMseqlwEetbHGsumN-iz1tyrgLIzNN5MdqvqboiAhIEz91iv1VfIoCuSQfjT_zGOKgIs_aem_N2KpRzT_2isMlz_qmOns_Q" "Mozilla/5.0 (Linux; Android 12; itel P662L Build/SP1A.210812.001; wv) AppleWebKit/537.36 (KHTML, like Gecko) Version/4.0 Chrome/138.0.7204.63 Mobile Safari/537.36"
223.176.34.17 - - [12/Jul/2025:18:58:28 +0530] "GET /ncriptech-landing/?utm_medium=paid&utm_source=an&utm_id=120231154959590247&utm_content=120231154962600247&utm_term=120231154960250247&utm_campaign=120231154959590247&fbclid=IwY2xjawLfQklleHRuA2FlbQEwAGFkaWQBqyWZMseqlwEetbHGsumN-iz1tyrgLIzNN5MdqvqboiAhIEz91iv1VfIoCuSQfjT_zGOKgIs_aem_N2KpRzT_2isMlz_qmOns_Q HTTP/1.1" 200 26061 "https://l.facebook.com/" "Mozilla/5.0 (Linux; Android 12; itel P662L Build/SP1A.210812.001; wv) AppleWebKit/537.36 (KHTML, like Gecko) Version/4.0 Chrome/138.0.7204.63 Mobile Safari/537.36"
2409:40c4:2185:b6b9:b42a:12ff:fef5:c283 - - [12/Jul/2025:19:02:11 +0530] "GET /ncriptech-landing/?utm_medium=paid&utm_source=an&utm_id=120231154959590247&utm_content=120231154962600247&utm_term=120231154960250247&utm_campaign=120231154959590247&fbclid=PAY2xjawLfQylleHRuA2FlbQEwAGFkaWQBqyWZMseqlwGnEELBvLaEZqHt8Z4uTuMDV_rZsBq0yneI_cWz1Eo3SKLIb2OulKQvyynpUBc_aem_RsDyo6WkWsmoV_mwXSkzRQ HTTP/1.1" 200 26061 "https://l.facebook.com/" "Mozilla/5.0 (Linux; Android 14; 24048RN6CI Build/UP1A.231005.007; wv) AppleWebKit/537.36 (KHTML, like Gecko) Version/4.0 Chrome/137.0.7151.117 Mobile Safari/537.36"
136.243.222.140 - - [12/Jul/2025:19:02:12 +0530] "GET /mobidev HTTP/1.1" 200 13120 "-" "DomainStatsBot/1.0 (https://domainstats.com/pages/our-bot)"
54.36.148.141 - - [12/Jul/2025:19:03:54 +0530] "GET /keywords HTTP/1.1" 304 0 "-" "Mozilla/5.0 (compatible; AhrefsBot/7.0; +http://ahrefs.com/robot/)"
2a01:4f8:212:1ac2::2 - - [12/Jul/2025:19:04:37 +0530] "GET /wordpress-services HTTP/1.1" 200 14112 "-" "DomainStatsBot/1.0 (https://domainstats.com/pages/our-bot)"
136.243.222.140 - - [12/Jul/2025:19:05:25 +0530] "GET /crossplatform-application-services HTTP/1.1" 200 13281 "-" "DomainStatsBot/1.0 (https://domainstats.com/pages/our-bot)"
2409:4061:200c:c9b9::277f:70ac - - [12/Jul/2025:19:06:33 +0530] "GET /ncriptech-landing/?utm_medium=paid&utm_source=an&utm_id=120231154959590247&utm_content=120231154962600247&utm_term=120231154960250247&utm_campaign=120231154959590247&fbclid=IwY2xjawLfRC9leHRuA2FlbQEwAGFkaWQBqyWZMseqlwEelDPs49EPM8YMRv7MIN0l1cE2jWI_O15w27YcPCNCyX0OgFx8dUEQ6Oj3dHE_aem_sxFj9SBIjMNzbEDU6kPQwg HTTP/1.1" 200 26061 "https://l.facebook.com/" "Mozilla/5.0 (Linux; Android 11; SM-A505F Build/RP1A.200720.012; wv) AppleWebKit/537.36 (KHTML, like Gecko) Version/4.0 Chrome/138.0.7204.67 Mobile Safari/537.36"
136.243.222.140 - - [12/Jul/2025:19:06:39 +0530] "GET /cloudcampus HTTP/1.1" 200 13022 "-" "DomainStatsBot/1.0 (https://domainstats.com/pages/our-bot)"
2607:a400:5:81::5 - - [12/Jul/2025:19:08:06 +0530] "GET / HTTP/1.1" 301 795 "-" "Mozilla/5.0 (Windows NT 10.0; WOW64) AppleWebKit/537.36 (KHTML, like Gecko) Chrome/66.0.3359.117 Safari/537.36"
2607:a400:5:81::3 - - [12/Jul/2025:19:08:06 +0530] "GET / HTTP/1.1" 200 18348 "https://ncriptech.com/" "Mozilla/5.0 (Windows NT 10.0; WOW64) AppleWebKit/537.36 (KHTML, like Gecko) Chrome/66.0.3359.117 Safari/537.36"
2607:a400:5:81::4 - - [12/Jul/2025:19:08:07 +0530] "GET / HTTP/1.1" 301 795 "-" "Mozilla/5.0 (Windows NT 10.0; WOW64) AppleWebKit/537.36 (KHTML, like Gecko) Chrome/66.0.3359.117 Safari/537.36"
2607:a400:5:81::6 - - [12/Jul/2025:19:08:08 +0530] "GET / HTTP/1.1" 200 18348 "https://ncriptech.com/" "Mozilla/5.0 (Windows NT 10.0; WOW64) AppleWebKit/537.36 (KHTML, like Gecko) Chrome/66.0.3359.117 Safari/537.36"
114.119.136.164 - - [12/Jul/2025:19:10:31 +0530] "GET /seo-services HTTP/1.1" 200 14670 "https://ncriptech.com/android-application-services.html" "Mozilla/5.0 (Linux; Android 7.0;) AppleWebKit/537.36 (KHTML, like Gecko) Mobile Safari/537.36 (compatible; PetalBot;+https://webmaster.petalsearch.com/site/petalbot)"
2409:40e0:101b:3981:8000:: - - [12/Jul/2025:19:12:08 +0530] "GET /ncriptech-landing/?utm_medium=paid&utm_source=an&utm_id=120231154959590247&utm_content=120231154963070247&utm_term=120231154959820247&utm_campaign=120231154959590247&fbclid=IwY2xjawLfRX5leHRuA2FlbQEwAGFkaWQBqyWZMuzl1wEelxhuM-jCaOXhUwYZwbexmjcQoq-DyCxItx2XREsmWfg8hSyTtVG4lYIOe48_aem_YxopsRX2c_NtKdyZ9bz7PA HTTP/1.1" 200 26061 "https://l.facebook.com/" "Mozilla/5.0 (Linux; Android 14; SM-E156B Build/UP1A.231005.007; wv) AppleWebKit/537.36 (KHTML, like Gecko) Version/4.0 Chrome/138.0.7204.67 Mobile Safari/537.36"
2402:3a80:413a:75de:3404:f7ff:fe8f:ed83 - - [12/Jul/2025:19:12:23 +0530] "GET /ncriptech-landing/?utm_medium=paid&utm_source=an&utm_id=120231154959590247&utm_content=120231154962740247&utm_term=120231154959810247&utm_campaign=120231154959590247&fbclid=IwY2xjawLfRY1leHRuA2FlbQEwAGFkaWQBqyWZMri2dwEeAMSemUG7UZ3oDVzVDf4vOZeD4lAT60_P-0OlhGxuFyi39JRFYf4-3sOza_E_aem_1inekFRlvcu8T9b_cqTQKw HTTP/1.1" 200 26061 "https://l.facebook.com/" "Mozilla/5.0 (Linux; Android 15; I2223 Build/AP3A.240905.015.A2; wv) AppleWebKit/537.36 (KHTML, like Gecko) Version/4.0 Chrome/138.0.7204.63 Mobile Safari/537.36"
2402:3a80:413a:75de:3404:f7ff:fe8f:ed83 - - [12/Jul/2025:19:12:23 +0530] "GET /ncriptech-landing/frontend/assets/js/jquery-3.5.1.min.js HTTP/1.1" 304 0 "https://www.ncriptech.com/ncriptech-landing/?utm_medium=paid&utm_source=an&utm_id=120231154959590247&utm_content=120231154962740247&utm_term=120231154959810247&utm_campaign=120231154959590247&fbclid=IwY2xjawLfRY1leHRuA2FlbQEwAGFkaWQBqyWZMri2dwEeAMSemUG7UZ3oDVzVDf4vOZeD4lAT60_P-0OlhGxuFyi39JRFYf4-3sOza_E_aem_1inekFRlvcu8T9b_cqTQKw" "Mozilla/5.0 (Linux; Android 15; I2223 Build/AP3A.240905.015.A2; wv) AppleWebKit/537.36 (KHTML, like Gecko) Version/4.0 Chrome/138.0.7204.63 Mobile Safari/537.36"
2402:3a80:413a:75de:3404:f7ff:fe8f:ed83 - - [12/Jul/2025:19:12:24 +0530] "GET /ncriptech-landing/frontend/assets/js/jquery.validate.min.js HTTP/1.1" 304 0 "https://www.ncriptech.com/ncriptech-landing/?utm_medium=paid&utm_source=an&utm_id=120231154959590247&utm_content=120231154962740247&utm_term=120231154959810247&utm_campaign=120231154959590247&fbclid=IwY2xjawLfRY1leHRuA2FlbQEwAGFkaWQBqyWZMri2dwEeAMSemUG7UZ3oDVzVDf4vOZeD4lAT60_P-0OlhGxuFyi39JRFYf4-3sOza_E_aem_1inekFRlvcu8T9b_cqTQKw" "Mozilla/5.0 (Linux; Android 15; I2223 Build/AP3A.240905.015.A2; wv) AppleWebKit/537.36 (KHTML, like Gecko) Version/4.0 Chrome/138.0.7204.63 Mobile Safari/537.36"
2402:3a80:413a:75de:3404:f7ff:fe8f:ed83 - - [12/Jul/2025:19:12:24 +0530] "GET /ncriptech-landing/frontend/assets/js/scripts.js?v=3.0.0 HTTP/1.1" 304 0 "https://www.ncriptech.com/ncriptech-landing/?utm_medium=paid&utm_source=an&utm_id=120231154959590247&utm_content=120231154962740247&utm_term=120231154959810247&utm_campaign=120231154959590247&fbclid=IwY2xjawLfRY1leHRuA2FlbQEwAGFkaWQBqyWZMri2dwEeAMSemUG7UZ3oDVzVDf4vOZeD4lAT60_P-0OlhGxuFyi39JRFYf4-3sOza_E_aem_1inekFRlvcu8T9b_cqTQKw" "Mozilla/5.0 (Linux; Android 15; I2223 Build/AP3A.240905.015.A2; wv) AppleWebKit/537.36 (KHTML, like Gecko) Version/4.0 Chrome/138.0.7204.63 Mobile Safari/537.36"
2402:3a80:413a:75de:3404:f7ff:fe8f:ed83 - - [12/Jul/2025:19:12:24 +0530] "GET /ncriptech-landing/frontend/assets/js/ScrollSmoother.min.js?v=3.0.0 HTTP/1.1" 304 0 "https://www.ncriptech.com/ncriptech-landing/?utm_medium=paid&utm_source=an&utm_id=120231154959590247&utm_content=120231154962740247&utm_term=120231154959810247&utm_campaign=120231154959590247&fbclid=IwY2xjawLfRY1leHRuA2FlbQEwAGFkaWQBqyWZMri2dwEeAMSemUG7UZ3oDVzVDf4vOZeD4lAT60_P-0OlhGxuFyi39JRFYf4-3sOza_E_aem_1inekFRlvcu8T9b_cqTQKw" "Mozilla/5.0 (Linux; Android 15; I2223 Build/AP3A.240905.015.A2; wv) AppleWebKit/537.36 (KHTML, like Gecko) Version/4.0 Chrome/138.0.7204.63 Mobile Safari/537.36"
2402:3a80:413a:75de:3404:f7ff:fe8f:ed83 - - [12/Jul/2025:19:12:24 +0530] "GET /ncriptech-landing/frontend/assets/js/gsap/MotionPathPlugin.min.js?v=3.0.0 HTTP/1.1" 304 0 "https://www.ncriptech.com/ncriptech-landing/?utm_medium=paid&utm_source=an&utm_id=120231154959590247&utm_content=120231154962740247&utm_term=120231154959810247&utm_campaign=120231154959590247&fbclid=IwY2xjawLfRY1leHRuA2FlbQEwAGFkaWQBqyWZMri2dwEeAMSemUG7UZ3oDVzVDf4vOZeD4lAT60_P-0OlhGxuFyi39JRFYf4-3sOza_E_aem_1inekFRlvcu8T9b_cqTQKw" "Mozilla/5.0 (Linux; Android 15; I2223 Build/AP3A.240905.015.A2; wv) AppleWebKit/537.36 (KHTML, like Gecko) Version/4.0 Chrome/138.0.7204.63 Mobile Safari/537.36"
2402:3a80:413a:75de:3404:f7ff:fe8f:ed83 - - [12/Jul/2025:19:12:24 +0530] "GET /ncriptech-landing/frontend/assets/js/gsap/DrawSVGPlugin.min.js?v=3.0.0 HTTP/1.1" 304 0 "https://www.ncriptech.com/ncriptech-landing/?utm_medium=paid&utm_source=an&utm_id=120231154959590247&utm_content=120231154962740247&utm_term=120231154959810247&utm_campaign=120231154959590247&fbclid=IwY2xjawLfRY1leHRuA2FlbQEwAGFkaWQBqyWZMri2dwEeAMSemUG7UZ3oDVzVDf4vOZeD4lAT60_P-0OlhGxuFyi39JRFYf4-3sOza_E_aem_1inekFRlvcu8T9b_cqTQKw" "Mozilla/5.0 (Linux; Android 15; I2223 Build/AP3A.240905.015.A2; wv) AppleWebKit/537.36 (KHTML, like Gecko) Version/4.0 Chrome/138.0.7204.63 Mobile Safari/537.36"
2402:3a80:413a:75de:3404:f7ff:fe8f:ed83 - - [12/Jul/2025:19:12:24 +0530] "GET /ncriptech-landing/frontend/assets/js/intl-tel/js/intlTelInput.min.js?v=3.0.0 HTTP/1.1" 304 0 "https://www.ncriptech.com/ncriptech-landing/?utm_medium=paid&utm_source=an&utm_id=120231154959590247&utm_content=120231154962740247&utm_term=120231154959810247&utm_campaign=120231154959590247&fbclid=IwY2xjawLfRY1leHRuA2FlbQEwAGFkaWQBqyWZMri2dwEeAMSemUG7UZ3oDVzVDf4vOZeD4lAT60_P-0OlhGxuFyi39JRFYf4-3sOza_E_aem_1inekFRlvcu8T9b_cqTQKw" "Mozilla/5.0 (Linux; Android 15; I2223 Build/AP3A.240905.015.A2; wv) AppleWebKit/537.36 (KHTML, like Gecko) Version/4.0 Chrome/138.0.7204.63 Mobile Safari/537.36"
2402:3a80:413a:75de:3404:f7ff:fe8f:ed83 - - [12/Jul/2025:19:12:24 +0530] "GET /ncriptech-landing/frontend/assets/js/gsap/Draggable.min.js?v=3.0.0 HTTP/1.1" 304 0 "https://www.ncriptech.com/ncriptech-landing/?utm_medium=paid&utm_source=an&utm_id=120231154959590247&utm_content=120231154962740247&utm_term=120231154959810247&utm_campaign=120231154959590247&fbclid=IwY2xjawLfRY1leHRuA2FlbQEwAGFkaWQBqyWZMri2dwEeAMSemUG7UZ3oDVzVDf4vOZeD4lAT60_P-0OlhGxuFyi39JRFYf4-3sOza_E_aem_1inekFRlvcu8T9b_cqTQKw" "Mozilla/5.0 (Linux; Android 15; I2223 Build/AP3A.240905.015.A2; wv) AppleWebKit/537.36 (KHTML, like Gecko) Version/4.0 Chrome/138.0.7204.63 Mobile Safari/537.36"
2402:3a80:413a:75de:3404:f7ff:fe8f:ed83 - - [12/Jul/2025:19:12:24 +0530] "GET /ncriptech-landing/frontend/assets/js/gsap/SplitText.min.js?v=3.0.0 HTTP/1.1" 304 0 "https://www.ncriptech.com/ncriptech-landing/?utm_medium=paid&utm_source=an&utm_id=120231154959590247&utm_content=120231154962740247&utm_term=120231154959810247&utm_campaign=120231154959590247&fbclid=IwY2xjawLfRY1leHRuA2FlbQEwAGFkaWQBqyWZMri2dwEeAMSemUG7UZ3oDVzVDf4vOZeD4lAT60_P-0OlhGxuFyi39JRFYf4-3sOza_E_aem_1inekFRlvcu8T9b_cqTQKw" "Mozilla/5.0 (Linux; Android 15; I2223 Build/AP3A.240905.015.A2; wv) AppleWebKit/537.36 (KHTML, like Gecko) Version/4.0 Chrome/138.0.7204.63 Mobile Safari/537.36"
2402:3a80:413a:75de:3404:f7ff:fe8f:ed83 - - [12/Jul/2025:19:12:24 +0530] "GET /frontend/assets/img/common/ncriptech_logo.webp HTTP/1.1" 200 47224 "https://www.ncriptech.com/ncriptech-landing/?utm_medium=paid&utm_source=an&utm_id=120231154959590247&utm_content=120231154962740247&utm_term=120231154959810247&utm_campaign=120231154959590247&fbclid=IwY2xjawLfRY1leHRuA2FlbQEwAGFkaWQBqyWZMri2dwEeAMSemUG7UZ3oDVzVDf4vOZeD4lAT60_P-0OlhGxuFyi39JRFYf4-3sOza_E_aem_1inekFRlvcu8T9b_cqTQKw" "Mozilla/5.0 (Linux; Android 15; I2223 Build/AP3A.240905.015.A2; wv) AppleWebKit/537.36 (KHTML, like Gecko) Version/4.0 Chrome/138.0.7204.63 Mobile Safari/537.36"
2402:3a80:413a:75de:3404:f7ff:fe8f:ed83 - - [12/Jul/2025:19:12:24 +0530] "GET /ncriptech-landing/frontend/assets/js/offerings-anim.js?v=3.0.0 HTTP/1.1" 304 0 "https://www.ncriptech.com/ncriptech-landing/?utm_medium=paid&utm_source=an&utm_id=120231154959590247&utm_content=120231154962740247&utm_term=120231154959810247&utm_campaign=120231154959590247&fbclid=IwY2xjawLfRY1leHRuA2FlbQEwAGFkaWQBqyWZMri2dwEeAMSemUG7UZ3oDVzVDf4vOZeD4lAT60_P-0OlhGxuFyi39JRFYf4-3sOza_E_aem_1inekFRlvcu8T9b_cqTQKw" "Mozilla/5.0 (Linux; Android 15; I2223 Build/AP3A.240905.015.A2; wv) AppleWebKit/537.36 (KHTML, like Gecko) Version/4.0 Chrome/138.0.7204.63 Mobile Safari/537.36"
2402:3a80:413a:75de:3404:f7ff:fe8f:ed83 - - [12/Jul/2025:19:12:24 +0530] "GET /ncriptech-landing/frontend/assets/img/common/project-logos/6.png HTTP/1.1" 200 12921 "https://www.ncriptech.com/ncriptech-landing/?utm_medium=paid&utm_source=an&utm_id=120231154959590247&utm_content=120231154962740247&utm_term=120231154959810247&utm_campaign=120231154959590247&fbclid=IwY2xjawLfRY1leHRuA2FlbQEwAGFkaWQBqyWZMri2dwEeAMSemUG7UZ3oDVzVDf4vOZeD4lAT60_P-0OlhGxuFyi39JRFYf4-3sOza_E_aem_1inekFRlvcu8T9b_cqTQKw" "Mozilla/5.0 (Linux; Android 15; I2223 Build/AP3A.240905.015.A2; wv) AppleWebKit/537.36 (KHTML, like Gecko) Version/4.0 Chrome/138.0.7204.63 Mobile Safari/537.36"
2402:3a80:413a:75de:3404:f7ff:fe8f:ed83 - - [12/Jul/2025:19:12:24 +0530] "GET /ncriptech-landing/frontend/assets/img/common/project-logos/8.png HTTP/1.1" 200 9856 "https://www.ncriptech.com/ncriptech-landing/?utm_medium=paid&utm_source=an&utm_id=120231154959590247&utm_content=120231154962740247&utm_term=120231154959810247&utm_campaign=120231154959590247&fbclid=IwY2xjawLfRY1leHRuA2FlbQEwAGFkaWQBqyWZMri2dwEeAMSemUG7UZ3oDVzVDf4vOZeD4lAT60_P-0OlhGxuFyi39JRFYf4-3sOza_E_aem_1inekFRlvcu8T9b_cqTQKw" "Mozilla/5.0 (Linux; Android 15; I2223 Build/AP3A.240905.015.A2; wv) AppleWebKit/537.36 (KHTML, like Gecko) Version/4.0 Chrome/138.0.7204.63 Mobile Safari/537.36"
