54.71.187.124 - - [12/Jul/2025:20:14:00 +0530] "GET /frontend/assets/img/common/project-logos/40.png HTTP/1.1" 200 13762 "https://www.ncriptech.com/" "Mozilla/5.0 (Windows NT 10.0; Win64; x64) AppleWebKit/537.36 (KHTML, like Gecko) Chrome/137.0.0.0 Safari/537.36"
54.71.187.124 - - [12/Jul/2025:20:14:00 +0530] "GET /frontend/assets/img/common/project-logos/38.png HTTP/1.1" 200 9452 "https://www.ncriptech.com/" "Mozilla/5.0 (Windows NT 10.0; Win64; x64) AppleWebKit/537.36 (KHTML, like Gecko) Chrome/137.0.0.0 Safari/537.36"
54.71.187.124 - - [12/Jul/2025:20:14:00 +0530] "GET /frontend/assets/img/common/project-logos/36.png HTTP/1.1" 200 10662 "https://www.ncriptech.com/" "Mozilla/5.0 (Windows NT 10.0; Win64; x64) AppleWebKit/537.36 (KHTML, like Gecko) Chrome/137.0.0.0 Safari/537.36"
54.71.187.124 - - [12/Jul/2025:20:14:00 +0530] "GET /frontend/assets/js/icons.js?v=1.1.8 HTTP/1.1" 304 0 "https://www.ncriptech.com/" "Mozilla/5.0 (Windows NT 10.0; Win64; x64) AppleWebKit/537.36 (KHTML, like Gecko) Chrome/137.0.0.0 Safari/537.36"
54.71.187.124 - - [12/Jul/2025:20:14:00 +0530] "GET /frontend/assets/img/common/project-logos/37.png HTTP/1.1" 200 9920 "https://www.ncriptech.com/" "Mozilla/5.0 (Windows NT 10.0; Win64; x64) AppleWebKit/537.36 (KHTML, like Gecko) Chrome/137.0.0.0 Safari/537.36"
54.71.187.124 - - [12/Jul/2025:20:14:00 +0530] "GET /frontend/assets/img/common/project-logos/30.png HTTP/1.1" 200 11916 "https://www.ncriptech.com/" "Mozilla/5.0 (Windows NT 10.0; Win64; x64) AppleWebKit/537.36 (KHTML, like Gecko) Chrome/137.0.0.0 Safari/537.36"
54.71.187.124 - - [12/Jul/2025:20:14:00 +0530] "GET /frontend/assets/img/common/project-logos/14.png HTTP/1.1" 200 10378 "https://www.ncriptech.com/" "Mozilla/5.0 (Windows NT 10.0; Win64; x64) AppleWebKit/537.36 (KHTML, like Gecko) Chrome/137.0.0.0 Safari/537.36"
54.71.187.124 - - [12/Jul/2025:20:14:00 +0530] "GET /frontend/assets/js/contact.js?v=1.1.8 HTTP/1.1" 304 0 "https://www.ncriptech.com/" "Mozilla/5.0 (Windows NT 10.0; Win64; x64) AppleWebKit/537.36 (KHTML, like Gecko) Chrome/137.0.0.0 Safari/537.36"
54.71.187.124 - - [12/Jul/2025:20:14:00 +0530] "GET /frontend/assets/js/common.js?v=1.1.8 HTTP/1.1" 304 0 "https://www.ncriptech.com/" "Mozilla/5.0 (Windows NT 10.0; Win64; x64) AppleWebKit/537.36 (KHTML, like Gecko) Chrome/137.0.0.0 Safari/537.36"
54.71.187.124 - - [12/Jul/2025:20:14:00 +0530] "GET /frontend/assets/img/pages/home/home-banners/banner%204.webp HTTP/1.1" 200 131990 "https://www.ncriptech.com/" "Mozilla/5.0 (Windows NT 10.0; Win64; x64) AppleWebKit/537.36 (KHTML, like Gecko) Chrome/137.0.0.0 Safari/537.36"
54.71.187.124 - - [12/Jul/2025:20:14:00 +0530] "GET /frontend/assets/img/pages/home/home-banners/mob/img-1.webp HTTP/1.1" 200 105486 "https://www.ncriptech.com/" "Mozilla/5.0 (Windows NT 10.0; Win64; x64) AppleWebKit/537.36 (KHTML, like Gecko) Chrome/137.0.0.0 Safari/537.36"
54.71.187.124 - - [12/Jul/2025:20:14:00 +0530] "GET /frontend/assets/img/pages/home/home-banners/banner%202.webp HTTP/1.1" 200 142712 "https://www.ncriptech.com/" "Mozilla/5.0 (Windows NT 10.0; Win64; x64) AppleWebKit/537.36 (KHTML, like Gecko) Chrome/137.0.0.0 Safari/537.36"
54.71.187.124 - - [12/Jul/2025:20:14:00 +0530] "GET /frontend/assets/img/pages/home/home-banners/banner%203.webp HTTP/1.1" 200 161334 "https://www.ncriptech.com/" "Mozilla/5.0 (Windows NT 10.0; Win64; x64) AppleWebKit/537.36 (KHTML, like Gecko) Chrome/137.0.0.0 Safari/537.36"
54.71.187.124 - - [12/Jul/2025:20:14:00 +0530] "GET /frontend/assets/img/pages/home/home-banners/banner%201.webp HTTP/1.1" 200 212712 "https://www.ncriptech.com/" "Mozilla/5.0 (Windows NT 10.0; Win64; x64) AppleWebKit/537.36 (KHTML, like Gecko) Chrome/137.0.0.0 Safari/537.36"
54.71.187.124 - - [12/Jul/2025:20:14:00 +0530] "GET /frontend/assets/img/pages/home/industries--img-char.webp HTTP/1.1" 200 597556 "https://www.ncriptech.com/" "Mozilla/5.0 (Windows NT 10.0; Win64; x64) AppleWebKit/537.36 (KHTML, like Gecko) Chrome/137.0.0.0 Safari/537.36"
34.125.230.24 - - [12/Jul/2025:20:13:31 +0530] "GET /frontend/assets/video/Profile.mp4 HTTP/1.1" 200 313040027 "https://www.ncriptech.com/" "Mozilla/5.0 (Macintosh; Intel Mac OS X 10_15_7) AppleWebKit/537.36 (KHTML, like Gecko) Chrome/120.0.0.0 Safari/537.36"
52.34.76.65 - - [12/Jul/2025:20:14:31 +0530] "GET / HTTP/1.1" 301 795 "-" "Mozilla/5.0 (Windows NT 10.0; Win64; x64; rv:139.0) Gecko/20100101 Firefox/139.0"
52.34.76.65 - - [12/Jul/2025:20:14:31 +0530] "GET / HTTP/1.1" 200 18348 "-" "Mozilla/5.0 (Windows NT 10.0; Win64; x64; rv:139.0) Gecko/20100101 Firefox/139.0"
2604:a880:cad:d0::bfa:d001 - - [12/Jul/2025:20:14:59 +0530] "GET / HTTP/1.1" 301 795 "-" "Mozilla/5.0 (Windows NT 10.0; Win64; x64) AppleWebKit/537.36 (KHTML, like Gecko) Chrome/132.0.0.0 Safari/537.36 Edg/132.0.0.0"
136.38.11.83 - - [12/Jul/2025:20:14:59 +0530] "GET / HTTP/1.1" 301 795 "-" "Mozilla/5.0 (iPhone; CPU iPhone OS 17_6_1 like Mac OS X) AppleWebKit/605.1.15 (KHTML, like Gecko) Version/17.6 Mobile/15E148 Safari/604.1"
2604:a880:cad:d0::bfa:d001 - - [12/Jul/2025:20:15:00 +0530] "GET / HTTP/1.1" 200 18348 "https://ncriptech.com/" "Mozilla/5.0 (Windows NT 10.0; Win64; x64) AppleWebKit/537.36 (KHTML, like Gecko) Chrome/132.0.0.0 Safari/537.36 Edg/132.0.0.0"
212.102.37.47 - - [12/Jul/2025:20:15:05 +0530] "GET / HTTP/1.1" 301 795 "http://ncriptech.com/" "Mozilla/5.0 (Windows NT 10.0; Win64; x64) AppleWebKit/537.36 (KHTML, like Gecko) Chrome/132.0.0.0 Safari/537.36 Edg/132.0.0.0"
212.102.37.47 - - [12/Jul/2025:20:15:06 +0530] "GET / HTTP/1.1" 200 18348 "https://ncriptech.com/" "Mozilla/5.0 (Windows NT 10.0; Win64; x64) AppleWebKit/537.36 (KHTML, like Gecko) Chrome/132.0.0.0 Safari/537.36 Edg/132.0.0.0"
37.143.131.202 - - [12/Jul/2025:20:15:12 +0530] "GET / HTTP/1.1" 301 795 "-" "Mozilla/5.0 (X11; U; Linux x86_64) AppleWebKit/537.36 (KHTML, like Gecko) Ubuntu Chromium/115.0.5810.222 Chrome/115.0.5810.222 Safari/537.36"
37.143.131.202 - - [12/Jul/2025:20:15:36 +0530] "GET / HTTP/1.1" 301 795 "-" "Mozilla/5.0 (iPhone; CPU iPhone OS 18_3_1 like Mac OS X) AppleWebKit/605.1.15 (KHTML, like Gecko) Mobile/15E148 THDConsumer/7.45.0.1 (iPhone;iOS 18.3.1)DID:"
37.143.131.202 - - [12/Jul/2025:20:16:50 +0530] "GET /favicon.ico HTTP/1.1" 301 795 "-" "Mozilla/5.0 (X11; U; Linux x86_64) AppleWebKit/537.36 (KHTML, like Gecko) Ubuntu Chromium/115.0.5810.222 Chrome/115.0.5810.222 Safari/537.36"
54.36.148.191 - - [12/Jul/2025:20:17:11 +0530] "GET /contact HTTP/1.1" 304 0 "-" "Mozilla/5.0 (compatible; AhrefsBot/7.0; +http://ahrefs.com/robot/)"
43.153.85.46 - - [12/Jul/2025:20:17:50 +0530] "GET / HTTP/1.1" 301 795 "http://www.ncriptechglobal.com" "Mozilla/5.0 (iPhone; CPU iPhone OS 13_2_3 like Mac OS X) AppleWebKit/605.1.15 (KHTML, like Gecko) Version/13.0.3 Mobile/15E148 Safari/604.1"
43.153.85.46 - - [12/Jul/2025:20:17:52 +0530] "GET / HTTP/1.1" 200 18348 "https://ncriptech.com" "Mozilla/5.0 (iPhone; CPU iPhone OS 13_2_3 like Mac OS X) AppleWebKit/605.1.15 (KHTML, like Gecko) Version/13.0.3 Mobile/15E148 Safari/604.1"
34.71.214.216 - - [12/Jul/2025:20:13:25 +0530] "GET /frontend/assets/video/Profile.mp4 HTTP/1.1" 200 313040027 "https://www.ncriptech.com/" "Mozilla/5.0 (X11; Ubuntu; Linux i686 on x86_64) AppleWebKit/537.36 (KHTML, like Gecko) Chrome/53.0.2820.59 Safari/537.36"
43.135.134.127 - - [12/Jul/2025:20:18:41 +0530] "GET / HTTP/1.1" 301 795 "https://ncriptechglobal.com" "Mozilla/5.0 (iPhone; CPU iPhone OS 13_2_3 like Mac OS X) AppleWebKit/605.1.15 (KHTML, like Gecko) Version/13.0.3 Mobile/15E148 Safari/604.1"
43.135.134.127 - - [12/Jul/2025:20:18:42 +0530] "GET / HTTP/1.1" 200 18348 "https://ncriptech.com" "Mozilla/5.0 (iPhone; CPU iPhone OS 13_2_3 like Mac OS X) AppleWebKit/605.1.15 (KHTML, like Gecko) Version/13.0.3 Mobile/15E148 Safari/604.1"
2409:4061:2d4d:e206:ec9a:bfd1:3394:cff5 - - [12/Jul/2025:20:21:06 +0530] "GET /ncriptech-landing/?utm_medium=paid&utm_source=an&utm_id=120231154959590247&utm_content=120231154962600247&utm_term=120231154960250247&utm_campaign=120231154959590247&fbclid=IwY2xjawLfVahleHRuA2FlbQEwAGFkaWQBqyWZMseqlwEe0UW5Pt6CeeVfj03XyG4MCsbHwYb-TLY0EEpUTwy7iJ1mrLsgWsgXCW2lJ0c_aem_JSSNZGjC4tt0rs_yeclmhg HTTP/1.1" 200 26061 "https://l.facebook.com/" "Mozilla/5.0 (Linux; Android 14; SM-A525F Build/UP1A.231005.007; wv) AppleWebKit/537.36 (KHTML, like Gecko) Version/4.0 Chrome/138.0.7204.67 Mobile Safari/537.36"
212.102.37.47 - - [12/Jul/2025:20:21:06 +0530] "GET / HTTP/1.1" 200 18348 "https://ncriptech.com/" "Mozilla/5.0 (Windows NT 10.0; Win64; x64) AppleWebKit/537.36 (KHTML, like Gecko) Chrome/130.0.0.0 Safari/537.36 Edg/130.0.0.0"
212.102.37.47 - - [12/Jul/2025:20:21:30 +0530] "GET /frontend/assets/img/common/ncriptech_logo.webp HTTP/1.1" 200 47224 "https://ncriptech.com/" "Mozilla/5.0 (Windows NT 10.0; Win64; x64) AppleWebKit/537.36 (KHTML, like Gecko) Chrome/130.0.0.0 Safari/537.36 Edg/130.0.0.0"
212.102.37.47 - - [12/Jul/2025:20:21:30 +0530] "GET /frontend/assets/img/common/sub-brand-logo/logo2.png HTTP/1.1" 200 12648 "https://ncriptech.com/" "Mozilla/5.0 (Windows NT 10.0; Win64; x64) AppleWebKit/537.36 (KHTML, like Gecko) Chrome/130.0.0.0 Safari/537.36 Edg/130.0.0.0"
212.102.37.47 - - [12/Jul/2025:20:21:30 +0530] "GET /frontend/assets/img/common/sub-brand-logo/logo1.png HTTP/1.1" 200 15000 "https://ncriptech.com/" "Mozilla/5.0 (Windows NT 10.0; Win64; x64) AppleWebKit/537.36 (KHTML, like Gecko) Chrome/130.0.0.0 Safari/537.36 Edg/130.0.0.0"
212.102.37.47 - - [12/Jul/2025:20:21:30 +0530] "GET /frontend/assets/img/common/sub-brand-logo/logo5.png HTTP/1.1" 200 12723 "https://ncriptech.com/" "Mozilla/5.0 (Windows NT 10.0; Win64; x64) AppleWebKit/537.36 (KHTML, like Gecko) Chrome/130.0.0.0 Safari/537.36 Edg/130.0.0.0"
212.102.37.47 - - [12/Jul/2025:20:21:30 +0530] "GET /frontend/assets/img/common/ncriptech_logo2.webp HTTP/1.1" 200 50720 "https://ncriptech.com/" "Mozilla/5.0 (Windows NT 10.0; Win64; x64) AppleWebKit/537.36 (KHTML, like Gecko) Chrome/130.0.0.0 Safari/537.36 Edg/130.0.0.0"
212.102.37.47 - - [12/Jul/2025:20:21:30 +0530] "GET /frontend/assets/img/common/sub-brand-logo/logo4.png HTTP/1.1" 200 13601 "https://ncriptech.com/" "Mozilla/5.0 (Windows NT 10.0; Win64; x64) AppleWebKit/537.36 (KHTML, like Gecko) Chrome/130.0.0.0 Safari/537.36 Edg/130.0.0.0"
212.102.37.47 - - [12/Jul/2025:20:21:30 +0530] "GET /frontend/assets/img/common/sub-brand-logo/logo3.png HTTP/1.1" 200 15864 "https://ncriptech.com/" "Mozilla/5.0 (Windows NT 10.0; Win64; x64) AppleWebKit/537.36 (KHTML, like Gecko) Chrome/130.0.0.0 Safari/537.36 Edg/130.0.0.0"
212.102.37.47 - - [12/Jul/2025:20:21:30 +0530] "GET /frontend/assets/img/common/sub-brand-logo/logo6.png HTTP/1.1" 200 10999 "https://ncriptech.com/" "Mozilla/5.0 (Windows NT 10.0; Win64; x64) AppleWebKit/537.36 (KHTML, like Gecko) Chrome/130.0.0.0 Safari/537.36 Edg/130.0.0.0"
212.102.37.47 - - [12/Jul/2025:20:21:30 +0530] "GET /frontend/assets/img/common/sub-brand-logo/logo8.png HTTP/1.1" 200 12443 "https://ncriptech.com/" "Mozilla/5.0 (Windows NT 10.0; Win64; x64) AppleWebKit/537.36 (KHTML, like Gecko) Chrome/130.0.0.0 Safari/537.36 Edg/130.0.0.0"
212.102.37.47 - - [12/Jul/2025:20:21:30 +0530] "GET /frontend/assets/img/common/sub-brand-logo/logo7.png HTTP/1.1" 200 23568 "https://ncriptech.com/" "Mozilla/5.0 (Windows NT 10.0; Win64; x64) AppleWebKit/537.36 (KHTML, like Gecko) Chrome/130.0.0.0 Safari/537.36 Edg/130.0.0.0"
212.102.37.47 - - [12/Jul/2025:20:21:31 +0530] "GET /frontend/assets/img/common/sub-brand-logo/logo10.png HTTP/1.1" 200 15426 "https://ncriptech.com/" "Mozilla/5.0 (Windows NT 10.0; Win64; x64) AppleWebKit/537.36 (KHTML, like Gecko) Chrome/130.0.0.0 Safari/537.36 Edg/130.0.0.0"
212.102.37.47 - - [12/Jul/2025:20:21:31 +0530] "GET /frontend/assets/img/common/sub-brand-logo/logo9.png HTTP/1.1" 304 0 "https://ncriptech.com/" "Mozilla/5.0 (Windows NT 10.0; Win64; x64) AppleWebKit/537.36 (KHTML, like Gecko) Chrome/130.0.0.0 Safari/537.36 Edg/130.0.0.0"
2604:a880:cad:d0::bfa:d001 - - [12/Jul/2025:20:21:31 +0530] "GET /frontend/assets/img/common/ncriptech_logo.webp HTTP/1.1" 200 47224 "-" "Mozilla/5.0 (Windows NT 10.0; Win64; x64) AppleWebKit/537.36 (KHTML, like Gecko) Chrome/132.0.0.0 Safari/537.36 Edg/132.0.0.0"
212.102.37.47 - - [12/Jul/2025:20:21:31 +0530] "GET /frontend/assets/img/common/sub-brand-logo/logo11.png HTTP/1.1" 200 20492 "https://ncriptech.com/" "Mozilla/5.0 (Windows NT 10.0; Win64; x64) AppleWebKit/537.36 (KHTML, like Gecko) Chrome/130.0.0.0 Safari/537.36 Edg/130.0.0.0"
2604:a880:cad:d0::bfa:d001 - - [12/Jul/2025:20:21:31 +0530] "GET /frontend/assets/img/common/sub-brand-logo/logo1.png HTTP/1.1" 200 15000 "-" "Mozilla/5.0 (Windows NT 10.0; Win64; x64) AppleWebKit/537.36 (KHTML, like Gecko) Chrome/132.0.0.0 Safari/537.36 Edg/132.0.0.0"
2604:a880:cad:d0::bfa:d001 - - [12/Jul/2025:20:21:31 +0530] "GET /frontend/assets/img/common/sub-brand-logo/logo3.png HTTP/1.1" 200 15864 "-" "Mozilla/5.0 (Windows NT 10.0; Win64; x64) AppleWebKit/537.36 (KHTML, like Gecko) Chrome/132.0.0.0 Safari/537.36 Edg/132.0.0.0"
2604:a880:cad:d0::bfa:d001 - - [12/Jul/2025:20:21:31 +0530] "GET /frontend/assets/img/common/sub-brand-logo/logo4.png HTTP/1.1" 200 13601 "-" "Mozilla/5.0 (Windows NT 10.0; Win64; x64) AppleWebKit/537.36 (KHTML, like Gecko) Chrome/132.0.0.0 Safari/537.36 Edg/132.0.0.0"
2604:a880:cad:d0::bfa:d001 - - [12/Jul/2025:20:21:31 +0530] "GET /frontend/assets/img/common/sub-brand-logo/logo2.png HTTP/1.1" 200 12648 "-" "Mozilla/5.0 (Windows NT 10.0; Win64; x64) AppleWebKit/537.36 (KHTML, like Gecko) Chrome/132.0.0.0 Safari/537.36 Edg/132.0.0.0"
2604:a880:cad:d0::bfa:d001 - - [12/Jul/2025:20:21:31 +0530] "GET /frontend/assets/img/common/sub-brand-logo/logo6.png HTTP/1.1" 200 10999 "-" "Mozilla/5.0 (Windows NT 10.0; Win64; x64) AppleWebKit/537.36 (KHTML, like Gecko) Chrome/132.0.0.0 Safari/537.36 Edg/132.0.0.0"
2604:a880:cad:d0::bfa:d001 - - [12/Jul/2025:20:21:31 +0530] "GET /frontend/assets/img/common/sub-brand-logo/logo5.png HTTP/1.1" 200 12723 "-" "Mozilla/5.0 (Windows NT 10.0; Win64; x64) AppleWebKit/537.36 (KHTML, like Gecko) Chrome/132.0.0.0 Safari/537.36 Edg/132.0.0.0"
2604:a880:cad:d0::bfa:d001 - - [12/Jul/2025:20:21:31 +0530] "GET /frontend/assets/img/common/sub-brand-logo/logo7.png HTTP/1.1" 200 23568 "-" "Mozilla/5.0 (Windows NT 10.0; Win64; x64) AppleWebKit/537.36 (KHTML, like Gecko) Chrome/132.0.0.0 Safari/537.36 Edg/132.0.0.0"
2604:a880:cad:d0::bfa:d001 - - [12/Jul/2025:20:21:31 +0530] "GET /frontend/assets/img/common/ncriptech_logo2.webp HTTP/1.1" 200 50720 "-" "Mozilla/5.0 (Windows NT 10.0; Win64; x64) AppleWebKit/537.36 (KHTML, like Gecko) Chrome/132.0.0.0 Safari/537.36 Edg/132.0.0.0"
2604:a880:cad:d0::bfa:d001 - - [12/Jul/2025:20:21:31 +0530] "GET /frontend/assets/img/common/sub-brand-logo/logo8.png HTTP/1.1" 200 12443 "-" "Mozilla/5.0 (Windows NT 10.0; Win64; x64) AppleWebKit/537.36 (KHTML, like Gecko) Chrome/132.0.0.0 Safari/537.36 Edg/132.0.0.0"
212.102.37.47 - - [12/Jul/2025:20:21:31 +0530] "GET /frontend/assets/img/common/project-logos/3.png HTTP/1.1" 200 11146 "https://ncriptech.com/" "Mozilla/5.0 (Windows NT 10.0; Win64; x64) AppleWebKit/537.36 (KHTML, like Gecko) Chrome/130.0.0.0 Safari/537.36 Edg/130.0.0.0"
2604:a880:cad:d0::bfa:d001 - - [12/Jul/2025:20:21:31 +0530] "GET /frontend/assets/img/common/sub-brand-logo/logo9.png HTTP/1.1" 200 13007 "-" "Mozilla/5.0 (Windows NT 10.0; Win64; x64) AppleWebKit/537.36 (KHTML, like Gecko) Chrome/132.0.0.0 Safari/537.36 Edg/132.0.0.0"
212.102.37.47 - - [12/Jul/2025:20:21:31 +0530] "GET /frontend/assets/img/common/project-logos/2.png HTTP/1.1" 200 11993 "https://ncriptech.com/" "Mozilla/5.0 (Windows NT 10.0; Win64; x64) AppleWebKit/537.36 (KHTML, like Gecko) Chrome/130.0.0.0 Safari/537.36 Edg/130.0.0.0"
2604:a880:cad:d0::bfa:d001 - - [12/Jul/2025:20:21:31 +0530] "GET /frontend/assets/img/common/sub-brand-logo/logo10.png HTTP/1.1" 200 15426 "-" "Mozilla/5.0 (Windows NT 10.0; Win64; x64) AppleWebKit/537.36 (KHTML, like Gecko) Chrome/132.0.0.0 Safari/537.36 Edg/132.0.0.0"
212.102.37.47 - - [12/Jul/2025:20:21:31 +0530] "GET /frontend/assets/img/common/project-logos/1.png HTTP/1.1" 200 10708 "https://ncriptech.com/" "Mozilla/5.0 (Windows NT 10.0; Win64; x64) AppleWebKit/537.36 (KHTML, like Gecko) Chrome/130.0.0.0 Safari/537.36 Edg/130.0.0.0"
2604:a880:cad:d0::bfa:d001 - - [12/Jul/2025:20:21:31 +0530] "GET /frontend/assets/img/common/sub-brand-logo/logo11.png HTTP/1.1" 200 20492 "-" "Mozilla/5.0 (Windows NT 10.0; Win64; x64) AppleWebKit/537.36 (KHTML, like Gecko) Chrome/132.0.0.0 Safari/537.36 Edg/132.0.0.0"
212.102.37.47 - - [12/Jul/2025:20:21:31 +0530] "GET /frontend/assets/img/common/project-logos/6.png HTTP/1.1" 200 12921 "https://ncriptech.com/" "Mozilla/5.0 (Windows NT 10.0; Win64; x64) AppleWebKit/537.36 (KHTML, like Gecko) Chrome/130.0.0.0 Safari/537.36 Edg/130.0.0.0"
212.102.37.47 - - [12/Jul/2025:20:21:31 +0530] "GET /frontend/assets/img/common/project-logos/5.png HTTP/1.1" 200 8265 "https://ncriptech.com/" "Mozilla/5.0 (Windows NT 10.0; Win64; x64) AppleWebKit/537.36 (KHTML, like Gecko) Chrome/130.0.0.0 Safari/537.36 Edg/130.0.0.0"
2604:a880:cad:d0::bfa:d001 - - [12/Jul/2025:20:21:31 +0530] "GET /frontend/assets/img/common/project-logos/1.png HTTP/1.1" 200 10708 "-" "Mozilla/5.0 (Windows NT 10.0; Win64; x64) AppleWebKit/537.36 (KHTML, like Gecko) Chrome/132.0.0.0 Safari/537.36 Edg/132.0.0.0"
2604:a880:cad:d0::bfa:d001 - - [12/Jul/2025:20:21:31 +0530] "GET /frontend/assets/img/common/project-logos/2.png HTTP/1.1" 200 11993 "-" "Mozilla/5.0 (Windows NT 10.0; Win64; x64) AppleWebKit/537.36 (KHTML, like Gecko) Chrome/132.0.0.0 Safari/537.36 Edg/132.0.0.0"
2604:a880:cad:d0::bfa:d001 - - [12/Jul/2025:20:21:31 +0530] "GET /frontend/assets/img/common/project-logos/3.png HTTP/1.1" 200 11146 "-" "Mozilla/5.0 (Windows NT 10.0; Win64; x64) AppleWebKit/537.36 (KHTML, like Gecko) Chrome/132.0.0.0 Safari/537.36 Edg/132.0.0.0"
2604:a880:cad:d0::bfa:d001 - - [12/Jul/2025:20:21:31 +0530] "GET /frontend/assets/img/common/project-logos/4.png HTTP/1.1" 200 10951 "-" "Mozilla/5.0 (Windows NT 10.0; Win64; x64) AppleWebKit/537.36 (KHTML, like Gecko) Chrome/132.0.0.0 Safari/537.36 Edg/132.0.0.0"
2604:a880:cad:d0::bfa:d001 - - [12/Jul/2025:20:21:31 +0530] "GET /frontend/assets/img/common/project-logos/5.png HTTP/1.1" 200 8265 "-" "Mozilla/5.0 (Windows NT 10.0; Win64; x64) AppleWebKit/537.36 (KHTML, like Gecko) Chrome/132.0.0.0 Safari/537.36 Edg/132.0.0.0"
212.102.37.47 - - [12/Jul/2025:20:21:31 +0530] "GET /frontend/assets/img/common/project-logos/7.png HTTP/1.1" 200 8476 "https://ncriptech.com/" "Mozilla/5.0 (Windows NT 10.0; Win64; x64) AppleWebKit/537.36 (KHTML, like Gecko) Chrome/130.0.0.0 Safari/537.36 Edg/130.0.0.0"
2604:a880:cad:d0::bfa:d001 - - [12/Jul/2025:20:21:31 +0530] "GET /frontend/assets/img/common/project-logos/6.png HTTP/1.1" 200 12921 "-" "Mozilla/5.0 (Windows NT 10.0; Win64; x64) AppleWebKit/537.36 (KHTML, like Gecko) Chrome/132.0.0.0 Safari/537.36 Edg/132.0.0.0"
2604:a880:cad:d0::bfa:d001 - - [12/Jul/2025:20:21:31 +0530] "GET /frontend/assets/img/common/project-logos/7.png HTTP/1.1" 200 8476 "-" "Mozilla/5.0 (Windows NT 10.0; Win64; x64) AppleWebKit/537.36 (KHTML, like Gecko) Chrome/132.0.0.0 Safari/537.36 Edg/132.0.0.0"
2604:a880:cad:d0::bfa:d001 - - [12/Jul/2025:20:21:49 +0530] "GET /favicon.ico HTTP/1.1" 404 1251 "-" "Mozilla/5.0 (Windows NT 10.0; Win64; x64) AppleWebKit/537.36 (KHTML, like Gecko) Chrome/132.0.0.0 Safari/537.36 Edg/132.0.0.0"
2409:4061:2d4d:e206:ec9a:bfd1:3394:cff5 - - [12/Jul/2025:20:22:25 +0530] "GET /ncriptech-landing/?utm_medium=paid&utm_source=an&utm_id=120231154959590247&utm_content=120231154962600247&utm_term=120231154960250247&utm_campaign=120231154959590247&fbclid=IwY2xjawLfVfhleHRuA2FlbQEwAGFkaWQBqyWZMseqlwEe0UW5Pt6CeeVfj03XyG4MCsbHwYb-TLY0EEpUTwy7iJ1mrLsgWsgXCW2lJ0c_aem_JSSNZGjC4tt0rs_yeclmhg HTTP/1.1" 200 26061 "https://l.facebook.com/" "Mozilla/5.0 (Linux; Android 14; SM-A525F Build/UP1A.231005.007; wv) AppleWebKit/537.36 (KHTML, like Gecko) Version/4.0 Chrome/138.0.7204.67 Mobile Safari/537.36"
66.249.66.4 - - [12/Jul/2025:20:24:01 +0530] "GET /nav-nsrj7j-1.html HTTP/1.1" 301 795 "-" "Mozilla/5.0 (Linux; Android 6.0.1; Nexus 5X Build/MMB29P) AppleWebKit/537.36 (KHTML, like Gecko) Chrome/137.0.7151.103 Mobile Safari/537.36 (compatible; Googlebot/2.1; +http://www.google.com/bot.html)"
66.249.66.4 - - [12/Jul/2025:20:24:01 +0530] "GET /nav-nsrj7j-1 HTTP/1.1" 301 795 "-" "Mozilla/5.0 (Linux; Android 6.0.1; Nexus 5X Build/MMB29P) AppleWebKit/537.36 (KHTML, like Gecko) Chrome/137.0.7151.103 Mobile Safari/537.36 (compatible; Googlebot/2.1; +http://www.google.com/bot.html)"
66.249.66.40 - - [12/Jul/2025:20:24:02 +0530] "GET /nav-nsrj7j-1 HTTP/1.1" 404 1251 "-" "Mozilla/5.0 (Linux; Android 6.0.1; Nexus 5X Build/MMB29P) AppleWebKit/537.36 (KHTML, like Gecko) Chrome/137.0.7151.103 Mobile Safari/537.36 (compatible; Googlebot/2.1; +http://www.google.com/bot.html)"
3.93.253.174 - - [12/Jul/2025:20:24:10 +0530] "GET /custom-application-services HTTP/1.1" 200 15007 "-" "Mozilla/5.0 AppleWebKit/537.36 (KHTML, like Gecko; compatible; Amazonbot/0.1; +https://developer.amazon.com/support/amazonbot) Chrome/119.0.6045.214 Safari/537.36"
43.143.60.88 - - [12/Jul/2025:20:26:38 +0530] "GET / HTTP/1.1" 200 18348 "http://www.ncriptech.com" "Mozilla/5.0 (Linux; Android 10; LIO-AN00 Build/HUAWEILIO-AN00; wv) MicroMessenger Weixin QQ AppleWebKit/537.36 (KHTML, like Gecko) Version/4.0 Chrome/78.0.3904.62 XWEB/2692 MMWEBSDK/200901 Mobile Safari/537.36"
2401:4900:a1ca:e89b::b70:be80 - - [12/Jul/2025:20:29:50 +0530] "GET /ncriptech-landing/?utm_medium=paid&utm_source=ig&utm_id=120231154959590247&utm_content=120231154962600247&utm_term=120231154960250247&utm_campaign=120231154959590247&fbclid=PAZXh0bgNhZW0BMABhZGlkAaslmTLHqpcBp6P2Esi9PcEcU56TajuSPCjLM30TrmS12UmLCbId--KSn4_mZ04qGDZ-2Vy-_aem_x1zb5iLQSpCplK30JoUOIg HTTP/1.1" 200 26061 "http://instagram.com/" "Mozilla/5.0 (Linux; Android 13; 23124RN87I Build/TP1A.220624.014; wv) AppleWebKit/537.36 (KHTML, like Gecko) Version/4.0 Chrome/137.0.7151.80 Mobile Safari/537.36 Instagram 384.0.0.46.83 Android (33/13; 320dpi; 720x1454; Xiaomi/Redmi; 23124RN87I; air; mt6835; en_IN; 746325133; IABMV/1)"
2401:4900:a1ca:e89b::b70:be80 - - [12/Jul/2025:20:30:04 +0530] "GET /ncriptech-landing/?utm_medium=paid&utm_source=ig&utm_id=120231154959590247&utm_content=120231154962600247&utm_term=120231154960250247&utm_campaign=120231154959590247&fbclid=PAZXh0bgNhZW0BMABhZGlkAaslmTLHqpcBp6P2Esi9PcEcU56TajuSPCjLM30TrmS12UmLCbId--KSn4_mZ04qGDZ-2Vy-_aem_x1zb5iLQSpCplK30JoUOIg HTTP/1.1" 200 26061 "http://instagram.com/" "Mozilla/5.0 (Linux; Android 13; 23124RN87I Build/TP1A.220624.014; wv) AppleWebKit/537.36 (KHTML, like Gecko) Version/4.0 Chrome/137.0.7151.80 Mobile Safari/537.36 Instagram 384.0.0.46.83 Android (33/13; 320dpi; 720x1454; Xiaomi/Redmi; 23124RN87I; air; mt6835; en_IN; 746325133; IABMV/1) NV/1"
2409:4088:9d43:ae41::6e0b:2312 - - [12/Jul/2025:20:30:40 +0530] "GET /ncriptech-landing/?utm_medium=paid&utm_source=an&utm_id=120231154959590247&utm_content=120231154962600247&utm_term=120231154960250247&utm_campaign=120231154959590247&fbclid=IwY2xjawLfV-dleHRuA2FlbQEwAGFkaWQBqyWZMseqlwEeSPGcxnVNl0ZvUSUnZJ7T-HkE0AeegJ09NJbGrVJD-xmaC56sEuQuLD85z-c_aem_NGxXjYcppYw6dglRL_8abQ HTTP/1.1" 200 26061 "https://l.facebook.com/" "Mozilla/5.0 (Linux; Android 15; 2312BPC51H Build/AP3A.240905.015.A2; wv) AppleWebKit/537.36 (KHTML, like Gecko) Version/4.0 Chrome/138.0.7204.67 Mobile Safari/537.36"
2409:4088:9d43:ae41::6e0b:2312 - - [12/Jul/2025:20:30:40 +0530] "GET /ncriptech-landing/frontend/assets/js/jquery-3.5.1.min.js HTTP/1.1" 304 0 "https://www.ncriptech.com/ncriptech-landing/?utm_medium=paid&utm_source=an&utm_id=120231154959590247&utm_content=120231154962600247&utm_term=120231154960250247&utm_campaign=120231154959590247&fbclid=IwY2xjawLfV-dleHRuA2FlbQEwAGFkaWQBqyWZMseqlwEeSPGcxnVNl0ZvUSUnZJ7T-HkE0AeegJ09NJbGrVJD-xmaC56sEuQuLD85z-c_aem_NGxXjYcppYw6dglRL_8abQ" "Mozilla/5.0 (Linux; Android 15; 2312BPC51H Build/AP3A.240905.015.A2; wv) AppleWebKit/537.36 (KHTML, like Gecko) Version/4.0 Chrome/138.0.7204.67 Mobile Safari/537.36"
2409:4088:9d43:ae41::6e0b:2312 - - [12/Jul/2025:20:30:53 +0530] "GET /ncriptech-landing/frontend/assets/js/scripts.js?v=3.0.0 HTTP/1.1" 304 0 "https://www.ncriptech.com/ncriptech-landing/?utm_medium=paid&utm_source=an&utm_id=120231154959590247&utm_content=120231154962600247&utm_term=120231154960250247&utm_campaign=120231154959590247&fbclid=IwY2xjawLfV-dleHRuA2FlbQEwAGFkaWQBqyWZMseqlwEeSPGcxnVNl0ZvUSUnZJ7T-HkE0AeegJ09NJbGrVJD-xmaC56sEuQuLD85z-c_aem_NGxXjYcppYw6dglRL_8abQ" "Mozilla/5.0 (Linux; Android 15; 2312BPC51H Build/AP3A.240905.015.A2; wv) AppleWebKit/537.36 (KHTML, like Gecko) Version/4.0 Chrome/138.0.7204.67 Mobile Safari/537.36"
2409:4088:9d43:ae41::6e0b:2312 - - [12/Jul/2025:20:31:00 +0530] "GET /ncriptech-landing/frontend/assets/js/ScrollSmoother.min.js?v=3.0.0 HTTP/1.1" 304 0 "https://www.ncriptech.com/ncriptech-landing/?utm_medium=paid&utm_source=an&utm_id=120231154959590247&utm_content=120231154962600247&utm_term=120231154960250247&utm_campaign=120231154959590247&fbclid=IwY2xjawLfV-dleHRuA2FlbQEwAGFkaWQBqyWZMseqlwEeSPGcxnVNl0ZvUSUnZJ7T-HkE0AeegJ09NJbGrVJD-xmaC56sEuQuLD85z-c_aem_NGxXjYcppYw6dglRL_8abQ" "Mozilla/5.0 (Linux; Android 15; 2312BPC51H Build/AP3A.240905.015.A2; wv) AppleWebKit/537.36 (KHTML, like Gecko) Version/4.0 Chrome/138.0.7204.67 Mobile Safari/537.36"
2409:4088:9d43:ae41::6e0b:2312 - - [12/Jul/2025:20:31:01 +0530] "GET /ncriptech-landing/frontend/assets/js/gsap/DrawSVGPlugin.min.js?v=3.0.0 HTTP/1.1" 304 0 "https://www.ncriptech.com/ncriptech-landing/?utm_medium=paid&utm_source=an&utm_id=120231154959590247&utm_content=120231154962600247&utm_term=120231154960250247&utm_campaign=120231154959590247&fbclid=IwY2xjawLfV-dleHRuA2FlbQEwAGFkaWQBqyWZMseqlwEeSPGcxnVNl0ZvUSUnZJ7T-HkE0AeegJ09NJbGrVJD-xmaC56sEuQuLD85z-c_aem_NGxXjYcppYw6dglRL_8abQ" "Mozilla/5.0 (Linux; Android 15; 2312BPC51H Build/AP3A.240905.015.A2; wv) AppleWebKit/537.36 (KHTML, like Gecko) Version/4.0 Chrome/138.0.7204.67 Mobile Safari/537.36"
2409:4088:9d43:ae41::6e0b:2312 - - [12/Jul/2025:20:31:01 +0530] "GET /ncriptech-landing/frontend/assets/js/gsap/Draggable.min.js?v=3.0.0 HTTP/1.1" 304 0 "https://www.ncriptech.com/ncriptech-landing/?utm_medium=paid&utm_source=an&utm_id=120231154959590247&utm_content=120231154962600247&utm_term=120231154960250247&utm_campaign=120231154959590247&fbclid=IwY2xjawLfV-dleHRuA2FlbQEwAGFkaWQBqyWZMseqlwEeSPGcxnVNl0ZvUSUnZJ7T-HkE0AeegJ09NJbGrVJD-xmaC56sEuQuLD85z-c_aem_NGxXjYcppYw6dglRL_8abQ" "Mozilla/5.0 (Linux; Android 15; 2312BPC51H Build/AP3A.240905.015.A2; wv) AppleWebKit/537.36 (KHTML, like Gecko) Version/4.0 Chrome/138.0.7204.67 Mobile Safari/537.36"
2409:4088:9d43:ae41::6e0b:2312 - - [12/Jul/2025:20:31:01 +0530] "GET /ncriptech-landing/frontend/assets/js/gsap/SplitText.min.js?v=3.0.0 HTTP/1.1" 304 0 "https://www.ncriptech.com/ncriptech-landing/?utm_medium=paid&utm_source=an&utm_id=120231154959590247&utm_content=120231154962600247&utm_term=120231154960250247&utm_campaign=120231154959590247&fbclid=IwY2xjawLfV-dleHRuA2FlbQEwAGFkaWQBqyWZMseqlwEeSPGcxnVNl0ZvUSUnZJ7T-HkE0AeegJ09NJbGrVJD-xmaC56sEuQuLD85z-c_aem_NGxXjYcppYw6dglRL_8abQ" "Mozilla/5.0 (Linux; Android 15; 2312BPC51H Build/AP3A.240905.015.A2; wv) AppleWebKit/537.36 (KHTML, like Gecko) Version/4.0 Chrome/138.0.7204.67 Mobile Safari/537.36"
2409:4088:9d43:ae41::6e0b:2312 - - [12/Jul/2025:20:31:01 +0530] "GET /ncriptech-landing/frontend/assets/js/offerings-anim.js?v=3.0.0 HTTP/1.1" 304 0 "https://www.ncriptech.com/ncriptech-landing/?utm_medium=paid&utm_source=an&utm_id=120231154959590247&utm_content=120231154962600247&utm_term=120231154960250247&utm_campaign=120231154959590247&fbclid=IwY2xjawLfV-dleHRuA2FlbQEwAGFkaWQBqyWZMseqlwEeSPGcxnVNl0ZvUSUnZJ7T-HkE0AeegJ09NJbGrVJD-xmaC56sEuQuLD85z-c_aem_NGxXjYcppYw6dglRL_8abQ" "Mozilla/5.0 (Linux; Android 15; 2312BPC51H Build/AP3A.240905.015.A2; wv) AppleWebKit/537.36 (KHTML, like Gecko) Version/4.0 Chrome/138.0.7204.67 Mobile Safari/537.36"
2409:4088:9d43:ae41::6e0b:2312 - - [12/Jul/2025:20:31:42 +0530] "GET /ncriptech-landing/frontend/assets/js/contact.js?v=3.0.0 HTTP/1.1" 304 0 "https://www.ncriptech.com/ncriptech-landing/?utm_medium=paid&utm_source=an&utm_id=120231154959590247&utm_content=120231154962600247&utm_term=120231154960250247&utm_campaign=120231154959590247&fbclid=IwY2xjawLfV-dleHRuA2FlbQEwAGFkaWQBqyWZMseqlwEeSPGcxnVNl0ZvUSUnZJ7T-HkE0AeegJ09NJbGrVJD-xmaC56sEuQuLD85z-c_aem_NGxXjYcppYw6dglRL_8abQ" "Mozilla/5.0 (Linux; Android 15; 2312BPC51H Build/AP3A.240905.015.A2; wv) AppleWebKit/537.36 (KHTML, like Gecko) Version/4.0 Chrome/138.0.7204.67 Mobile Safari/537.36"
205.210.31.173 - - [12/Jul/2025:20:35:33 +0530] "GET / HTTP/1.1" 200 18348 "-" "-"
43.153.102.138 - - [12/Jul/2025:20:37:27 +0530] "GET / HTTP/1.1" 301 795 "http://www.ncriptechglobal.com" "Mozilla/5.0 (iPhone; CPU iPhone OS 13_2_3 like Mac OS X) AppleWebKit/605.1.15 (KHTML, like Gecko) Version/13.0.3 Mobile/15E148 Safari/604.1"
43.153.102.138 - - [12/Jul/2025:20:37:30 +0530] "GET / HTTP/1.1" 200 18348 "https://ncriptech.com" "Mozilla/5.0 (iPhone; CPU iPhone OS 13_2_3 like Mac OS X) AppleWebKit/605.1.15 (KHTML, like Gecko) Version/13.0.3 Mobile/15E148 Safari/604.1"
43.143.60.88 - - [12/Jul/2025:20:40:15 +0530] "GET / HTTP/1.1" 200 18348 "http://www.ncriptech.com" "Mozilla/5.0 (Linux; Android 10; LIO-AN00 Build/HUAWEILIO-AN00; wv) MicroMessenger Weixin QQ AppleWebKit/537.36 (KHTML, like Gecko) Version/4.0 Chrome/78.0.3904.62 XWEB/2692 MMWEBSDK/200901 Mobile Safari/537.36"
2401:4900:6284:6184:65f0:b76f:8be0:4c4a - - [12/Jul/2025:20:41:19 +0530] "GET /ncriptech-landing/?utm_medium=paid&utm_source=an&utm_id=120231154959590247&utm_content=120231154962600247&utm_term=120231154960250247&utm_campaign=120231154959590247&fbclid=IwY2xjawLfWmZleHRuA2FlbQEwAGFkaWQBqyWZMseqlwEe0fzLdJYR7AB2RPfuM3PpVL6kIUSpqYEbah4PwIx2jYh8nwUhOlBayObyAFU_aem_paA4DsqPDpQz2zk5NPHS-w HTTP/1.1" 200 26061 "https://l.facebook.com/" "Mozilla/5.0 (Linux; Android 12; CPH2477 Build/SP1A.210812.016; wv) AppleWebKit/537.36 (KHTML, like Gecko) Version/4.0 Chrome/137.0.7151.115 Mobile Safari/537.36"
2401:4900:6284:6184:65f0:b76f:8be0:4c4a - - [12/Jul/2025:20:41:20 +0530] "GET /ncriptech-landing/frontend/assets/js/gsap/MotionPathPlugin.min.js?v=3.0.0 HTTP/1.1" 304 0 "https://www.ncriptech.com/ncriptech-landing/?utm_medium=paid&utm_source=an&utm_id=120231154959590247&utm_content=120231154962600247&utm_term=120231154960250247&utm_campaign=120231154959590247&fbclid=IwY2xjawLfWmZleHRuA2FlbQEwAGFkaWQBqyWZMseqlwEe0fzLdJYR7AB2RPfuM3PpVL6kIUSpqYEbah4PwIx2jYh8nwUhOlBayObyAFU_aem_paA4DsqPDpQz2zk5NPHS-w" "Mozilla/5.0 (Linux; Android 12; CPH2477 Build/SP1A.210812.016; wv) AppleWebKit/537.36 (KHTML, like Gecko) Version/4.0 Chrome/137.0.7151.115 Mobile Safari/537.36"
2401:4900:56dc:93d::83e:cc0f - - [12/Jul/2025:20:42:57 +0530] "GET /ncriptech-landing/?utm_medium=paid&utm_source=an&utm_id=120231154959590247&utm_content=120231154963070247&utm_term=120231154959820247&utm_campaign=120231154959590247&fbclid=IwY2xjawLfWshleHRuA2FlbQEwAGFkaWQBqyWZMuzl1wEe6EYJ57MKSqBKHnuoVkJxVxw70Cy81yMFX4ZNy0G-F_ikns-5FMxO3D5wfwo_aem_yKRfQsqppmbK3McgX4oKfQ HTTP/1.1" 200 26061 "https://l.facebook.com/" "Mozilla/5.0 (Linux; Android 10; M2006C3LI Build/QP1A.190711.020; wv) AppleWebKit/537.36 (KHTML, like Gecko) Version/4.0 Chrome/137.0.7151.118 Mobile Safari/537.36"
2401:4900:56dc:93d::83e:cc0f - - [12/Jul/2025:20:43:05 +0530] "GET /ncriptech-landing/frontend/assets/img/2025_v1/sap/practiceMenuHero3.webp?v=3.0.0 HTTP/1.1" 200 23132 "https://www.ncriptech.com/ncriptech-landing/?utm_medium=paid&utm_source=an&utm_id=120231154959590247&utm_content=120231154963070247&utm_term=120231154959820247&utm_campaign=120231154959590247&fbclid=IwY2xjawLfWshleHRuA2FlbQEwAGFkaWQBqyWZMuzl1wEe6EYJ57MKSqBKHnuoVkJxVxw70Cy81yMFX4ZNy0G-F_ikns-5FMxO3D5wfwo_aem_yKRfQsqppmbK3McgX4oKfQ" "Mozilla/5.0 (Linux; Android 10; M2006C3LI Build/QP1A.190711.020; wv) AppleWebKit/537.36 (KHTML, like Gecko) Version/4.0 Chrome/137.0.7151.118 Mobile Safari/537.36"
2401:4900:56dc:93d::83e:cc0f - - [12/Jul/2025:20:43:05 +0530] "GET /frontend/assets/img/common/ncriptech_logo.webp HTTP/1.1" 200 47224 "https://www.ncriptech.com/ncriptech-landing/?utm_medium=paid&utm_source=an&utm_id=120231154959590247&utm_content=120231154963070247&utm_term=120231154959820247&utm_campaign=120231154959590247&fbclid=IwY2xjawLfWshleHRuA2FlbQEwAGFkaWQBqyWZMuzl1wEe6EYJ57MKSqBKHnuoVkJxVxw70Cy81yMFX4ZNy0G-F_ikns-5FMxO3D5wfwo_aem_yKRfQsqppmbK3McgX4oKfQ" "Mozilla/5.0 (Linux; Android 10; M2006C3LI Build/QP1A.190711.020; wv) AppleWebKit/537.36 (KHTML, like Gecko) Version/4.0 Chrome/137.0.7151.118 Mobile Safari/537.36"
2401:4900:56dc:93d::83e:cc0f - - [12/Jul/2025:20:43:07 +0530] "GET /ncriptech-landing/frontend/assets/img/2025/hero-mob-1.webp HTTP/1.1" 200 14080 "https://www.ncriptech.com/ncriptech-landing/?utm_medium=paid&utm_source=an&utm_id=120231154959590247&utm_content=120231154963070247&utm_term=120231154959820247&utm_campaign=120231154959590247&fbclid=IwY2xjawLfWshleHRuA2FlbQEwAGFkaWQBqyWZMuzl1wEe6EYJ57MKSqBKHnuoVkJxVxw70Cy81yMFX4ZNy0G-F_ikns-5FMxO3D5wfwo_aem_yKRfQsqppmbK3McgX4oKfQ" "Mozilla/5.0 (Linux; Android 10; M2006C3LI Build/QP1A.190711.020; wv) AppleWebKit/537.36 (KHTML, like Gecko) Version/4.0 Chrome/137.0.7151.118 Mobile Safari/537.36"
2401:4900:56dc:93d::83e:cc0f - - [12/Jul/2025:20:43:10 +0530] "GET /ncriptech-landing/frontend/assets/img/common/sample_work/14.webp HTTP/1.1" 200 370586 "https://www.ncriptech.com/ncriptech-landing/?utm_medium=paid&utm_source=an&utm_id=120231154959590247&utm_content=120231154963070247&utm_term=120231154959820247&utm_campaign=120231154959590247&fbclid=IwY2xjawLfWshleHRuA2FlbQEwAGFkaWQBqyWZMuzl1wEe6EYJ57MKSqBKHnuoVkJxVxw70Cy81yMFX4ZNy0G-F_ikns-5FMxO3D5wfwo_aem_yKRfQsqppmbK3McgX4oKfQ" "Mozilla/5.0 (Linux; Android 10; M2006C3LI Build/QP1A.190711.020; wv) AppleWebKit/537.36 (KHTML, like Gecko) Version/4.0 Chrome/137.0.7151.118 Mobile Safari/537.36"
2401:4900:56dc:93d::83e:cc0f - - [12/Jul/2025:20:43:13 +0530] "GET /ncriptech-landing/frontend/assets/img/common/sample_work/15.webp HTTP/1.1" 200 424084 "https://www.ncriptech.com/ncriptech-landing/?utm_medium=paid&utm_source=an&utm_id=120231154959590247&utm_content=120231154963070247&utm_term=120231154959820247&utm_campaign=120231154959590247&fbclid=IwY2xjawLfWshleHRuA2FlbQEwAGFkaWQBqyWZMuzl1wEe6EYJ57MKSqBKHnuoVkJxVxw70Cy81yMFX4ZNy0G-F_ikns-5FMxO3D5wfwo_aem_yKRfQsqppmbK3McgX4oKfQ" "Mozilla/5.0 (Linux; Android 10; M2006C3LI Build/QP1A.190711.020; wv) AppleWebKit/537.36 (KHTML, like Gecko) Version/4.0 Chrome/137.0.7151.118 Mobile Safari/537.36"
2401:4900:56dc:93d::83e:cc0f - - [12/Jul/2025:20:43:17 +0530] "GET /ncriptech-landing/frontend/assets/img/common/sample_work/19.webp HTTP/1.1" 200 1199974 "https://www.ncriptech.com/ncriptech-landing/?utm_medium=paid&utm_source=an&utm_id=120231154959590247&utm_content=120231154963070247&utm_term=120231154959820247&utm_campaign=120231154959590247&fbclid=IwY2xjawLfWshleHRuA2FlbQEwAGFkaWQBqyWZMuzl1wEe6EYJ57MKSqBKHnuoVkJxVxw70Cy81yMFX4ZNy0G-F_ikns-5FMxO3D5wfwo_aem_yKRfQsqppmbK3McgX4oKfQ" "Mozilla/5.0 (Linux; Android 10; M2006C3LI Build/QP1A.190711.020; wv) AppleWebKit/537.36 (KHTML, like Gecko) Version/4.0 Chrome/137.0.7151.118 Mobile Safari/537.36"
2401:4900:56dc:93d::83e:cc0f - - [12/Jul/2025:20:43:18 +0530] "GET /ncriptech-landing/frontend/assets/img/common/sample_work/28.webp HTTP/1.1" 200 542010 "https://www.ncriptech.com/ncriptech-landing/?utm_medium=paid&utm_source=an&utm_id=120231154959590247&utm_content=120231154963070247&utm_term=120231154959820247&utm_campaign=120231154959590247&fbclid=IwY2xjawLfWshleHRuA2FlbQEwAGFkaWQBqyWZMuzl1wEe6EYJ57MKSqBKHnuoVkJxVxw70Cy81yMFX4ZNy0G-F_ikns-5FMxO3D5wfwo_aem_yKRfQsqppmbK3McgX4oKfQ" "Mozilla/5.0 (Linux; Android 10; M2006C3LI Build/QP1A.190711.020; wv) AppleWebKit/537.36 (KHTML, like Gecko) Version/4.0 Chrome/137.0.7151.118 Mobile Safari/537.36"
2401:4900:56dc:93d::83e:cc0f - - [12/Jul/2025:20:43:22 +0530] "GET /ncriptech-landing/frontend/assets/img/common/sample_work/29.webp HTTP/1.1" 200 507392 "https://www.ncriptech.com/ncriptech-landing/?utm_medium=paid&utm_source=an&utm_id=120231154959590247&utm_content=120231154963070247&utm_term=120231154959820247&utm_campaign=120231154959590247&fbclid=IwY2xjawLfWshleHRuA2FlbQEwAGFkaWQBqyWZMuzl1wEe6EYJ57MKSqBKHnuoVkJxVxw70Cy81yMFX4ZNy0G-F_ikns-5FMxO3D5wfwo_aem_yKRfQsqppmbK3McgX4oKfQ" "Mozilla/5.0 (Linux; Android 10; M2006C3LI Build/QP1A.190711.020; wv) AppleWebKit/537.36 (KHTML, like Gecko) Version/4.0 Chrome/137.0.7151.118 Mobile Safari/537.36"
2401:4900:56dc:93d::83e:cc0f - - [12/Jul/2025:20:43:29 +0530] "GET /ncriptech-landing/frontend/assets/img/common/project-logos/9.png HTTP/1.1" 200 10268 "https://www.ncriptech.com/ncriptech-landing/?utm_medium=paid&utm_source=an&utm_id=120231154959590247&utm_content=120231154963070247&utm_term=120231154959820247&utm_campaign=120231154959590247&fbclid=IwY2xjawLfWshleHRuA2FlbQEwAGFkaWQBqyWZMuzl1wEe6EYJ57MKSqBKHnuoVkJxVxw70Cy81yMFX4ZNy0G-F_ikns-5FMxO3D5wfwo_aem_yKRfQsqppmbK3McgX4oKfQ" "Mozilla/5.0 (Linux; Android 10; M2006C3LI Build/QP1A.190711.020; wv) AppleWebKit/537.36 (KHTML, like Gecko) Version/4.0 Chrome/137.0.7151.118 Mobile Safari/537.36"
2401:4900:56dc:93d::83e:cc0f - - [12/Jul/2025:20:43:29 +0530] "GET /ncriptech-landing/frontend/assets/img/common/project-logos/12.png HTTP/1.1" 200 18637 "https://www.ncriptech.com/ncriptech-landing/?utm_medium=paid&utm_source=an&utm_id=120231154959590247&utm_content=120231154963070247&utm_term=120231154959820247&utm_campaign=120231154959590247&fbclid=IwY2xjawLfWshleHRuA2FlbQEwAGFkaWQBqyWZMuzl1wEe6EYJ57MKSqBKHnuoVkJxVxw70Cy81yMFX4ZNy0G-F_ikns-5FMxO3D5wfwo_aem_yKRfQsqppmbK3McgX4oKfQ" "Mozilla/5.0 (Linux; Android 10; M2006C3LI Build/QP1A.190711.020; wv) AppleWebKit/537.36 (KHTML, like Gecko) Version/4.0 Chrome/137.0.7151.118 Mobile Safari/537.36"
2401:4900:56dc:93d::83e:cc0f - - [12/Jul/2025:20:43:30 +0530] "GET /ncriptech-landing/frontend/assets/img/common/project-logos/14.png HTTP/1.1" 200 10378 "https://www.ncriptech.com/ncriptech-landing/?utm_medium=paid&utm_source=an&utm_id=120231154959590247&utm_content=120231154963070247&utm_term=120231154959820247&utm_campaign=120231154959590247&fbclid=IwY2xjawLfWshleHRuA2FlbQEwAGFkaWQBqyWZMuzl1wEe6EYJ57MKSqBKHnuoVkJxVxw70Cy81yMFX4ZNy0G-F_ikns-5FMxO3D5wfwo_aem_yKRfQsqppmbK3McgX4oKfQ" "Mozilla/5.0 (Linux; Android 10; M2006C3LI Build/QP1A.190711.020; wv) AppleWebKit/537.36 (KHTML, like Gecko) Version/4.0 Chrome/137.0.7151.118 Mobile Safari/537.36"
2401:4900:56dc:93d::83e:cc0f - - [12/Jul/2025:20:43:30 +0530] "GET /ncriptech-landing/frontend/assets/img/common/project-logos/37.png HTTP/1.1" 200 9920 "https://www.ncriptech.com/ncriptech-landing/?utm_medium=paid&utm_source=an&utm_id=120231154959590247&utm_content=120231154963070247&utm_term=120231154959820247&utm_campaign=120231154959590247&fbclid=IwY2xjawLfWshleHRuA2FlbQEwAGFkaWQBqyWZMuzl1wEe6EYJ57MKSqBKHnuoVkJxVxw70Cy81yMFX4ZNy0G-F_ikns-5FMxO3D5wfwo_aem_yKRfQsqppmbK3McgX4oKfQ" "Mozilla/5.0 (Linux; Android 10; M2006C3LI Build/QP1A.190711.020; wv) AppleWebKit/537.36 (KHTML, like Gecko) Version/4.0 Chrome/137.0.7151.118 Mobile Safari/537.36"
2401:4900:56dc:93d::83e:cc0f - - [12/Jul/2025:20:43:33 +0530] "GET /ncriptech-landing/frontend/assets/img/common/project-logos/20.png HTTP/1.1" 200 20212 "https://www.ncriptech.com/ncriptech-landing/?utm_medium=paid&utm_source=an&utm_id=120231154959590247&utm_content=120231154963070247&utm_term=120231154959820247&utm_campaign=120231154959590247&fbclid=IwY2xjawLfWshleHRuA2FlbQEwAGFkaWQBqyWZMuzl1wEe6EYJ57MKSqBKHnuoVkJxVxw70Cy81yMFX4ZNy0G-F_ikns-5FMxO3D5wfwo_aem_yKRfQsqppmbK3McgX4oKfQ" "Mozilla/5.0 (Linux; Android 10; M2006C3LI Build/QP1A.190711.020; wv) AppleWebKit/537.36 (KHTML, like Gecko) Version/4.0 Chrome/137.0.7151.118 Mobile Safari/537.36"
2401:4900:56dc:93d::83e:cc0f - - [12/Jul/2025:20:43:37 +0530] "GET /ncriptech-landing/frontend/assets/img/common/project-logos/34.png HTTP/1.1" 200 15300 "https://www.ncriptech.com/ncriptech-landing/?utm_medium=paid&utm_source=an&utm_id=120231154959590247&utm_content=120231154963070247&utm_term=120231154959820247&utm_campaign=120231154959590247&fbclid=IwY2xjawLfWshleHRuA2FlbQEwAGFkaWQBqyWZMuzl1wEe6EYJ57MKSqBKHnuoVkJxVxw70Cy81yMFX4ZNy0G-F_ikns-5FMxO3D5wfwo_aem_yKRfQsqppmbK3McgX4oKfQ" "Mozilla/5.0 (Linux; Android 10; M2006C3LI Build/QP1A.190711.020; wv) AppleWebKit/537.36 (KHTML, like Gecko) Version/4.0 Chrome/137.0.7151.118 Mobile Safari/537.36"
223.244.35.77 - - [12/Jul/2025:20:43:44 +0530] "GET / HTTP/1.1" 301 795 "http://ncriptech.com" "Mozilla/5.0 (iPhone; CPU iPhone OS 13_2_3 like Mac OS X) AppleWebKit/605.1.15 (KHTML, like Gecko) Version/13.0.3 Mobile/15E148 Safari/604.1"
2401:4900:56dc:93d::83e:cc0f - - [12/Jul/2025:20:43:47 +0530] "GET /ncriptech-landing/frontend/assets/img/icons/social-new/linkedin.svg HTTP/1.1" 200 860 "https://www.ncriptech.com/ncriptech-landing/?utm_medium=paid&utm_source=an&utm_id=120231154959590247&utm_content=120231154963070247&utm_term=120231154959820247&utm_campaign=120231154959590247&fbclid=IwY2xjawLfWshleHRuA2FlbQEwAGFkaWQBqyWZMuzl1wEe6EYJ57MKSqBKHnuoVkJxVxw70Cy81yMFX4ZNy0G-F_ikns-5FMxO3D5wfwo_aem_yKRfQsqppmbK3McgX4oKfQ" "Mozilla/5.0 (Linux; Android 10; M2006C3LI Build/QP1A.190711.020; wv) AppleWebKit/537.36 (KHTML, like Gecko) Version/4.0 Chrome/137.0.7151.118 Mobile Safari/537.36"
223.244.35.77 - - [12/Jul/2025:20:43:52 +0530] "GET / HTTP/1.1" 200 18348 "https://ncriptech.com/" "Mozilla/5.0 (iPhone; CPU iPhone OS 13_2_3 like Mac OS X) AppleWebKit/605.1.15 (KHTML, like Gecko) Version/13.0.3 Mobile/15E148 Safari/604.1"
2401:4900:56dc:93d::83e:cc0f - - [12/Jul/2025:20:44:02 +0530] "GET /ncriptech-landing/frontend/assets/img/icons/favicon/favicon.ico HTTP/1.1" 200 2258 "https://www.ncriptech.com/ncriptech-landing/?utm_medium=paid&utm_source=an&utm_id=120231154959590247&utm_content=120231154963070247&utm_term=120231154959820247&utm_campaign=120231154959590247&fbclid=IwY2xjawLfWshleHRuA2FlbQEwAGFkaWQBqyWZMuzl1wEe6EYJ57MKSqBKHnuoVkJxVxw70Cy81yMFX4ZNy0G-F_ikns-5FMxO3D5wfwo_aem_yKRfQsqppmbK3McgX4oKfQ" "Mozilla/5.0 (Linux; Android 10; M2006C3LI Build/QP1A.190711.020; wv) AppleWebKit/537.36 (KHTML, like Gecko) Version/4.0 Chrome/137.0.7151.118 Mobile Safari/537.36"
2a03:2880:f800:13:: - - [12/Jul/2025:20:47:01 +0530] "GET /why_should_schools_have_a_proven_school_management_system HTTP/1.1" 200 10958 "-" "meta-externalagent/1.1 (+https://developers.facebook.com/docs/sharing/webmasters/crawler)"
54.36.149.103 - - [12/Jul/2025:20:47:21 +0530] "GET /seo-services HTTP/1.1" 304 0 "-" "Mozilla/5.0 (compatible; AhrefsBot/7.0; +http://ahrefs.com/robot/)"
95.108.213.222 - - [12/Jul/2025:20:50:07 +0530] "GET /robots.txt HTTP/1.1" 200 372 "-" "Mozilla/5.0 (compatible; YandexBot/3.0; +http://yandex.com/bots)"
213.180.203.131 - - [12/Jul/2025:20:50:08 +0530] "GET /frontend/assets/img/icons/favicon/favicon-32x32.png HTTP/1.1" 200 1146 "-" "Mozilla/5.0 (compatible; YandexMarket/2.0; +http://yandex.com/bots)"
54.36.148.42 - - [12/Jul/2025:21:13:25 +0530] "GET /services HTTP/1.1" 304 0 "-" "Mozilla/5.0 (compatible; AhrefsBot/7.0; +http://ahrefs.com/robot/)"
205.169.39.51 - - [12/Jul/2025:21:13:45 +0530] "GET / HTTP/1.1" 301 795 "-" "Mozilla/5.0 (Linux; Android 7.0; SM-G930V Build/NRD90M) AppleWebKit/537.36 (KHTML, like Gecko) Chrome/59.0.3071.125 Mobile Safari/537.36"
205.169.39.49 - - [12/Jul/2025:21:13:46 +0530] "GET / HTTP/1.1" 301 795 "-" "Mozilla/5.0 (iPhone; CPU iPhone OS 10_3_1 like Mac OS X) AppleWebKit/603.1.30 (KHTML, like Gecko) Version/10.0 Mobile/14E304 Safari/602.1"
205.169.39.49 - - [12/Jul/2025:21:13:46 +0530] "GET / HTTP/1.1" 301 795 "-" "Mozilla/5.0 (Windows NT 10.0; Win64; x64) AppleWebKit/537.36 (KHTML, like Gecko) Chrome/117.0.5938.132 Safari/537.36"
205.169.39.51 - - [12/Jul/2025:21:13:46 +0530] "GET / HTTP/1.1" 200 18348 "-" "Mozilla/5.0 (Linux; Android 7.0; SM-G930V Build/NRD90M) AppleWebKit/537.36 (KHTML, like Gecko) Chrome/59.0.3071.125 Mobile Safari/537.36"
205.169.39.49 - - [12/Jul/2025:21:13:46 +0530] "GET / HTTP/1.1" 200 18348 "-" "Mozilla/5.0 (iPhone; CPU iPhone OS 10_3_1 like Mac OS X) AppleWebKit/603.1.30 (KHTML, like Gecko) Version/10.0 Mobile/14E304 Safari/602.1"
205.169.39.49 - - [12/Jul/2025:21:13:46 +0530] "GET / HTTP/1.1" 200 18348 "-" "Mozilla/5.0 (Windows NT 10.0; Win64; x64) AppleWebKit/537.36 (KHTML, like Gecko) Chrome/117.0.5938.132 Safari/537.36"
205.169.39.51 - - [12/Jul/2025:21:13:47 +0530] "GET /frontend/assets/img/common/ncriptech_logo2.webp HTTP/1.1" 200 50720 "https://www.ncriptech.com/" "Mozilla/5.0 (Linux; Android 7.0; SM-G930V Build/NRD90M) AppleWebKit/537.36 (KHTML, like Gecko) Chrome/59.0.3071.125 Mobile Safari/537.36"
205.169.39.51 - - [12/Jul/2025:21:13:47 +0530] "GET /frontend/assets/js/jquery-3.5.1.min.js?v=1.1.8 HTTP/1.1" 304 0 "https://www.ncriptech.com/" "Mozilla/5.0 (Linux; Android 7.0; SM-G930V Build/NRD90M) AppleWebKit/537.36 (KHTML, like Gecko) Chrome/59.0.3071.125 Mobile Safari/537.36"
205.169.39.49 - - [12/Jul/2025:21:13:47 +0530] "GET /frontend/assets/js/jquery-3.5.1.min.js?v=1.1.8 HTTP/1.1" 304 0 "https://www.ncriptech.com/" "Mozilla/5.0 (iPhone; CPU iPhone OS 10_3_1 like Mac OS X) AppleWebKit/603.1.30 (KHTML, like Gecko) Version/10.0 Mobile/14E304 Safari/602.1"
205.169.39.51 - - [12/Jul/2025:21:13:48 +0530] "GET /frontend/assets/js/jquery.validate.min.js?v=1.1.8 HTTP/1.1" 304 0 "https://www.ncriptech.com/" "Mozilla/5.0 (Linux; Android 7.0; SM-G930V Build/NRD90M) AppleWebKit/537.36 (KHTML, like Gecko) Chrome/59.0.3071.125 Mobile Safari/537.36"
205.169.39.43 - - [12/Jul/2025:21:13:48 +0530] "GET / HTTP/1.1" 301 795 "https://bing.com/" "Mozilla/5.0 (Windows NT 10.0; Win64; x64) AppleWebKit/537.36 (KHTML, like Gecko) Chrome/117.0.5938.132 Safari/537.36"
205.169.39.49 - - [12/Jul/2025:21:13:48 +0530] "GET /frontend/assets/js/scripts.js?v=1.1.8 HTTP/1.1" 304 0 "https://www.ncriptech.com/" "Mozilla/5.0 (iPhone; CPU iPhone OS 10_3_1 like Mac OS X) AppleWebKit/603.1.30 (KHTML, like Gecko) Version/10.0 Mobile/14E304 Safari/602.1"
205.169.39.49 - - [12/Jul/2025:21:13:48 +0530] "GET /frontend/assets/js/intl-tel/js/intlTelInput.min.js?v=1.1.8 HTTP/1.1" 304 0 "https://www.ncriptech.com/" "Mozilla/5.0 (iPhone; CPU iPhone OS 10_3_1 like Mac OS X) AppleWebKit/603.1.30 (KHTML, like Gecko) Version/10.0 Mobile/14E304 Safari/602.1"
205.169.39.49 - - [12/Jul/2025:21:13:48 +0530] "GET /frontend/assets/js/career.js?v=1.1.8 HTTP/1.1" 200 1291 "https://www.ncriptech.com/" "Mozilla/5.0 (iPhone; CPU iPhone OS 10_3_1 like Mac OS X) AppleWebKit/603.1.30 (KHTML, like Gecko) Version/10.0 Mobile/14E304 Safari/602.1"
205.169.39.49 - - [12/Jul/2025:21:13:48 +0530] "GET /frontend/assets/js/jquery.validate.min.js?v=1.1.8 HTTP/1.1" 304 0 "https://www.ncriptech.com/" "Mozilla/5.0 (Windows NT 10.0; Win64; x64) AppleWebKit/537.36 (KHTML, like Gecko) Chrome/117.0.5938.132 Safari/537.36"
205.169.39.51 - - [12/Jul/2025:21:13:48 +0530] "GET /frontend/assets/img/common/sub-brand-logo/logo2.png HTTP/1.1" 200 12648 "https://www.ncriptech.com/" "Mozilla/5.0 (Linux; Android 7.0; SM-G930V Build/NRD90M) AppleWebKit/537.36 (KHTML, like Gecko) Chrome/59.0.3071.125 Mobile Safari/537.36"
205.169.39.51 - - [12/Jul/2025:21:13:48 +0530] "GET /frontend/assets/js/ScrollSmoother.min.js?v=1.1.8 HTTP/1.1" 304 0 "https://www.ncriptech.com/" "Mozilla/5.0 (Linux; Android 7.0; SM-G930V Build/NRD90M) AppleWebKit/537.36 (KHTML, like Gecko) Chrome/59.0.3071.125 Mobile Safari/537.36"
205.169.39.51 - - [12/Jul/2025:21:13:48 +0530] "GET /frontend/assets/js/gsap/Draggable.min.js?v=1.1.8 HTTP/1.1" 304 0 "https://www.ncriptech.com/" "Mozilla/5.0 (Linux; Android 7.0; SM-G930V Build/NRD90M) AppleWebKit/537.36 (KHTML, like Gecko) Chrome/59.0.3071.125 Mobile Safari/537.36"
205.169.39.49 - - [12/Jul/2025:21:13:48 +0530] "GET /frontend/assets/js/gsap/SplitText.min.js?v=1.1.8 HTTP/1.1" 304 0 "https://www.ncriptech.com/" "Mozilla/5.0 (iPhone; CPU iPhone OS 10_3_1 like Mac OS X) AppleWebKit/603.1.30 (KHTML, like Gecko) Version/10.0 Mobile/14E304 Safari/602.1"
205.169.39.49 - - [12/Jul/2025:21:13:48 +0530] "GET /frontend/assets/img/icons/social-icons/linkedin.svg HTTP/1.1" 200 860 "https://www.ncriptech.com/" "Mozilla/5.0 (iPhone; CPU iPhone OS 10_3_1 like Mac OS X) AppleWebKit/603.1.30 (KHTML, like Gecko) Version/10.0 Mobile/14E304 Safari/602.1"
205.169.39.49 - - [12/Jul/2025:21:13:48 +0530] "GET /frontend/assets/js/gsap/MotionPathPlugin.min.js?v=1.1.8 HTTP/1.1" 304 0 "https://www.ncriptech.com/" "Mozilla/5.0 (iPhone; CPU iPhone OS 10_3_1 like Mac OS X) AppleWebKit/603.1.30 (KHTML, like Gecko) Version/10.0 Mobile/14E304 Safari/602.1"
205.169.39.49 - - [12/Jul/2025:21:13:48 +0530] "GET /frontend/assets/img/common/sub-brand-logo/logo3.png HTTP/1.1" 200 15864 "https://www.ncriptech.com/" "Mozilla/5.0 (iPhone; CPU iPhone OS 10_3_1 like Mac OS X) AppleWebKit/603.1.30 (KHTML, like Gecko) Version/10.0 Mobile/14E304 Safari/602.1"
205.169.39.51 - - [12/Jul/2025:21:13:48 +0530] "GET /frontend/assets/js/offerings-anim.js?v=1.1.8 HTTP/1.1" 200 921 "https://www.ncriptech.com/" "Mozilla/5.0 (Linux; Android 7.0; SM-G930V Build/NRD90M) AppleWebKit/537.36 (KHTML, like Gecko) Chrome/59.0.3071.125 Mobile Safari/537.36"
205.169.39.49 - - [12/Jul/2025:21:13:48 +0530] "GET /frontend/assets/js/gsap/DrawSVGPlugin.min.js?v=1.1.8 HTTP/1.1" 200 2400 "https://www.ncriptech.com/" "Mozilla/5.0 (iPhone; CPU iPhone OS 10_3_1 like Mac OS X) AppleWebKit/603.1.30 (KHTML, like Gecko) Version/10.0 Mobile/14E304 Safari/602.1"
205.169.39.49 - - [12/Jul/2025:21:13:48 +0530] "GET /frontend/assets/img/common/project-logos/6.png HTTP/1.1" 304 0 "https://www.ncriptech.com/" "Mozilla/5.0 (Windows NT 10.0; Win64; x64) AppleWebKit/537.36 (KHTML, like Gecko) Chrome/117.0.5938.132 Safari/537.36"
