72.14.199.131 - - [12/Jul/2025:23:43:50 +0530] "GET / HTTP/1.1" 200 20195 "-" "Mozilla/5.0 (Linux; Android 4.0.4; Galaxy Nexus Build/IMM76B) AppleWebKit/537.36 (KHTML, like Gecko; Mediapartners-Google) Chrome/137.0.7151.119 Mobile Safari/537.36"
72.14.199.132 - - [12/Jul/2025:23:43:50 +0530] "GET / HTTP/1.1" 200 20195 "-" "Mozilla/5.0 (Macintosh; Intel Mac OS X 10_7_3) AppleWebKit/537.36 (KHTML, like Gecko, Mediapartners-Google) Chrome/137.0.7151.119 Safari/537.36"
72.14.199.131 - - [12/Jul/2025:23:43:50 +0530] "GET /public/assets/css/gallery-style.css HTTP/1.1" 200 689 "http://rmpharma.in/" "Mozilla/5.0 (Linux; Android 4.0.4; Galaxy Nexus Build/IMM76B) AppleWebKit/537.36 (KHTML, like Gecko; Mediapartners-Google) Chrome/137.0.7151.119 Mobile Safari/537.36"
72.14.199.132 - - [12/Jul/2025:23:43:50 +0530] "GET /public/new-assets/img/menu-burger.svg HTTP/1.1" 200 139 "http://rmpharma.in/" "Mozilla/5.0 (Linux; Android 4.0.4; Galaxy Nexus Build/IMM76B) AppleWebKit/537.36 (KHTML, like Gecko; Mediapartners-Google) Chrome/137.0.7151.119 Mobile Safari/537.36"
72.14.199.131 - - [12/Jul/2025:23:43:50 +0530] "GET /public/new-assets/css/animate.min.css HTTP/1.1" 200 13338 "http://rmpharma.in/" "Mozilla/5.0 (Linux; Android 4.0.4; Galaxy Nexus Build/IMM76B) AppleWebKit/537.36 (KHTML, like Gecko; Mediapartners-Google) Chrome/137.0.7151.119 Mobile Safari/537.36"
72.14.199.131 - - [12/Jul/2025:23:43:50 +0530] "GET /public/new-assets/css/jquery.fancybox.min.css HTTP/1.1" 200 3185 "http://rmpharma.in/" "Mozilla/5.0 (Linux; Android 4.0.4; Galaxy Nexus Build/IMM76B) AppleWebKit/537.36 (KHTML, like Gecko; Mediapartners-Google) Chrome/137.0.7151.119 Mobile Safari/537.36"
72.14.199.131 - - [12/Jul/2025:23:43:50 +0530] "GET /public/new-assets/css/style.css HTTP/1.1" 200 39014 "http://rmpharma.in/" "Mozilla/5.0 (Linux; Android 4.0.4; Galaxy Nexus Build/IMM76B) AppleWebKit/537.36 (KHTML, like Gecko; Mediapartners-Google) Chrome/137.0.7151.119 Mobile Safari/537.36"
72.14.199.131 - - [12/Jul/2025:23:43:50 +0530] "GET /public/new-assets/css/timercss.css HTTP/1.1" 200 922 "http://rmpharma.in/" "Mozilla/5.0 (Linux; Android 4.0.4; Galaxy Nexus Build/IMM76B) AppleWebKit/537.36 (KHTML, like Gecko; Mediapartners-Google) Chrome/137.0.7151.119 Mobile Safari/537.36"
72.14.199.132 - - [12/Jul/2025:23:43:50 +0530] "GET /public/new-assets/img/menu-burger.svg HTTP/1.1" 200 139 "http://rmpharma.in/" "Mozilla/5.0 (Macintosh; Intel Mac OS X 10_7_3) AppleWebKit/537.36 (KHTML, like Gecko, Mediapartners-Google) Chrome/137.0.7151.119 Safari/537.36"
72.14.199.132 - - [12/Jul/2025:23:43:51 +0530] "GET /public/new-assets/css/jquery.fancybox.min.css HTTP/1.1" 200 3185 "http://rmpharma.in/" "Mozilla/5.0 (Macintosh; Intel Mac OS X 10_7_3) AppleWebKit/537.36 (KHTML, like Gecko, Mediapartners-Google) Chrome/137.0.7151.119 Safari/537.36"
72.14.199.131 - - [12/Jul/2025:23:43:51 +0530] "GET /public/new-assets/css/timercss.css HTTP/1.1" 200 922 "http://rmpharma.in/" "Mozilla/5.0 (Macintosh; Intel Mac OS X 10_7_3) AppleWebKit/537.36 (KHTML, like Gecko, Mediapartners-Google) Chrome/137.0.7151.119 Safari/537.36"
72.14.199.132 - - [12/Jul/2025:23:43:51 +0530] "GET /public/assets/css/gallery-style.css HTTP/1.1" 200 689 "http://rmpharma.in/" "Mozilla/5.0 (Macintosh; Intel Mac OS X 10_7_3) AppleWebKit/537.36 (KHTML, like Gecko, Mediapartners-Google) Chrome/137.0.7151.119 Safari/537.36"
72.14.199.131 - - [12/Jul/2025:23:43:51 +0530] "GET /public/new-assets/css/style.css HTTP/1.1" 200 39014 "http://rmpharma.in/" "Mozilla/5.0 (Macintosh; Intel Mac OS X 10_7_3) AppleWebKit/537.36 (KHTML, like Gecko, Mediapartners-Google) Chrome/137.0.7151.119 Safari/537.36"
72.14.199.131 - - [12/Jul/2025:23:43:51 +0530] "GET /public/new-assets/css/animate.min.css HTTP/1.1" 200 13338 "http://rmpharma.in/" "Mozilla/5.0 (Macintosh; Intel Mac OS X 10_7_3) AppleWebKit/537.36 (KHTML, like Gecko, Mediapartners-Google) Chrome/137.0.7151.119 Safari/537.36"
72.14.199.132 - - [12/Jul/2025:23:43:51 +0530] "GET /public/new-assets/img/wbsctelogo.png HTTP/1.1" 200 69348 "http://rmpharma.in/" "Mozilla/5.0 (Linux; Android 4.0.4; Galaxy Nexus Build/IMM76B) AppleWebKit/537.36 (KHTML, like Gecko; Mediapartners-Google) Chrome/137.0.7151.119 Mobile Safari/537.36"
72.14.199.132 - - [12/Jul/2025:23:43:51 +0530] "GET /public/assets/js/modernizr.custom.26633.js HTTP/1.1" 200 3913 "http://rmpharma.in/" "Mozilla/5.0 (Linux; Android 4.0.4; Galaxy Nexus Build/IMM76B) AppleWebKit/537.36 (KHTML, like Gecko; Mediapartners-Google) Chrome/137.0.7151.119 Mobile Safari/537.36"
72.14.199.131 - - [12/Jul/2025:23:43:51 +0530] "GET /public/new-assets/js/owl.carousel.min.js HTTP/1.1" 200 11143 "http://rmpharma.in/" "Mozilla/5.0 (Linux; Android 4.0.4; Galaxy Nexus Build/IMM76B) AppleWebKit/537.36 (KHTML, like Gecko; Mediapartners-Google) Chrome/137.0.7151.119 Mobile Safari/537.36"
72.14.199.132 - - [12/Jul/2025:23:43:51 +0530] "GET /public/new-assets/js/jquery.fancybox.min.js HTTP/1.1" 200 21014 "http://rmpharma.in/" "Mozilla/5.0 (Linux; Android 4.0.4; Galaxy Nexus Build/IMM76B) AppleWebKit/537.36 (KHTML, like Gecko; Mediapartners-Google) Chrome/137.0.7151.119 Mobile Safari/537.36"
72.14.199.131 - - [12/Jul/2025:23:43:51 +0530] "GET /public/new-assets/gallery/gal8.jpg HTTP/1.1" 200 258541 "http://rmpharma.in/" "Mozilla/5.0 (Linux; Android 4.0.4; Galaxy Nexus Build/IMM76B) AppleWebKit/537.36 (KHTML, like Gecko; Mediapartners-Google) Chrome/137.0.7151.119 Mobile Safari/537.36"
72.14.199.132 - - [12/Jul/2025:23:43:51 +0530] "GET /public/new-assets/img/sikshapedia-prefferd-college-icon.png HTTP/1.1" 200 46759 "http://rmpharma.in/" "Mozilla/5.0 (Linux; Android 4.0.4; Galaxy Nexus Build/IMM76B) AppleWebKit/537.36 (KHTML, like Gecko; Mediapartners-Google) Chrome/137.0.7151.119 Mobile Safari/537.36"
72.14.199.132 - - [12/Jul/2025:23:43:51 +0530] "GET /public/assets/js/jquery-migrate-3.4.0.min.js HTTP/1.1" 200 4603 "http://rmpharma.in/" "Mozilla/5.0 (Linux; Android 4.0.4; Galaxy Nexus Build/IMM76B) AppleWebKit/537.36 (KHTML, like Gecko; Mediapartners-Google) Chrome/137.0.7151.119 Mobile Safari/537.36"
72.14.199.132 - - [12/Jul/2025:23:43:51 +0530] "GET /public/assets/js/jquery.gridrotator.js HTTP/1.1" 200 5320 "http://rmpharma.in/" "Mozilla/5.0 (Linux; Android 4.0.4; Galaxy Nexus Build/IMM76B) AppleWebKit/537.36 (KHTML, like Gecko; Mediapartners-Google) Chrome/137.0.7151.119 Mobile Safari/537.36"
72.14.199.131 - - [12/Jul/2025:23:43:51 +0530] "GET /public/new-assets/gallery/rangamati-banner1.jpg HTTP/1.1" 200 647345 "http://rmpharma.in/" "Mozilla/5.0 (Linux; Android 4.0.4; Galaxy Nexus Build/IMM76B) AppleWebKit/537.36 (KHTML, like Gecko; Mediapartners-Google) Chrome/137.0.7151.119 Mobile Safari/537.36"
72.14.199.131 - - [12/Jul/2025:23:43:51 +0530] "GET /public/node_modules/bootstrap/dist/js/bootstrap.bundle.js HTTP/1.1" 200 41763 "http://rmpharma.in/" "Mozilla/5.0 (Linux; Android 4.0.4; Galaxy Nexus Build/IMM76B) AppleWebKit/537.36 (KHTML, like Gecko; Mediapartners-Google) Chrome/137.0.7151.119 Mobile Safari/537.36"
72.14.199.131 - - [12/Jul/2025:23:43:51 +0530] "GET /public/new-assets/img/West_Bengal_University_of_Health_Sciences_Logo.svg.png HTTP/1.1" 200 49202 "http://rmpharma.in/" "Mozilla/5.0 (Linux; Android 4.0.4; Galaxy Nexus Build/IMM76B) AppleWebKit/537.36 (KHTML, like Gecko; Mediapartners-Google) Chrome/137.0.7151.119 Mobile Safari/537.36"
72.14.199.132 - - [12/Jul/2025:23:43:51 +0530] "GET /public/new-assets/img/rangamati_logo.png HTTP/1.1" 200 443531 "http://rmpharma.in/" "Mozilla/5.0 (Macintosh; Intel Mac OS X 10_7_3) AppleWebKit/537.36 (KHTML, like Gecko, Mediapartners-Google) Chrome/137.0.7151.119 Safari/537.36"
72.14.199.131 - - [12/Jul/2025:23:43:51 +0530] "GET /assets/images/convo-images/loading.gif HTTP/1.1" 200 13365 "http://rmpharma.in/" "Mozilla/5.0 (Linux; Android 4.0.4; Galaxy Nexus Build/IMM76B) AppleWebKit/537.36 (KHTML, like Gecko; Mediapartners-Google) Chrome/137.0.7151.119 Mobile Safari/537.36"
72.14.199.131 - - [12/Jul/2025:23:43:51 +0530] "GET /public/assets/js/modernizr.custom.26633.js HTTP/1.1" 200 3913 "http://rmpharma.in/" "Mozilla/5.0 (Macintosh; Intel Mac OS X 10_7_3) AppleWebKit/537.36 (KHTML, like Gecko, Mediapartners-Google) Chrome/137.0.7151.119 Safari/537.36"
72.14.199.131 - - [12/Jul/2025:23:43:51 +0530] "GET /public/node_modules/bootstrap/dist/js/bootstrap.bundle.js HTTP/1.1" 200 41763 "http://rmpharma.in/" "Mozilla/5.0 (Macintosh; Intel Mac OS X 10_7_3) AppleWebKit/537.36 (KHTML, like Gecko, Mediapartners-Google) Chrome/137.0.7151.119 Safari/537.36"
72.14.199.132 - - [12/Jul/2025:23:43:51 +0530] "GET /public/new-assets/img/sikshapedia-prefferd-college-icon.png HTTP/1.1" 200 46759 "http://rmpharma.in/" "Mozilla/5.0 (Macintosh; Intel Mac OS X 10_7_3) AppleWebKit/537.36 (KHTML, like Gecko, Mediapartners-Google) Chrome/137.0.7151.119 Safari/537.36"
72.14.199.131 - - [12/Jul/2025:23:43:51 +0530] "GET /public/new-assets/js/owl.carousel.min.js HTTP/1.1" 200 11143 "http://rmpharma.in/" "Mozilla/5.0 (Macintosh; Intel Mac OS X 10_7_3) AppleWebKit/537.36 (KHTML, like Gecko, Mediapartners-Google) Chrome/137.0.7151.119 Safari/537.36"
72.14.199.131 - - [12/Jul/2025:23:43:51 +0530] "GET /public/new-assets/img/West_Bengal_University_of_Health_Sciences_Logo.svg.png HTTP/1.1" 200 49202 "http://rmpharma.in/" "Mozilla/5.0 (Macintosh; Intel Mac OS X 10_7_3) AppleWebKit/537.36 (KHTML, like Gecko, Mediapartners-Google) Chrome/137.0.7151.119 Safari/537.36"
72.14.199.132 - - [12/Jul/2025:23:43:50 +0530] "GET /public/new-assets/img/rangamati_logo.png HTTP/1.1" 200 443531 "http://rmpharma.in/" "Mozilla/5.0 (Linux; Android 4.0.4; Galaxy Nexus Build/IMM76B) AppleWebKit/537.36 (KHTML, like Gecko; Mediapartners-Google) Chrome/137.0.7151.119 Mobile Safari/537.36"
72.14.199.132 - - [12/Jul/2025:23:43:51 +0530] "GET /public/new-assets/img/wbsctelogo.png HTTP/1.1" 200 69348 "http://rmpharma.in/" "Mozilla/5.0 (Macintosh; Intel Mac OS X 10_7_3) AppleWebKit/537.36 (KHTML, like Gecko, Mediapartners-Google) Chrome/137.0.7151.119 Safari/537.36"
72.14.199.131 - - [12/Jul/2025:23:43:51 +0530] "GET /public/assets/js/jquery-migrate-3.4.0.min.js HTTP/1.1" 200 4603 "http://rmpharma.in/" "Mozilla/5.0 (Macintosh; Intel Mac OS X 10_7_3) AppleWebKit/537.36 (KHTML, like Gecko, Mediapartners-Google) Chrome/137.0.7151.119 Safari/537.36"
72.14.199.131 - - [12/Jul/2025:23:43:51 +0530] "GET /public/new-assets/gallery/gal1.jpg HTTP/1.1" 200 218020 "http://rmpharma.in/" "Mozilla/5.0 (Linux; Android 4.0.4; Galaxy Nexus Build/IMM76B) AppleWebKit/537.36 (KHTML, like Gecko; Mediapartners-Google) Chrome/137.0.7151.119 Mobile Safari/537.36"
72.14.199.131 - - [12/Jul/2025:23:43:51 +0530] "GET /public/new-assets/gallery/gal2.jpg HTTP/1.1" 200 144518 "http://rmpharma.in/" "Mozilla/5.0 (Linux; Android 4.0.4; Galaxy Nexus Build/IMM76B) AppleWebKit/537.36 (KHTML, like Gecko; Mediapartners-Google) Chrome/137.0.7151.119 Mobile Safari/537.36"
72.14.199.131 - - [12/Jul/2025:23:43:51 +0530] "GET /public/new-assets/gallery/gal7.jpg HTTP/1.1" 200 260984 "http://rmpharma.in/" "Mozilla/5.0 (Linux; Android 4.0.4; Galaxy Nexus Build/IMM76B) AppleWebKit/537.36 (KHTML, like Gecko; Mediapartners-Google) Chrome/137.0.7151.119 Mobile Safari/537.36"
72.14.199.132 - - [12/Jul/2025:23:43:52 +0530] "GET /public/new-assets/img/Pharmacy_Council_of_India_Logo.png HTTP/1.1" 200 110367 "http://rmpharma.in/" "Mozilla/5.0 (Macintosh; Intel Mac OS X 10_7_3) AppleWebKit/537.36 (KHTML, like Gecko, Mediapartners-Google) Chrome/137.0.7151.119 Safari/537.36"
72.14.199.132 - - [12/Jul/2025:23:43:52 +0530] "GET /public/new-assets/js/jquery.fancybox.min.js HTTP/1.1" 200 21014 "http://rmpharma.in/" "Mozilla/5.0 (Macintosh; Intel Mac OS X 10_7_3) AppleWebKit/537.36 (KHTML, like Gecko, Mediapartners-Google) Chrome/137.0.7151.119 Safari/537.36"
72.14.199.131 - - [12/Jul/2025:23:43:52 +0530] "GET /public/assets/js/jquery.gridrotator.js HTTP/1.1" 200 5320 "http://rmpharma.in/" "Mozilla/5.0 (Macintosh; Intel Mac OS X 10_7_3) AppleWebKit/537.36 (KHTML, like Gecko, Mediapartners-Google) Chrome/137.0.7151.119 Safari/537.36"
72.14.199.131 - - [12/Jul/2025:23:43:52 +0530] "GET /assets/images/convo-images/loading.gif HTTP/1.1" 200 13365 "http://rmpharma.in/" "Mozilla/5.0 (Macintosh; Intel Mac OS X 10_7_3) AppleWebKit/537.36 (KHTML, like Gecko, Mediapartners-Google) Chrome/137.0.7151.119 Safari/537.36"
72.14.199.131 - - [12/Jul/2025:23:43:51 +0530] "GET /public/new-assets/gallery/gal9.jpg HTTP/1.1" 200 161507 "http://rmpharma.in/" "Mozilla/5.0 (Linux; Android 4.0.4; Galaxy Nexus Build/IMM76B) AppleWebKit/537.36 (KHTML, like Gecko; Mediapartners-Google) Chrome/137.0.7151.119 Mobile Safari/537.36"
72.14.199.131 - - [12/Jul/2025:23:43:51 +0530] "GET /public/new-assets/gallery/gal5.jpg HTTP/1.1" 200 173288 "http://rmpharma.in/" "Mozilla/5.0 (Linux; Android 4.0.4; Galaxy Nexus Build/IMM76B) AppleWebKit/537.36 (KHTML, like Gecko; Mediapartners-Google) Chrome/137.0.7151.119 Mobile Safari/537.36"
72.14.199.131 - - [12/Jul/2025:23:43:51 +0530] "GET /public/assets/images/new-img/college-building-5-600.jpg HTTP/1.1" 200 116698 "http://rmpharma.in/" "Mozilla/5.0 (Linux; Android 4.0.4; Galaxy Nexus Build/IMM76B) AppleWebKit/537.36 (KHTML, like Gecko; Mediapartners-Google) Chrome/137.0.7151.119 Mobile Safari/537.36"
72.14.199.132 - - [12/Jul/2025:23:43:51 +0530] "GET /public/new-assets/img/Pharmacy_Council_of_India_Logo.png HTTP/1.1" 200 110367 "http://rmpharma.in/" "Mozilla/5.0 (Linux; Android 4.0.4; Galaxy Nexus Build/IMM76B) AppleWebKit/537.36 (KHTML, like Gecko; Mediapartners-Google) Chrome/137.0.7151.119 Mobile Safari/537.36"
72.14.199.131 - - [12/Jul/2025:23:43:51 +0530] "GET /public/assets/images/new-img/college-building-600.jpg HTTP/1.1" 200 120944 "http://rmpharma.in/" "Mozilla/5.0 (Macintosh; Intel Mac OS X 10_7_3) AppleWebKit/537.36 (KHTML, like Gecko, Mediapartners-Google) Chrome/137.0.7151.119 Safari/537.36"
72.14.199.131 - - [12/Jul/2025:23:43:51 +0530] "GET /public/new-assets/gallery/gal5.jpg HTTP/1.1" 200 173288 "http://rmpharma.in/" "Mozilla/5.0 (Macintosh; Intel Mac OS X 10_7_3) AppleWebKit/537.36 (KHTML, like Gecko, Mediapartners-Google) Chrome/137.0.7151.119 Safari/537.36"
72.14.199.131 - - [12/Jul/2025:23:43:51 +0530] "GET /public/assets/images/new-img/college-building-600.jpg HTTP/1.1" 200 120944 "http://rmpharma.in/" "Mozilla/5.0 (Linux; Android 4.0.4; Galaxy Nexus Build/IMM76B) AppleWebKit/537.36 (KHTML, like Gecko; Mediapartners-Google) Chrome/137.0.7151.119 Mobile Safari/537.36"
72.14.199.132 - - [12/Jul/2025:23:43:51 +0530] "GET /public/new-assets/gallery/gal6.jpg HTTP/1.1" 200 324269 "http://rmpharma.in/" "Mozilla/5.0 (Linux; Android 4.0.4; Galaxy Nexus Build/IMM76B) AppleWebKit/537.36 (KHTML, like Gecko; Mediapartners-Google) Chrome/137.0.7151.119 Mobile Safari/537.36"
72.14.199.131 - - [12/Jul/2025:23:43:51 +0530] "GET /public/new-assets/gallery/course3.jpg HTTP/1.1" 200 738208 "http://rmpharma.in/" "Mozilla/5.0 (Linux; Android 4.0.4; Galaxy Nexus Build/IMM76B) AppleWebKit/537.36 (KHTML, like Gecko; Mediapartners-Google) Chrome/137.0.7151.119 Mobile Safari/537.36"
72.14.199.132 - - [12/Jul/2025:23:43:51 +0530] "GET /public/new-assets/gallery/gal3.jpg HTTP/1.1" 200 267463 "http://rmpharma.in/" "Mozilla/5.0 (Linux; Android 4.0.4; Galaxy Nexus Build/IMM76B) AppleWebKit/537.36 (KHTML, like Gecko; Mediapartners-Google) Chrome/137.0.7151.119 Mobile Safari/537.36"
72.14.199.132 - - [12/Jul/2025:23:43:51 +0530] "GET /public/new-assets/gallery/gal10.jpg HTTP/1.1" 200 196630 "http://rmpharma.in/" "Mozilla/5.0 (Linux; Android 4.0.4; Galaxy Nexus Build/IMM76B) AppleWebKit/537.36 (KHTML, like Gecko; Mediapartners-Google) Chrome/137.0.7151.119 Mobile Safari/537.36"
72.14.199.131 - - [12/Jul/2025:23:43:51 +0530] "GET /public/new-assets/gallery/college.png HTTP/1.1" 200 622025 "http://rmpharma.in/" "Mozilla/5.0 (Linux; Android 4.0.4; Galaxy Nexus Build/IMM76B) AppleWebKit/537.36 (KHTML, like Gecko; Mediapartners-Google) Chrome/137.0.7151.119 Mobile Safari/537.36"
72.14.199.131 - - [12/Jul/2025:23:43:51 +0530] "GET /public/new-assets/gallery/gal12.jpg HTTP/1.1" 200 224872 "http://rmpharma.in/" "Mozilla/5.0 (Linux; Android 4.0.4; Galaxy Nexus Build/IMM76B) AppleWebKit/537.36 (KHTML, like Gecko; Mediapartners-Google) Chrome/137.0.7151.119 Mobile Safari/537.36"
72.14.199.132 - - [12/Jul/2025:23:43:52 +0530] "GET /public/assets/images/new-img/college-building-5-600.jpg HTTP/1.1" 200 116698 "http://rmpharma.in/" "Mozilla/5.0 (Macintosh; Intel Mac OS X 10_7_3) AppleWebKit/537.36 (KHTML, like Gecko, Mediapartners-Google) Chrome/137.0.7151.119 Safari/537.36"
72.14.199.131 - - [12/Jul/2025:23:43:51 +0530] "GET /public/img/holiday-notice.png HTTP/1.1" 200 310633 "http://rmpharma.in/" "Mozilla/5.0 (Linux; Android 4.0.4; Galaxy Nexus Build/IMM76B) AppleWebKit/537.36 (KHTML, like Gecko; Mediapartners-Google) Chrome/137.0.7151.119 Mobile Safari/537.36"
72.14.199.131 - - [12/Jul/2025:23:43:51 +0530] "GET /public/new-assets/gallery/gal12.jpg HTTP/1.1" 200 224872 "http://rmpharma.in/" "Mozilla/5.0 (Macintosh; Intel Mac OS X 10_7_3) AppleWebKit/537.36 (KHTML, like Gecko, Mediapartners-Google) Chrome/137.0.7151.119 Safari/537.36"
72.14.199.132 - - [12/Jul/2025:23:43:51 +0530] "GET /public/new-assets/gallery/gal10.jpg HTTP/1.1" 200 196630 "http://rmpharma.in/" "Mozilla/5.0 (Macintosh; Intel Mac OS X 10_7_3) AppleWebKit/537.36 (KHTML, like Gecko, Mediapartners-Google) Chrome/137.0.7151.119 Safari/537.36"
72.14.199.131 - - [12/Jul/2025:23:43:52 +0530] "GET /public/new-assets/gallery/gal2.jpg HTTP/1.1" 200 144518 "http://rmpharma.in/" "Mozilla/5.0 (Macintosh; Intel Mac OS X 10_7_3) AppleWebKit/537.36 (KHTML, like Gecko, Mediapartners-Google) Chrome/137.0.7151.119 Safari/537.36"
72.14.199.131 - - [12/Jul/2025:23:43:52 +0530] "GET /public/new-assets/gallery/gal9.jpg HTTP/1.1" 200 161507 "http://rmpharma.in/" "Mozilla/5.0 (Macintosh; Intel Mac OS X 10_7_3) AppleWebKit/537.36 (KHTML, like Gecko, Mediapartners-Google) Chrome/137.0.7151.119 Safari/537.36"
72.14.199.132 - - [12/Jul/2025:23:43:51 +0530] "GET /public/new-assets/gallery/course2.jpg HTTP/1.1" 200 788791 "http://rmpharma.in/" "Mozilla/5.0 (Linux; Android 4.0.4; Galaxy Nexus Build/IMM76B) AppleWebKit/537.36 (KHTML, like Gecko; Mediapartners-Google) Chrome/137.0.7151.119 Mobile Safari/537.36"
72.14.199.132 - - [12/Jul/2025:23:43:51 +0530] "GET /public/new-assets/gallery/contact.png HTTP/1.1" 200 474343 "http://rmpharma.in/" "Mozilla/5.0 (Linux; Android 4.0.4; Galaxy Nexus Build/IMM76B) AppleWebKit/537.36 (KHTML, like Gecko; Mediapartners-Google) Chrome/137.0.7151.119 Mobile Safari/537.36"
72.14.199.132 - - [12/Jul/2025:23:43:52 +0530] "GET /public/img/holiday-notice.png HTTP/1.1" 200 310633 "http://rmpharma.in/" "Mozilla/5.0 (Macintosh; Intel Mac OS X 10_7_3) AppleWebKit/537.36 (KHTML, like Gecko, Mediapartners-Google) Chrome/137.0.7151.119 Safari/537.36"
72.14.199.131 - - [12/Jul/2025:23:43:51 +0530] "GET /public/new-assets/gallery/rangamati-banner3.jpg HTTP/1.1" 200 519842 "http://rmpharma.in/" "Mozilla/5.0 (Linux; Android 4.0.4; Galaxy Nexus Build/IMM76B) AppleWebKit/537.36 (KHTML, like Gecko; Mediapartners-Google) Chrome/137.0.7151.119 Mobile Safari/537.36"
72.14.199.132 - - [12/Jul/2025:23:43:51 +0530] "GET /public/new-assets/gallery/course1.jpg HTTP/1.1" 200 717406 "http://rmpharma.in/" "Mozilla/5.0 (Linux; Android 4.0.4; Galaxy Nexus Build/IMM76B) AppleWebKit/537.36 (KHTML, like Gecko; Mediapartners-Google) Chrome/137.0.7151.119 Mobile Safari/537.36"
72.14.199.131 - - [12/Jul/2025:23:43:52 +0530] "GET /public/new-assets/gallery/gal1.jpg HTTP/1.1" 200 218020 "http://rmpharma.in/" "Mozilla/5.0 (Macintosh; Intel Mac OS X 10_7_3) AppleWebKit/537.36 (KHTML, like Gecko, Mediapartners-Google) Chrome/137.0.7151.119 Safari/537.36"
72.14.199.132 - - [12/Jul/2025:23:43:51 +0530] "GET /public/new-assets/gallery/rangamati_logo.png HTTP/1.1" 200 443531 "http://rmpharma.in/" "Mozilla/5.0 (Linux; Android 4.0.4; Galaxy Nexus Build/IMM76B) AppleWebKit/537.36 (KHTML, like Gecko; Mediapartners-Google) Chrome/137.0.7151.119 Mobile Safari/537.36"
72.14.199.131 - - [12/Jul/2025:23:43:51 +0530] "GET /public/new-assets/gallery/rangamati-banner1.jpg HTTP/1.1" 200 647345 "http://rmpharma.in/" "Mozilla/5.0 (Macintosh; Intel Mac OS X 10_7_3) AppleWebKit/537.36 (KHTML, like Gecko, Mediapartners-Google) Chrome/137.0.7151.119 Safari/537.36"
72.14.199.132 - - [12/Jul/2025:23:43:52 +0530] "GET /public/new-assets/gallery/gal3.jpg HTTP/1.1" 200 267463 "http://rmpharma.in/" "Mozilla/5.0 (Macintosh; Intel Mac OS X 10_7_3) AppleWebKit/537.36 (KHTML, like Gecko, Mediapartners-Google) Chrome/137.0.7151.119 Safari/537.36"
72.14.199.132 - - [12/Jul/2025:23:43:52 +0530] "GET /public/new-assets/gallery/gal7.jpg HTTP/1.1" 200 260984 "http://rmpharma.in/" "Mozilla/5.0 (Macintosh; Intel Mac OS X 10_7_3) AppleWebKit/537.36 (KHTML, like Gecko, Mediapartners-Google) Chrome/137.0.7151.119 Safari/537.36"
72.14.199.131 - - [12/Jul/2025:23:43:51 +0530] "GET /public/new-assets/gallery/rangamati-banner3.jpg HTTP/1.1" 200 519842 "http://rmpharma.in/" "Mozilla/5.0 (Macintosh; Intel Mac OS X 10_7_3) AppleWebKit/537.36 (KHTML, like Gecko, Mediapartners-Google) Chrome/137.0.7151.119 Safari/537.36"
72.14.199.132 - - [12/Jul/2025:23:43:52 +0530] "GET /public/new-assets/gallery/gal8.jpg HTTP/1.1" 200 258541 "http://rmpharma.in/" "Mozilla/5.0 (Macintosh; Intel Mac OS X 10_7_3) AppleWebKit/537.36 (KHTML, like Gecko, Mediapartners-Google) Chrome/137.0.7151.119 Safari/537.36"
72.14.199.132 - - [12/Jul/2025:23:43:51 +0530] "GET /public/new-assets/gallery/rangamati-banner2.jpg HTTP/1.1" 200 1019398 "http://rmpharma.in/" "Mozilla/5.0 (Linux; Android 4.0.4; Galaxy Nexus Build/IMM76B) AppleWebKit/537.36 (KHTML, like Gecko; Mediapartners-Google) Chrome/137.0.7151.119 Mobile Safari/537.36"
72.14.199.131 - - [12/Jul/2025:23:43:52 +0530] "GET /public/new-assets/gallery/gal6.jpg HTTP/1.1" 200 324269 "http://rmpharma.in/" "Mozilla/5.0 (Macintosh; Intel Mac OS X 10_7_3) AppleWebKit/537.36 (KHTML, like Gecko, Mediapartners-Google) Chrome/137.0.7151.119 Safari/537.36"
72.14.199.132 - - [12/Jul/2025:23:43:51 +0530] "GET /public/new-assets/gallery/rangamati_logo.png HTTP/1.1" 200 443531 "http://rmpharma.in/" "Mozilla/5.0 (Macintosh; Intel Mac OS X 10_7_3) AppleWebKit/537.36 (KHTML, like Gecko, Mediapartners-Google) Chrome/137.0.7151.119 Safari/537.36"
72.14.199.131 - - [12/Jul/2025:23:43:52 +0530] "GET /public/new-assets/gallery/course1.jpg HTTP/1.1" 200 717406 "http://rmpharma.in/" "Mozilla/5.0 (Macintosh; Intel Mac OS X 10_7_3) AppleWebKit/537.36 (KHTML, like Gecko, Mediapartners-Google) Chrome/137.0.7151.119 Safari/537.36"
72.14.199.132 - - [12/Jul/2025:23:43:52 +0530] "GET /public/new-assets/gallery/college.png HTTP/1.1" 200 622025 "http://rmpharma.in/" "Mozilla/5.0 (Macintosh; Intel Mac OS X 10_7_3) AppleWebKit/537.36 (KHTML, like Gecko, Mediapartners-Google) Chrome/137.0.7151.119 Safari/537.36"
72.14.199.131 - - [12/Jul/2025:23:43:52 +0530] "GET /public/new-assets/gallery/contact.png HTTP/1.1" 200 474343 "http://rmpharma.in/" "Mozilla/5.0 (Macintosh; Intel Mac OS X 10_7_3) AppleWebKit/537.36 (KHTML, like Gecko, Mediapartners-Google) Chrome/137.0.7151.119 Safari/537.36"
72.14.199.131 - - [12/Jul/2025:23:43:52 +0530] "GET /public/new-assets/gallery/rangamati-banner2.jpg HTTP/1.1" 200 1019398 "http://rmpharma.in/" "Mozilla/5.0 (Macintosh; Intel Mac OS X 10_7_3) AppleWebKit/537.36 (KHTML, like Gecko, Mediapartners-Google) Chrome/137.0.7151.119 Safari/537.36"
72.14.199.131 - - [12/Jul/2025:23:43:52 +0530] "GET /public/new-assets/gallery/course3.jpg HTTP/1.1" 200 738208 "http://rmpharma.in/" "Mozilla/5.0 (Macintosh; Intel Mac OS X 10_7_3) AppleWebKit/537.36 (KHTML, like Gecko, Mediapartners-Google) Chrome/137.0.7151.119 Safari/537.36"
72.14.199.132 - - [12/Jul/2025:23:43:52 +0530] "GET /public/new-assets/gallery/course2.jpg HTTP/1.1" 200 788791 "http://rmpharma.in/" "Mozilla/5.0 (Macintosh; Intel Mac OS X 10_7_3) AppleWebKit/537.36 (KHTML, like Gecko, Mediapartners-Google) Chrome/137.0.7151.119 Safari/537.36"
72.14.199.131 - - [12/Jul/2025:23:43:55 +0530] "GET /public/new-assets/fonts/Metropolis-Light.woff2 HTTP/1.1" 200 73 "http://rmpharma.in/public/new-assets/css/style.css" "Mozilla/5.0 (Linux; Android 4.0.4; Galaxy Nexus Build/IMM76B) AppleWebKit/537.36 (KHTML, like Gecko; Mediapartners-Google) Chrome/137.0.7151.119 Mobile Safari/537.36"
72.14.199.132 - - [12/Jul/2025:23:43:56 +0530] "GET /public/new-assets/img/angle-left.svg HTTP/1.1" 200 283 "http://rmpharma.in/" "Mozilla/5.0 (Linux; Android 4.0.4; Galaxy Nexus Build/IMM76B) AppleWebKit/537.36 (KHTML, like Gecko; Mediapartners-Google) Chrome/137.0.7151.119 Mobile Safari/537.36"
72.14.199.138 - - [12/Jul/2025:23:43:56 +0530] "GET /public/new-assets/img/top-arrow.svg HTTP/1.1" 200 265 "http://rmpharma.in/" "Mozilla/5.0 (Linux; Android 4.0.4; Galaxy Nexus Build/IMM76B) AppleWebKit/537.36 (KHTML, like Gecko; Mediapartners-Google) Chrome/137.0.7151.119 Mobile Safari/537.36"
72.14.199.136 - - [12/Jul/2025:23:43:56 +0530] "GET /public/new-assets/fonts/Metropolis-Bold.woff2 HTTP/1.1" 200 72 "http://rmpharma.in/public/new-assets/css/style.css" "Mozilla/5.0 (Linux; Android 4.0.4; Galaxy Nexus Build/IMM76B) AppleWebKit/537.36 (KHTML, like Gecko; Mediapartners-Google) Chrome/137.0.7151.119 Mobile Safari/537.36"
72.14.199.135 - - [12/Jul/2025:23:43:56 +0530] "GET /public/new-assets/fonts/Metropolis-Medium.woff2 HTTP/1.1" 200 74 "http://rmpharma.in/public/new-assets/css/style.css" "Mozilla/5.0 (Linux; Android 4.0.4; Galaxy Nexus Build/IMM76B) AppleWebKit/537.36 (KHTML, like Gecko; Mediapartners-Google) Chrome/137.0.7151.119 Mobile Safari/537.36"
72.14.199.134 - - [12/Jul/2025:23:43:56 +0530] "GET /public/new-assets/fonts/Metropolis-Regular.woff2 HTTP/1.1" 200 75 "http://rmpharma.in/public/new-assets/css/style.css" "Mozilla/5.0 (Linux; Android 4.0.4; Galaxy Nexus Build/IMM76B) AppleWebKit/537.36 (KHTML, like Gecko; Mediapartners-Google) Chrome/137.0.7151.119 Mobile Safari/537.36"
72.14.199.133 - - [12/Jul/2025:23:43:56 +0530] "GET /public/new-assets/fonts/StayClassySLDT.woff2 HTTP/1.1" 200 71 "http://rmpharma.in/public/new-assets/css/style.css" "Mozilla/5.0 (Linux; Android 4.0.4; Galaxy Nexus Build/IMM76B) AppleWebKit/537.36 (KHTML, like Gecko; Mediapartners-Google) Chrome/137.0.7151.119 Mobile Safari/537.36"
72.14.199.137 - - [12/Jul/2025:23:43:56 +0530] "GET /public/new-assets/fonts/Metropolis-Black.woff2 HTTP/1.1" 200 73 "http://rmpharma.in/public/new-assets/css/style.css" "Mozilla/5.0 (Linux; Android 4.0.4; Galaxy Nexus Build/IMM76B) AppleWebKit/537.36 (KHTML, like Gecko; Mediapartners-Google) Chrome/137.0.7151.119 Mobile Safari/537.36"
72.14.199.137 - - [12/Jul/2025:23:43:56 +0530] "GET /public/new-assets/img/angle-right.svg HTTP/1.1" 200 276 "http://rmpharma.in/" "Mozilla/5.0 (Linux; Android 4.0.4; Galaxy Nexus Build/IMM76B) AppleWebKit/537.36 (KHTML, like Gecko; Mediapartners-Google) Chrome/137.0.7151.119 Mobile Safari/537.36"
72.14.199.131 - - [12/Jul/2025:23:43:56 +0530] "GET /public/new-assets/fonts/Metropolis-Bold.woff HTTP/1.1" 200 18272 "http://rmpharma.in/public/new-assets/css/style.css" "Mozilla/5.0 (Linux; Android 4.0.4; Galaxy Nexus Build/IMM76B) AppleWebKit/537.36 (KHTML, like Gecko; Mediapartners-Google) Chrome/137.0.7151.119 Mobile Safari/537.36"
72.14.199.132 - - [12/Jul/2025:23:43:56 +0530] "GET /public/new-assets/fonts/Metropolis-Black.woff HTTP/1.1" 200 18032 "http://rmpharma.in/public/new-assets/css/style.css" "Mozilla/5.0 (Linux; Android 4.0.4; Galaxy Nexus Build/IMM76B) AppleWebKit/537.36 (KHTML, like Gecko; Mediapartners-Google) Chrome/137.0.7151.119 Mobile Safari/537.36"
72.14.199.134 - - [12/Jul/2025:23:43:56 +0530] "GET /public/new-assets/fonts/Metropolis-Medium.woff HTTP/1.1" 200 18324 "http://rmpharma.in/public/new-assets/css/style.css" "Mozilla/5.0 (Linux; Android 4.0.4; Galaxy Nexus Build/IMM76B) AppleWebKit/537.36 (KHTML, like Gecko; Mediapartners-Google) Chrome/137.0.7151.119 Mobile Safari/537.36"
72.14.199.136 - - [12/Jul/2025:23:43:56 +0530] "GET /public/new-assets/fonts/Metropolis-Light.woff HTTP/1.1" 200 18056 "http://rmpharma.in/public/new-assets/css/style.css" "Mozilla/5.0 (Linux; Android 4.0.4; Galaxy Nexus Build/IMM76B) AppleWebKit/537.36 (KHTML, like Gecko; Mediapartners-Google) Chrome/137.0.7151.119 Mobile Safari/537.36"
72.14.199.131 - - [12/Jul/2025:23:43:56 +0530] "GET /public/new-assets/fonts/Metropolis-Regular.woff HTTP/1.1" 200 18180 "http://rmpharma.in/public/new-assets/css/style.css" "Mozilla/5.0 (Linux; Android 4.0.4; Galaxy Nexus Build/IMM76B) AppleWebKit/537.36 (KHTML, like Gecko; Mediapartners-Google) Chrome/137.0.7151.119 Mobile Safari/537.36"
72.14.199.132 - - [12/Jul/2025:23:43:56 +0530] "GET /public/new-assets/fonts/StayClassySLDT.woff HTTP/1.1" 200 68780 "http://rmpharma.in/public/new-assets/css/style.css" "Mozilla/5.0 (Linux; Android 4.0.4; Galaxy Nexus Build/IMM76B) AppleWebKit/537.36 (KHTML, like Gecko; Mediapartners-Google) Chrome/137.0.7151.119 Mobile Safari/537.36"
72.14.199.131 - - [12/Jul/2025:23:43:56 +0530] "GET /public/new-assets/gallery/gal13.jpg HTTP/1.1" 200 1212466 "http://rmpharma.in/" "Mozilla/5.0 (Linux; Android 4.0.4; Galaxy Nexus Build/IMM76B) AppleWebKit/537.36 (KHTML, like Gecko; Mediapartners-Google) Chrome/137.0.7151.119 Mobile Safari/537.36"
72.14.199.138 - - [12/Jul/2025:23:43:56 +0530] "GET /public/new-assets/img/pharma-img/chooseus.jpg HTTP/1.1" 200 713176 "http://rmpharma.in/" "Mozilla/5.0 (Linux; Android 4.0.4; Galaxy Nexus Build/IMM76B) AppleWebKit/537.36 (KHTML, like Gecko; Mediapartners-Google) Chrome/137.0.7151.119 Mobile Safari/537.36"
72.14.199.136 - - [12/Jul/2025:23:43:56 +0530] "GET /public/new-assets/gallery/notice.png HTTP/1.1" 200 1077550 "http://rmpharma.in/public/new-assets/css/style.css" "Mozilla/5.0 (Linux; Android 4.0.4; Galaxy Nexus Build/IMM76B) AppleWebKit/537.36 (KHTML, like Gecko; Mediapartners-Google) Chrome/137.0.7151.119 Mobile Safari/537.36"
72.14.199.132 - - [12/Jul/2025:23:43:56 +0530] "GET /public/new-assets/gallery/gal14.jpg HTTP/1.1" 200 782383 "http://rmpharma.in/" "Mozilla/5.0 (Linux; Android 4.0.4; Galaxy Nexus Build/IMM76B) AppleWebKit/537.36 (KHTML, like Gecko; Mediapartners-Google) Chrome/137.0.7151.119 Mobile Safari/537.36"
72.14.199.137 - - [12/Jul/2025:23:44:04 +0530] "GET /public/new-assets/fonts/Metropolis-Medium.woff2 HTTP/1.1" 200 74 "http://www.rmpharma.in/public/new-assets/css/style.css" "Mozilla/5.0 (Macintosh; Intel Mac OS X 10_7_3) AppleWebKit/537.36 (KHTML, like Gecko, Mediapartners-Google) Chrome/137.0.7151.119 Safari/537.36"
72.14.199.135 - - [12/Jul/2025:23:44:04 +0530] "GET /public/new-assets/fonts/StayClassySLDT.woff2 HTTP/1.1" 200 71 "http://www.rmpharma.in/public/new-assets/css/style.css" "Mozilla/5.0 (Macintosh; Intel Mac OS X 10_7_3) AppleWebKit/537.36 (KHTML, like Gecko, Mediapartners-Google) Chrome/137.0.7151.119 Safari/537.36"
72.14.199.135 - - [12/Jul/2025:23:44:04 +0530] "GET /public/new-assets/fonts/Metropolis-Light.woff2 HTTP/1.1" 200 73 "http://www.rmpharma.in/public/new-assets/css/style.css" "Mozilla/5.0 (Macintosh; Intel Mac OS X 10_7_3) AppleWebKit/537.36 (KHTML, like Gecko, Mediapartners-Google) Chrome/137.0.7151.119 Safari/537.36"
72.14.199.136 - - [12/Jul/2025:23:44:04 +0530] "GET /public/new-assets/fonts/Metropolis-Bold.woff2 HTTP/1.1" 200 72 "http://www.rmpharma.in/public/new-assets/css/style.css" "Mozilla/5.0 (Macintosh; Intel Mac OS X 10_7_3) AppleWebKit/537.36 (KHTML, like Gecko, Mediapartners-Google) Chrome/137.0.7151.119 Safari/537.36"
72.14.199.136 - - [12/Jul/2025:23:44:04 +0530] "GET /public/new-assets/fonts/Metropolis-Regular.woff2 HTTP/1.1" 200 75 "http://www.rmpharma.in/public/new-assets/css/style.css" "Mozilla/5.0 (Macintosh; Intel Mac OS X 10_7_3) AppleWebKit/537.36 (KHTML, like Gecko, Mediapartners-Google) Chrome/137.0.7151.119 Safari/537.36"
72.14.199.135 - - [12/Jul/2025:23:44:04 +0530] "GET /public/new-assets/img/top-arrow.svg HTTP/1.1" 200 265 "http://www.rmpharma.in/" "Mozilla/5.0 (Macintosh; Intel Mac OS X 10_7_3) AppleWebKit/537.36 (KHTML, like Gecko, Mediapartners-Google) Chrome/137.0.7151.119 Safari/537.36"
72.14.199.136 - - [12/Jul/2025:23:44:04 +0530] "GET /public/new-assets/fonts/Metropolis-Black.woff2 HTTP/1.1" 200 73 "http://www.rmpharma.in/public/new-assets/css/style.css" "Mozilla/5.0 (Macintosh; Intel Mac OS X 10_7_3) AppleWebKit/537.36 (KHTML, like Gecko, Mediapartners-Google) Chrome/137.0.7151.119 Safari/537.36"
72.14.199.137 - - [12/Jul/2025:23:44:04 +0530] "GET /public/new-assets/img/angle-right.svg HTTP/1.1" 200 276 "http://www.rmpharma.in/" "Mozilla/5.0 (Macintosh; Intel Mac OS X 10_7_3) AppleWebKit/537.36 (KHTML, like Gecko, Mediapartners-Google) Chrome/137.0.7151.119 Safari/537.36"
72.14.199.136 - - [12/Jul/2025:23:44:04 +0530] "GET /public/new-assets/img/angle-left.svg HTTP/1.1" 200 283 "http://www.rmpharma.in/" "Mozilla/5.0 (Macintosh; Intel Mac OS X 10_7_3) AppleWebKit/537.36 (KHTML, like Gecko, Mediapartners-Google) Chrome/137.0.7151.119 Safari/537.36"
72.14.199.136 - - [12/Jul/2025:23:44:04 +0530] "GET /public/new-assets/fonts/Metropolis-Medium.woff HTTP/1.1" 200 18324 "http://www.rmpharma.in/public/new-assets/css/style.css" "Mozilla/5.0 (Macintosh; Intel Mac OS X 10_7_3) AppleWebKit/537.36 (KHTML, like Gecko, Mediapartners-Google) Chrome/137.0.7151.119 Safari/537.36"
72.14.199.135 - - [12/Jul/2025:23:44:04 +0530] "GET /public/new-assets/fonts/StayClassySLDT.woff HTTP/1.1" 200 68780 "http://www.rmpharma.in/public/new-assets/css/style.css" "Mozilla/5.0 (Macintosh; Intel Mac OS X 10_7_3) AppleWebKit/537.36 (KHTML, like Gecko, Mediapartners-Google) Chrome/137.0.7151.119 Safari/537.36"
72.14.199.137 - - [12/Jul/2025:23:44:04 +0530] "GET /public/new-assets/fonts/Metropolis-Regular.woff HTTP/1.1" 200 18180 "http://www.rmpharma.in/public/new-assets/css/style.css" "Mozilla/5.0 (Macintosh; Intel Mac OS X 10_7_3) AppleWebKit/537.36 (KHTML, like Gecko, Mediapartners-Google) Chrome/137.0.7151.119 Safari/537.36"
72.14.199.136 - - [12/Jul/2025:23:44:04 +0530] "GET /public/new-assets/fonts/Metropolis-Light.woff HTTP/1.1" 200 18056 "http://www.rmpharma.in/public/new-assets/css/style.css" "Mozilla/5.0 (Macintosh; Intel Mac OS X 10_7_3) AppleWebKit/537.36 (KHTML, like Gecko, Mediapartners-Google) Chrome/137.0.7151.119 Safari/537.36"
72.14.199.135 - - [12/Jul/2025:23:44:04 +0530] "GET /public/new-assets/fonts/Metropolis-Black.woff HTTP/1.1" 200 18032 "http://www.rmpharma.in/public/new-assets/css/style.css" "Mozilla/5.0 (Macintosh; Intel Mac OS X 10_7_3) AppleWebKit/537.36 (KHTML, like Gecko, Mediapartners-Google) Chrome/137.0.7151.119 Safari/537.36"
72.14.199.135 - - [12/Jul/2025:23:44:04 +0530] "GET /public/new-assets/fonts/Metropolis-Bold.woff HTTP/1.1" 200 18272 "http://www.rmpharma.in/public/new-assets/css/style.css" "Mozilla/5.0 (Macintosh; Intel Mac OS X 10_7_3) AppleWebKit/537.36 (KHTML, like Gecko, Mediapartners-Google) Chrome/137.0.7151.119 Safari/537.36"
72.14.199.135 - - [12/Jul/2025:23:44:04 +0530] "GET /public/new-assets/img/pharma-img/chooseus.jpg HTTP/1.1" 200 713176 "http://www.rmpharma.in/" "Mozilla/5.0 (Macintosh; Intel Mac OS X 10_7_3) AppleWebKit/537.36 (KHTML, like Gecko, Mediapartners-Google) Chrome/137.0.7151.119 Safari/537.36"
72.14.199.137 - - [12/Jul/2025:23:44:04 +0530] "GET /public/new-assets/gallery/notice.png HTTP/1.1" 200 1077550 "http://www.rmpharma.in/public/new-assets/css/style.css" "Mozilla/5.0 (Macintosh; Intel Mac OS X 10_7_3) AppleWebKit/537.36 (KHTML, like Gecko, Mediapartners-Google) Chrome/137.0.7151.119 Safari/537.36"
72.14.199.135 - - [12/Jul/2025:23:44:04 +0530] "GET /public/new-assets/gallery/gal14.jpg HTTP/1.1" 200 782383 "http://www.rmpharma.in/" "Mozilla/5.0 (Macintosh; Intel Mac OS X 10_7_3) AppleWebKit/537.36 (KHTML, like Gecko, Mediapartners-Google) Chrome/137.0.7151.119 Safari/537.36"
72.14.199.137 - - [12/Jul/2025:23:44:04 +0530] "GET /public/new-assets/gallery/gal13.jpg HTTP/1.1" 200 1212466 "http://www.rmpharma.in/" "Mozilla/5.0 (Macintosh; Intel Mac OS X 10_7_3) AppleWebKit/537.36 (KHTML, like Gecko, Mediapartners-Google) Chrome/137.0.7151.119 Safari/537.36"
72.14.199.136 - - [12/Jul/2025:23:44:11 +0530] "GET /public/new-assets/img/top-arrow.svg HTTP/1.1" 200 265 "http://rmpharma.in/" "Mozilla/5.0 (Macintosh; Intel Mac OS X 10_7_3) AppleWebKit/537.36 (KHTML, like Gecko, Mediapartners-Google) Chrome/137.0.7151.119 Safari/537.36"
72.14.199.131 - - [12/Jul/2025:23:44:11 +0530] "GET /public/new-assets/fonts/StayClassySLDT.woff2 HTTP/1.1" 200 71 "http://rmpharma.in/public/new-assets/css/style.css" "Mozilla/5.0 (Macintosh; Intel Mac OS X 10_7_3) AppleWebKit/537.36 (KHTML, like Gecko, Mediapartners-Google) Chrome/137.0.7151.119 Safari/537.36"
72.14.199.137 - - [12/Jul/2025:23:44:11 +0530] "GET /public/new-assets/fonts/Metropolis-Regular.woff2 HTTP/1.1" 200 75 "http://rmpharma.in/public/new-assets/css/style.css" "Mozilla/5.0 (Macintosh; Intel Mac OS X 10_7_3) AppleWebKit/537.36 (KHTML, like Gecko, Mediapartners-Google) Chrome/137.0.7151.119 Safari/537.36"
72.14.199.134 - - [12/Jul/2025:23:44:11 +0530] "GET /public/new-assets/fonts/Metropolis-Medium.woff2 HTTP/1.1" 200 74 "http://rmpharma.in/public/new-assets/css/style.css" "Mozilla/5.0 (Macintosh; Intel Mac OS X 10_7_3) AppleWebKit/537.36 (KHTML, like Gecko, Mediapartners-Google) Chrome/137.0.7151.119 Safari/537.36"
72.14.199.136 - - [12/Jul/2025:23:44:11 +0530] "GET /public/new-assets/fonts/Metropolis-Light.woff2 HTTP/1.1" 200 73 "http://rmpharma.in/public/new-assets/css/style.css" "Mozilla/5.0 (Macintosh; Intel Mac OS X 10_7_3) AppleWebKit/537.36 (KHTML, like Gecko, Mediapartners-Google) Chrome/137.0.7151.119 Safari/537.36"
72.14.199.136 - - [12/Jul/2025:23:44:11 +0530] "GET /public/new-assets/fonts/Metropolis-Black.woff2 HTTP/1.1" 200 73 "http://rmpharma.in/public/new-assets/css/style.css" "Mozilla/5.0 (Macintosh; Intel Mac OS X 10_7_3) AppleWebKit/537.36 (KHTML, like Gecko, Mediapartners-Google) Chrome/137.0.7151.119 Safari/537.36"
72.14.199.133 - - [12/Jul/2025:23:44:11 +0530] "GET /public/new-assets/fonts/Metropolis-Bold.woff2 HTTP/1.1" 200 72 "http://rmpharma.in/public/new-assets/css/style.css" "Mozilla/5.0 (Macintosh; Intel Mac OS X 10_7_3) AppleWebKit/537.36 (KHTML, like Gecko, Mediapartners-Google) Chrome/137.0.7151.119 Safari/537.36"
72.14.199.136 - - [12/Jul/2025:23:44:12 +0530] "GET /public/new-assets/img/angle-right.svg HTTP/1.1" 200 276 "http://rmpharma.in/" "Mozilla/5.0 (Macintosh; Intel Mac OS X 10_7_3) AppleWebKit/537.36 (KHTML, like Gecko, Mediapartners-Google) Chrome/137.0.7151.119 Safari/537.36"
72.14.199.133 - - [12/Jul/2025:23:44:12 +0530] "GET /public/new-assets/img/angle-left.svg HTTP/1.1" 200 283 "http://rmpharma.in/" "Mozilla/5.0 (Macintosh; Intel Mac OS X 10_7_3) AppleWebKit/537.36 (KHTML, like Gecko, Mediapartners-Google) Chrome/137.0.7151.119 Safari/537.36"
72.14.199.137 - - [12/Jul/2025:23:44:12 +0530] "GET /public/new-assets/fonts/Metropolis-Medium.woff HTTP/1.1" 200 18324 "http://rmpharma.in/public/new-assets/css/style.css" "Mozilla/5.0 (Macintosh; Intel Mac OS X 10_7_3) AppleWebKit/537.36 (KHTML, like Gecko, Mediapartners-Google) Chrome/137.0.7151.119 Safari/537.36"
72.14.199.133 - - [12/Jul/2025:23:44:12 +0530] "GET /public/new-assets/fonts/Metropolis-Regular.woff HTTP/1.1" 200 18180 "http://rmpharma.in/public/new-assets/css/style.css" "Mozilla/5.0 (Macintosh; Intel Mac OS X 10_7_3) AppleWebKit/537.36 (KHTML, like Gecko, Mediapartners-Google) Chrome/137.0.7151.119 Safari/537.36"
72.14.199.131 - - [12/Jul/2025:23:44:12 +0530] "GET /public/new-assets/fonts/Metropolis-Bold.woff HTTP/1.1" 200 18272 "http://rmpharma.in/public/new-assets/css/style.css" "Mozilla/5.0 (Macintosh; Intel Mac OS X 10_7_3) AppleWebKit/537.36 (KHTML, like Gecko, Mediapartners-Google) Chrome/137.0.7151.119 Safari/537.36"
72.14.199.133 - - [12/Jul/2025:23:44:12 +0530] "GET /public/new-assets/fonts/StayClassySLDT.woff HTTP/1.1" 200 68780 "http://rmpharma.in/public/new-assets/css/style.css" "Mozilla/5.0 (Macintosh; Intel Mac OS X 10_7_3) AppleWebKit/537.36 (KHTML, like Gecko, Mediapartners-Google) Chrome/137.0.7151.119 Safari/537.36"
72.14.199.137 - - [12/Jul/2025:23:44:12 +0530] "GET /public/new-assets/fonts/Metropolis-Light.woff HTTP/1.1" 200 18056 "http://rmpharma.in/public/new-assets/css/style.css" "Mozilla/5.0 (Macintosh; Intel Mac OS X 10_7_3) AppleWebKit/537.36 (KHTML, like Gecko, Mediapartners-Google) Chrome/137.0.7151.119 Safari/537.36"
72.14.199.131 - - [12/Jul/2025:23:44:12 +0530] "GET /public/new-assets/fonts/Metropolis-Black.woff HTTP/1.1" 200 18032 "http://rmpharma.in/public/new-assets/css/style.css" "Mozilla/5.0 (Macintosh; Intel Mac OS X 10_7_3) AppleWebKit/537.36 (KHTML, like Gecko, Mediapartners-Google) Chrome/137.0.7151.119 Safari/537.36"
72.14.199.137 - - [12/Jul/2025:23:44:11 +0530] "GET /public/new-assets/img/pharma-img/chooseus.jpg HTTP/1.1" 200 713176 "http://rmpharma.in/" "Mozilla/5.0 (Macintosh; Intel Mac OS X 10_7_3) AppleWebKit/537.36 (KHTML, like Gecko, Mediapartners-Google) Chrome/137.0.7151.119 Safari/537.36"
72.14.199.133 - - [12/Jul/2025:23:44:11 +0530] "GET /public/new-assets/gallery/gal14.jpg HTTP/1.1" 200 782383 "http://rmpharma.in/" "Mozilla/5.0 (Macintosh; Intel Mac OS X 10_7_3) AppleWebKit/537.36 (KHTML, like Gecko, Mediapartners-Google) Chrome/137.0.7151.119 Safari/537.36"
72.14.199.135 - - [12/Jul/2025:23:44:11 +0530] "GET /public/new-assets/gallery/notice.png HTTP/1.1" 200 1077550 "http://rmpharma.in/public/new-assets/css/style.css" "Mozilla/5.0 (Macintosh; Intel Mac OS X 10_7_3) AppleWebKit/537.36 (KHTML, like Gecko, Mediapartners-Google) Chrome/137.0.7151.119 Safari/537.36"
72.14.199.132 - - [12/Jul/2025:23:44:12 +0530] "GET /public/new-assets/gallery/gal13.jpg HTTP/1.1" 200 1212466 "http://rmpharma.in/" "Mozilla/5.0 (Macintosh; Intel Mac OS X 10_7_3) AppleWebKit/537.36 (KHTML, like Gecko, Mediapartners-Google) Chrome/137.0.7151.119 Safari/537.36"
72.14.199.137 - - [12/Jul/2025:23:45:29 +0530] "GET / HTTP/1.1" 200 20195 "-" "Mozilla/5.0 (Linux; Android 4.0.4; Galaxy Nexus Build/IMM76B) AppleWebKit/[WEBKIT_VERSION] (KHTML, like Gecko; Mediapartners-Google) Chrome/[CHROME_VERSION] Mobile Safari/[WEBKIT_VERSION]"
72.14.199.137 - - [12/Jul/2025:23:45:29 +0530] "GET / HTTP/1.1" 200 20195 "-" "Mozilla/5.0 (Macintosh; Intel Mac OS X 10_7_3) AppleWebKit/537.36 (KHTML, like Gecko, Mediapartners-Google) Chrome/137.0.7151.119 Safari/537.36"
72.14.199.135 - - [12/Jul/2025:23:45:29 +0530] "GET / HTTP/1.1" 200 20195 "-" "Mozilla/5.0 (Linux; Android 4.0.4; Galaxy Nexus Build/IMM76B) AppleWebKit/537.36 (KHTML, like Gecko; Mediapartners-Google) Chrome/137.0.7151.119 Mobile Safari/537.36"
72.14.199.135 - - [12/Jul/2025:23:45:29 +0530] "GET / HTTP/1.1" 200 20195 "-" "Mozilla/5.0 (Macintosh; Intel Mac OS X 10_7_3) AppleWebKit/[WEBKIT_VERSION] (KHTML, like Gecko, Mediapartners-Google) Chrome/[CHROME_VERSION] Safari/[WEBKIT_VERSION]"
72.14.199.132 - - [12/Jul/2025:23:45:29 +0530] "GET / HTTP/1.1" 200 20195 "-" "Mozilla/5.0 (Linux; Android 4.0.4; Galaxy Nexus Build/IMM76B) AppleWebKit/[WEBKIT_VERSION] (KHTML, like Gecko; Mediapartners-Google) Chrome/[CHROME_VERSION] Mobile Safari/[WEBKIT_VERSION]"
72.14.199.131 - - [12/Jul/2025:23:45:29 +0530] "GET / HTTP/1.1" 200 20195 "-" "Mozilla/5.0 (Macintosh; Intel Mac OS X 10_7_3) AppleWebKit/[WEBKIT_VERSION] (KHTML, like Gecko, Mediapartners-Google) Chrome/[CHROME_VERSION] Safari/[WEBKIT_VERSION]"
72.14.199.137 - - [12/Jul/2025:23:45:30 +0530] "GET /public/node_modules/bootstrap/dist/js/bootstrap.bundle.js HTTP/1.1" 200 41763 "http://www.rmpharma.in/" "Mozilla/5.0 (Macintosh; Intel Mac OS X 10_7_3) AppleWebKit/537.36 (KHTML, like Gecko, Mediapartners-Google) Chrome/137.0.7151.119 Safari/537.36"
72.14.199.136 - - [12/Jul/2025:23:45:30 +0530] "GET /public/new-assets/css/animate.min.css HTTP/1.1" 200 13317 "http://www.rmpharma.in/" "Mozilla/5.0 (Macintosh; Intel Mac OS X 10_7_3) AppleWebKit/537.36 (KHTML, like Gecko, Mediapartners-Google) Chrome/137.0.7151.119 Safari/537.36"
72.14.199.135 - - [12/Jul/2025:23:45:30 +0530] "GET /public/assets/js/jquery-migrate-3.4.0.min.js HTTP/1.1" 200 4603 "http://www.rmpharma.in/" "Mozilla/5.0 (Macintosh; Intel Mac OS X 10_7_3) AppleWebKit/537.36 (KHTML, like Gecko, Mediapartners-Google) Chrome/137.0.7151.119 Safari/537.36"
72.14.199.135 - - [12/Jul/2025:23:45:30 +0530] "GET /public/new-assets/css/animate.min.css HTTP/1.1" 200 13317 "http://www.rmpharma.in/" "Mozilla/5.0 (Linux; Android 4.0.4; Galaxy Nexus Build/IMM76B) AppleWebKit/537.36 (KHTML, like Gecko; Mediapartners-Google) Chrome/137.0.7151.119 Mobile Safari/537.36"
72.14.199.137 - - [12/Jul/2025:23:45:30 +0530] "GET /public/assets/js/jquery-migrate-3.4.0.min.js HTTP/1.1" 200 4603 "http://www.rmpharma.in/" "Mozilla/5.0 (Linux; Android 4.0.4; Galaxy Nexus Build/IMM76B) AppleWebKit/537.36 (KHTML, like Gecko; Mediapartners-Google) Chrome/137.0.7151.119 Mobile Safari/537.36"
72.14.199.136 - - [12/Jul/2025:23:45:30 +0530] "GET /public/node_modules/bootstrap/dist/js/bootstrap.bundle.js HTTP/1.1" 200 41763 "http://www.rmpharma.in/" "Mozilla/5.0 (Linux; Android 4.0.4; Galaxy Nexus Build/IMM76B) AppleWebKit/537.36 (KHTML, like Gecko; Mediapartners-Google) Chrome/137.0.7151.119 Mobile Safari/537.36"
72.14.199.137 - - [12/Jul/2025:23:45:31 +0530] "GET /public/assets/js/jquery.gridrotator.js HTTP/1.1" 200 5320 "http://www.rmpharma.in/" "Mozilla/5.0 (Linux; Android 4.0.4; Galaxy Nexus Build/IMM76B) AppleWebKit/537.36 (KHTML, like Gecko; Mediapartners-Google) Chrome/137.0.7151.119 Mobile Safari/537.36"
72.14.199.135 - - [12/Jul/2025:23:45:31 +0530] "GET /public/new-assets/js/jquery.fancybox.min.js HTTP/1.1" 200 21014 "http://www.rmpharma.in/" "Mozilla/5.0 (Linux; Android 4.0.4; Galaxy Nexus Build/IMM76B) AppleWebKit/537.36 (KHTML, like Gecko; Mediapartners-Google) Chrome/137.0.7151.119 Mobile Safari/537.36"
72.14.199.135 - - [12/Jul/2025:23:45:31 +0530] "GET /public/new-assets/js/owl.carousel.min.js HTTP/1.1" 200 11143 "http://www.rmpharma.in/" "Mozilla/5.0 (Linux; Android 4.0.4; Galaxy Nexus Build/IMM76B) AppleWebKit/537.36 (KHTML, like Gecko; Mediapartners-Google) Chrome/137.0.7151.119 Mobile Safari/537.36"
72.14.199.136 - - [12/Jul/2025:23:45:31 +0530] "GET /public/new-assets/js/jquery.fancybox.min.js HTTP/1.1" 200 21014 "http://www.rmpharma.in/" "Mozilla/5.0 (Macintosh; Intel Mac OS X 10_7_3) AppleWebKit/537.36 (KHTML, like Gecko, Mediapartners-Google) Chrome/137.0.7151.119 Safari/537.36"
72.14.199.137 - - [12/Jul/2025:23:45:31 +0530] "GET /public/new-assets/js/owl.carousel.min.js HTTP/1.1" 200 11143 "http://www.rmpharma.in/" "Mozilla/5.0 (Macintosh; Intel Mac OS X 10_7_3) AppleWebKit/537.36 (KHTML, like Gecko, Mediapartners-Google) Chrome/137.0.7151.119 Safari/537.36"
72.14.199.136 - - [12/Jul/2025:23:45:31 +0530] "GET /public/assets/js/modernizr.custom.26633.js HTTP/1.1" 200 3913 "http://www.rmpharma.in/" "Mozilla/5.0 (Linux; Android 4.0.4; Galaxy Nexus Build/IMM76B) AppleWebKit/537.36 (KHTML, like Gecko; Mediapartners-Google) Chrome/137.0.7151.119 Mobile Safari/537.36"
72.14.199.135 - - [12/Jul/2025:23:45:31 +0530] "GET /assets/images/convo-images/loading.gif HTTP/1.1" 200 13347 "http://www.rmpharma.in/" "Mozilla/5.0 (Linux; Android 4.0.4; Galaxy Nexus Build/IMM76B) AppleWebKit/537.36 (KHTML, like Gecko; Mediapartners-Google) Chrome/137.0.7151.119 Mobile Safari/537.36"
72.14.199.137 - - [12/Jul/2025:23:45:31 +0530] "GET /public/assets/js/jquery.gridrotator.js HTTP/1.1" 200 5320 "http://www.rmpharma.in/" "Mozilla/5.0 (Macintosh; Intel Mac OS X 10_7_3) AppleWebKit/537.36 (KHTML, like Gecko, Mediapartners-Google) Chrome/137.0.7151.119 Safari/537.36"
72.14.199.135 - - [12/Jul/2025:23:45:31 +0530] "GET /assets/images/convo-images/loading.gif HTTP/1.1" 200 13347 "http://www.rmpharma.in/" "Mozilla/5.0 (Macintosh; Intel Mac OS X 10_7_3) AppleWebKit/537.36 (KHTML, like Gecko, Mediapartners-Google) Chrome/137.0.7151.119 Safari/537.36"
72.14.199.135 - - [12/Jul/2025:23:45:31 +0530] "GET /public/assets/js/modernizr.custom.26633.js HTTP/1.1" 200 3913 "http://www.rmpharma.in/" "Mozilla/5.0 (Macintosh; Intel Mac OS X 10_7_3) AppleWebKit/537.36 (KHTML, like Gecko, Mediapartners-Google) Chrome/137.0.7151.119 Safari/537.36"
72.14.199.137 - - [12/Jul/2025:23:45:31 +0530] "GET /public/new-assets/gallery/course2.jpg HTTP/1.1" 200 788791 "http://www.rmpharma.in/" "Mozilla/5.0 (Linux; Android 4.0.4; Galaxy Nexus Build/IMM76B) AppleWebKit/537.36 (KHTML, like Gecko; Mediapartners-Google) Chrome/137.0.7151.119 Mobile Safari/537.36"
72.14.199.132 - - [12/Jul/2025:23:45:37 +0530] "GET / HTTP/1.1" 200 20195 "-" "Mozilla/5.0 (Linux; Android 4.0.4; Galaxy Nexus Build/IMM76B) AppleWebKit/537.36 (KHTML, like Gecko; Mediapartners-Google) Chrome/137.0.7151.119 Mobile Safari/537.36"
72.14.199.132 - - [12/Jul/2025:23:45:38 +0530] "GET /public/node_modules/bootstrap/dist/js/bootstrap.bundle.js HTTP/1.1" 200 41763 "http://rmpharma.in/" "Mozilla/5.0 (Linux; Android 4.0.4; Galaxy Nexus Build/IMM76B) AppleWebKit/537.36 (KHTML, like Gecko; Mediapartners-Google) Chrome/137.0.7151.119 Mobile Safari/537.36"
72.14.199.131 - - [12/Jul/2025:23:45:38 +0530] "GET /public/new-assets/css/animate.min.css HTTP/1.1" 200 13317 "http://rmpharma.in/" "Mozilla/5.0 (Linux; Android 4.0.4; Galaxy Nexus Build/IMM76B) AppleWebKit/537.36 (KHTML, like Gecko; Mediapartners-Google) Chrome/137.0.7151.119 Mobile Safari/537.36"
72.14.199.131 - - [12/Jul/2025:23:45:38 +0530] "GET /public/assets/js/jquery-migrate-3.4.0.min.js HTTP/1.1" 200 4603 "http://rmpharma.in/" "Mozilla/5.0 (Linux; Android 4.0.4; Galaxy Nexus Build/IMM76B) AppleWebKit/537.36 (KHTML, like Gecko; Mediapartners-Google) Chrome/137.0.7151.119 Mobile Safari/537.36"
72.14.199.132 - - [12/Jul/2025:23:45:38 +0530] "GET /public/new-assets/js/owl.carousel.min.js HTTP/1.1" 200 11143 "http://rmpharma.in/" "Mozilla/5.0 (Linux; Android 4.0.4; Galaxy Nexus Build/IMM76B) AppleWebKit/537.36 (KHTML, like Gecko; Mediapartners-Google) Chrome/137.0.7151.119 Mobile Safari/537.36"
