17.246.15.169 - - [13/Jul/2025:00:02:09 +0530] "GET /blog/img/img/include/admin/images/public/new-assets/gallery/public/new-assets/js/imagesloaded.pkgd.min.js HTTP/1.1" 200 14264 "https://www.rangamaticollege.org/blog/img/img/include/admin/images/public/new-assets/gallery/5.png" "Mozilla/5.0 (Macintosh; Intel Mac OS X 10_15_7) AppleWebKit/605.1.15 (KHTML, like Gecko) Version/17.4 Safari/605.1.15 (Applebot/0.1; +http://www.apple.com/go/applebot)"
17.246.19.108 - - [13/Jul/2025:00:02:09 +0530] "GET /blog/img/img/include/admin/images/public/new-assets/gallery/public/new-assets/js/main.js HTTP/1.1" 200 14228 "https://www.rangamaticollege.org/blog/img/img/include/admin/images/public/new-assets/gallery/5.png" "Mozilla/5.0 (Macintosh; Intel Mac OS X 10_15_7) AppleWebKit/605.1.15 (KHTML, like Gecko) Version/17.4 Safari/605.1.15 (Applebot/0.1; +http://www.apple.com/go/applebot)"
216.73.217.5 - - [13/Jul/2025:00:02:34 +0530] "GET /admin/images/public/new-assets/css/public/new-assets/img/sikshapedia-prefferd-college-icon.png HTTP/2" 200 12395 "-" "Mozilla/5.0 AppleWebKit/537.36 (KHTML, like Gecko; compatible; ClaudeBot/1.0; +claudebot@anthropic.com)"
40.77.167.55 - - [13/Jul/2025:00:02:52 +0530] "GET /132/S_attendence HTTP/2" 200 12374 "-" "Mozilla/5.0 AppleWebKit/537.36 (KHTML, like Gecko; compatible; bingbot/2.0; +http://www.bing.com/bingbot.htm) Chrome/116.0.1938.76 Safari/537.36"
52.167.144.16 - - [13/Jul/2025:00:02:53 +0530] "GET /gdfal_237-mhe15166wodrpleg/income_and_expense.php HTTP/2" 200 12395 "-" "Mozilla/5.0 AppleWebKit/537.36 (KHTML, like Gecko; compatible; bingbot/2.0; +http://www.bing.com/bingbot.htm) Chrome/116.0.1938.76 Safari/537.36"
40.77.167.159 - - [13/Jul/2025:00:03:05 +0530] "GET /gpolevm287igh13557/management HTTP/2" 200 12757 "-" "Mozilla/5.0 AppleWebKit/537.36 (KHTML, like Gecko; compatible; bingbot/2.0; +http://www.bing.com/bingbot.htm) Chrome/116.0.1938.76 Safari/537.36"
52.167.144.24 - - [13/Jul/2025:00:03:09 +0530] "GET /dmvhqz204jrdpwkn-myhpebako20871/non-teachingstaff HTTP/2" 200 12395 "-" "Mozilla/5.0 AppleWebKit/537.36 (KHTML, like Gecko; compatible; bingbot/2.0; +http://www.bing.com/bingbot.htm) Chrome/116.0.1938.76 Safari/537.36"
40.77.167.38 - - [13/Jul/2025:00:03:22 +0530] "GET /vxwrijlm273f-qfdvm-39398-jwbayhsmr/admin/images/public/new-assets/img/about/affidavit HTTP/2" 200 12767 "-" "Mozilla/5.0 AppleWebKit/537.36 (KHTML, like Gecko; compatible; bingbot/2.0; +http://www.bing.com/bingbot.htm) Chrome/116.0.1938.76 Safari/537.36"
40.77.167.38 - - [13/Jul/2025:00:03:41 +0530] "GET /54-uqkwvextn-48473-qfngcaivpbd/disclosure HTTP/2" 200 12395 "-" "Mozilla/5.0 AppleWebKit/537.36 (KHTML, like Gecko; compatible; bingbot/2.0; +http://www.bing.com/bingbot.htm) Chrome/116.0.1938.76 Safari/537.36"
52.167.144.16 - - [13/Jul/2025:00:03:46 +0530] "GET /faqwim38kzmfhed-bhxdzoqp36307/notice-board HTTP/2" 200 13047 "-" "Mozilla/5.0 AppleWebKit/537.36 (KHTML, like Gecko; compatible; bingbot/2.0; +http://www.bing.com/bingbot.htm) Chrome/116.0.1938.76 Safari/537.36"
40.77.167.38 - - [13/Jul/2025:00:04:51 +0530] "GET /gsywne29scfizxdma-69217-46691dkm/admin/images/doc/public/new-assets/img/about/public/new-assets/img/about/dummy.pdf HTTP/2" 200 12395 "-" "Mozilla/5.0 AppleWebKit/537.36 (KHTML, like Gecko; compatible; bingbot/2.0; +http://www.bing.com/bingbot.htm) Chrome/116.0.1938.76 Safari/537.36"
52.167.144.225 - - [13/Jul/2025:00:04:58 +0530] "GET /subnetk234ezw9290/public/img/rangamati/non-teachingstaff HTTP/2" 200 12374 "-" "Mozilla/5.0 AppleWebKit/537.36 (KHTML, like Gecko; compatible; bingbot/2.0; +http://www.bing.com/bingbot.htm) Chrome/116.0.1938.76 Safari/537.36"
52.167.144.16 - - [13/Jul/2025:00:05:03 +0530] "GET /jcokwapf77c-rpvsyn-41304-swgvfyo/public/img/rangamati/technical-support-staff HTTP/2" 200 12395 "-" "Mozilla/5.0 AppleWebKit/537.36 (KHTML, like Gecko; compatible; bingbot/2.0; +http://www.bing.com/bingbot.htm) Chrome/116.0.1938.76 Safari/537.36"
40.77.167.159 - - [13/Jul/2025:00:05:43 +0530] "GET /74rhwg6917348fkdn-bsz/about-us HTTP/2" 200 12374 "-" "Mozilla/5.0 AppleWebKit/537.36 (KHTML, like Gecko; compatible; bingbot/2.0; +http://www.bing.com/bingbot.htm) Chrome/116.0.1938.76 Safari/537.36"
40.77.167.159 - - [13/Jul/2025:00:05:44 +0530] "GET /qxrpn13/wkjys497/admin/images/doc/b-ed HTTP/2" 200 12775 "-" "Mozilla/5.0 AppleWebKit/537.36 (KHTML, like Gecko; compatible; bingbot/2.0; +http://www.bing.com/bingbot.htm) Chrome/116.0.1938.76 Safari/537.36"
40.77.167.159 - - [13/Jul/2025:00:05:45 +0530] "GET /tiowc_149-zotd43874vraqkditx/public/new-assets/img/about/gallery HTTP/2" 200 12664 "-" "Mozilla/5.0 AppleWebKit/537.36 (KHTML, like Gecko; compatible; bingbot/2.0; +http://www.bing.com/bingbot.htm) Chrome/116.0.1938.76 Safari/537.36"
52.167.144.16 - - [13/Jul/2025:00:05:58 +0530] "GET /151-compytvh-38896-djukwpylgo/admin/images/doc/prospectus.pdf HTTP/2" 200 12374 "-" "Mozilla/5.0 AppleWebKit/537.36 (KHTML, like Gecko; compatible; bingbot/2.0; +http://www.bing.com/bingbot.htm) Chrome/116.0.1938.76 Safari/537.36"
52.167.144.16 - - [13/Jul/2025:00:06:18 +0530] "GET /aiphqj235luczo-iqokmzrpwuxfn1040/admin/images/president-message HTTP/2" 200 12995 "-" "Mozilla/5.0 AppleWebKit/537.36 (KHTML, like Gecko; compatible; bingbot/2.0; +http://www.bing.com/bingbot.htm) Chrome/116.0.1938.76 Safari/537.36"
40.77.167.38 - - [13/Jul/2025:00:06:22 +0530] "GET /297iswuCaX9rpt/library HTTP/2" 200 12395 "-" "Mozilla/5.0 AppleWebKit/537.36 (KHTML, like Gecko; compatible; bingbot/2.0; +http://www.bing.com/bingbot.htm) Chrome/116.0.1938.76 Safari/537.36"
216.73.217.5 - - [13/Jul/2025:00:06:23 +0530] "GET /admin/images/public/new-assets/js/public/new-assets/img/menu-burger.svg HTTP/2" 200 12395 "-" "Mozilla/5.0 AppleWebKit/537.36 (KHTML, like Gecko; compatible; ClaudeBot/1.0; +claudebot@anthropic.com)"
216.73.217.5 - - [13/Jul/2025:00:06:23 +0530] "GET /admin/images/public/new-assets/js/b-ed HTTP/2" 200 12783 "-" "Mozilla/5.0 AppleWebKit/537.36 (KHTML, like Gecko; compatible; ClaudeBot/1.0; +claudebot@anthropic.com)"
52.167.144.16 - - [13/Jul/2025:00:06:27 +0530] "GET /gjkjn/public/img/rangamati/public/img/rangamati/AFFILIATION/fee-structure HTTP/2" 200 13199 "-" "Mozilla/5.0 AppleWebKit/537.36 (KHTML, like Gecko; compatible; bingbot/2.0; +http://www.bing.com/bingbot.htm) Chrome/116.0.1938.76 Safari/537.36"
40.77.167.38 - - [13/Jul/2025:00:06:31 +0530] "GET /154-iktnbm-49963-bsfxkudhm/subject HTTP/2" 200 12395 "-" "Mozilla/5.0 AppleWebKit/537.36 (KHTML, like Gecko; compatible; bingbot/2.0; +http://www.bing.com/bingbot.htm) Chrome/116.0.1938.76 Safari/537.36"
40.77.167.38 - - [13/Jul/2025:00:06:42 +0530] "GET /research/science-and-technology-indicators-and-scientometrics/admin/images/public/new-assets/img/about/deled-prospectus HTTP/2" 200 12795 "-" "Mozilla/5.0 AppleWebKit/537.36 (KHTML, like Gecko; compatible; bingbot/2.0; +http://www.bing.com/bingbot.htm) Chrome/116.0.1938.76 Safari/537.36"
52.167.144.16 - - [13/Jul/2025:00:06:48 +0530] "GET /219SHcxGTPn158cd_cx/notice-board HTTP/2" 200 13041 "-" "Mozilla/5.0 AppleWebKit/537.36 (KHTML, like Gecko; compatible; bingbot/2.0; +http://www.bing.com/bingbot.htm) Chrome/116.0.1938.76 Safari/537.36"
52.167.144.16 - - [13/Jul/2025:00:06:53 +0530] "GET /28-orcqmb-49549-utlncjdesph/about_us.php HTTP/2" 200 12395 "-" "Mozilla/5.0 AppleWebKit/537.36 (KHTML, like Gecko; compatible; bingbot/2.0; +http://www.bing.com/bingbot.htm) Chrome/116.0.1938.76 Safari/537.36"
52.167.144.16 - - [13/Jul/2025:00:06:54 +0530] "GET /125-ufwyino-31752-kpgczyjht/principal-message HTTP/2" 200 13030 "-" "Mozilla/5.0 AppleWebKit/537.36 (KHTML, like Gecko; compatible; bingbot/2.0; +http://www.bing.com/bingbot.htm) Chrome/116.0.1938.76 Safari/537.36"
40.77.167.159 - - [13/Jul/2025:00:07:07 +0530] "GET /rahtt/disclosure HTTP/2" 200 12374 "-" "Mozilla/5.0 AppleWebKit/537.36 (KHTML, like Gecko; compatible; bingbot/2.0; +http://www.bing.com/bingbot.htm) Chrome/116.0.1938.76 Safari/537.36"
52.167.144.18 - - [13/Jul/2025:00:07:10 +0530] "GET /249-gdptxjrl-45908-yaphgmivje/form_submit.php HTTP/2" 200 12395 "-" "Mozilla/5.0 AppleWebKit/537.36 (KHTML, like Gecko; compatible; bingbot/2.0; +http://www.bing.com/bingbot.htm) Chrome/116.0.1938.76 Safari/537.36"
52.167.144.164 - - [13/Jul/2025:00:07:45 +0530] "GET /eyszv-dcfjeb28mz_r/affiliation HTTP/2" 200 13424 "-" "Mozilla/5.0 AppleWebKit/537.36 (KHTML, like Gecko; compatible; bingbot/2.0; +http://www.bing.com/bingbot.htm) Chrome/116.0.1938.76 Safari/537.36"
40.77.167.159 - - [13/Jul/2025:00:07:51 +0530] "GET /tzl172uczxfgdhajm-698072-48978xgrbe/public/img/rangamati/public/new-assets/img/about/gallery HTTP/2" 200 12664 "-" "Mozilla/5.0 AppleWebKit/537.36 (KHTML, like Gecko; compatible; bingbot/2.0; +http://www.bing.com/bingbot.htm) Chrome/116.0.1938.76 Safari/537.36"
52.167.144.164 - - [13/Jul/2025:00:07:52 +0530] "GET /172-floxtzkgu-37555-akytfpwv/public/img/rangamati/prospectus.pdf HTTP/2" 200 12395 "-" "Mozilla/5.0 AppleWebKit/537.36 (KHTML, like Gecko; compatible; bingbot/2.0; +http://www.bing.com/bingbot.htm) Chrome/116.0.1938.76 Safari/537.36"
52.167.144.164 - - [13/Jul/2025:00:07:53 +0530] "GET /28-dxmfgwiq-1699-gehvrwxduy/public/new-assets/img/prospectus/fee-structure HTTP/2" 200 13186 "-" "Mozilla/5.0 AppleWebKit/537.36 (KHTML, like Gecko; compatible; bingbot/2.0; +http://www.bing.com/bingbot.htm) Chrome/116.0.1938.76 Safari/537.36"
40.77.167.55 - - [13/Jul/2025:00:07:56 +0530] "GET /170is_ihmqynjcwpg-fdhbotu/3509/public/img/rangamati/AFFILIATION/public/img/rangamati/fee-structure HTTP/2" 200 13199 "-" "Mozilla/5.0 AppleWebKit/537.36 (KHTML, like Gecko; compatible; bingbot/2.0; +http://www.bing.com/bingbot.htm) Chrome/116.0.1938.76 Safari/537.36"
40.77.167.55 - - [13/Jul/2025:00:08:12 +0530] "GET /15ap_prncjaoh-dlunpwmo/43954/public/new-assets/img/about/affiliation HTTP/2" 200 13458 "-" "Mozilla/5.0 AppleWebKit/537.36 (KHTML, like Gecko; compatible; bingbot/2.0; +http://www.bing.com/bingbot.htm) Chrome/116.0.1938.76 Safari/537.36"
66.249.79.132 - - [13/Jul/2025:00:08:16 +0530] "GET /gdqer22/bjtz745/public/new-assets/img/prospectus/DELED-PROSPECTUS.pdf HTTP/1.1" 200 12395 "-" "Mozilla/5.0 (Linux; Android 6.0.1; Nexus 5X Build/MMB29P) AppleWebKit/537.36 (KHTML, like Gecko) Chrome/137.0.7151.103 Mobile Safari/537.36 (compatible; GoogleOther)"
40.77.167.55 - - [13/Jul/2025:00:08:42 +0530] "GET /eduas/index.html HTTP/2" 200 12374 "-" "Mozilla/5.0 AppleWebKit/537.36 (KHTML, like Gecko; compatible; bingbot/2.0; +http://www.bing.com/bingbot.htm) Chrome/116.0.1938.76 Safari/537.36"
52.167.144.16 - - [13/Jul/2025:00:08:48 +0530] "GET /bvmfq-DRXiqx171iou_vge/public/img/rangamati/public/new-assets/img/prospectus/DELED-PROSPECTUS.pdf HTTP/2" 200 12374 "-" "Mozilla/5.0 AppleWebKit/537.36 (KHTML, like Gecko; compatible; bingbot/2.0; +http://www.bing.com/bingbot.htm) Chrome/116.0.1938.76 Safari/537.36"
52.167.144.16 - - [13/Jul/2025:00:09:19 +0530] "GET /197phwbsnxkrtcmy47009/public/new-assets/img/about/ HTTP/2" 200 17247 "-" "Mozilla/5.0 AppleWebKit/537.36 (KHTML, like Gecko; compatible; bingbot/2.0; +http://www.bing.com/bingbot.htm) Chrome/116.0.1938.76 Safari/537.36"
40.77.167.69 - - [13/Jul/2025:00:09:26 +0530] "GET /diljgho201ft-jnyvzpf-16280-taxgrqp/admin/images/management HTTP/2" 200 12757 "-" "Mozilla/5.0 AppleWebKit/537.36 (KHTML, like Gecko; compatible; bingbot/2.0; +http://www.bing.com/bingbot.htm) Chrome/116.0.1938.76 Safari/537.36"
40.77.167.69 - - [13/Jul/2025:00:09:27 +0530] "GET /yysqe/ HTTP/2" 200 17168 "-" "Mozilla/5.0 AppleWebKit/537.36 (KHTML, like Gecko; compatible; bingbot/2.0; +http://www.bing.com/bingbot.htm) Chrome/116.0.1938.76 Safari/537.36"
40.77.167.14 - - [13/Jul/2025:00:09:33 +0530] "GET /tgmno82ytlvrdxgk-02954-17328qjrz/technical_support_staff.php HTTP/2" 200 12395 "-" "Mozilla/5.0 AppleWebKit/537.36 (KHTML, like Gecko; compatible; bingbot/2.0; +http://www.bing.com/bingbot.htm) Chrome/116.0.1938.76 Safari/537.36"
52.167.144.16 - - [13/Jul/2025:00:09:39 +0530] "GET /raraa/public/img/rangamati/T_attendence HTTP/2" 200 12374 "-" "Mozilla/5.0 AppleWebKit/537.36 (KHTML, like Gecko; compatible; bingbot/2.0; +http://www.bing.com/bingbot.htm) Chrome/116.0.1938.76 Safari/537.36"
52.167.144.18 - - [13/Jul/2025:00:09:48 +0530] "GET /28-jcpesu-40009-ljufciryp/public/new-assets/img/prospectus/affiliation HTTP/2" 200 13424 "-" "Mozilla/5.0 AppleWebKit/537.36 (KHTML, like Gecko; compatible; bingbot/2.0; +http://www.bing.com/bingbot.htm) Chrome/116.0.1938.76 Safari/537.36"
52.167.144.16 - - [13/Jul/2025:00:09:48 +0530] "GET /?s=%E3%80%90%E3%81%84%E3%81%A1%E3%81%94*%E6%A7%98%E5%B0%82%E7%94%A8%E3%80%91%E3%82%AF%E3%83%AA%E3%82%B9%E3%82%BF%E3%83%AB%E3%82%AD%E3%83%A5%E3%83%BC%E3%83%96%28%E7%A1%9D%E5%AD%90%29%20%EF%BC%8F%E3%82%B9%E3%82%AF%E3%82%A8%E3%82%A2%E3%83%9B%E3%83%BC%E3%83%AB%EF%BC%8F%E3%83%A9%E3%82%A6%E3%83%B3%E3%83%89%E3%83%9B%E3%83%BC%E3%83%AB-Nj67b901.jp HTTP/2" 200 17168 "-" "Mozilla/5.0 AppleWebKit/537.36 (KHTML, like Gecko; compatible; bingbot/2.0; +http://www.bing.com/bingbot.htm) Chrome/116.0.1938.76 Safari/537.36"
40.77.167.143 - - [13/Jul/2025:00:10:22 +0530] "GET /sbkezvj_28-zvuri6165zghjmt/notice.php HTTP/2" 200 12374 "-" "Mozilla/5.0 AppleWebKit/537.36 (KHTML, like Gecko; compatible; bingbot/2.0; +http://www.bing.com/bingbot.htm) Chrome/116.0.1938.76 Safari/537.36"
52.167.144.164 - - [13/Jul/2025:00:10:23 +0530] "GET /staff/at%E3%82%A8%E3%83%B3%E3%82%B8%E3%83%8B%E3%82%A2%E3%83%AA%E3%83%B3%E3%82%B0/public/img/rangamati/S_attendence HTTP/2" 200 12395 "-" "Mozilla/5.0 AppleWebKit/537.36 (KHTML, like Gecko; compatible; bingbot/2.0; +http://www.bing.com/bingbot.htm) Chrome/116.0.1938.76 Safari/537.36"
40.77.167.69 - - [13/Jul/2025:00:10:32 +0530] "GET /xjnlofp28difk35026/lab HTTP/2" 200 12374 "-" "Mozilla/5.0 AppleWebKit/537.36 (KHTML, like Gecko; compatible; bingbot/2.0; +http://www.bing.com/bingbot.htm) Chrome/116.0.1938.76 Safari/537.36"
40.77.167.143 - - [13/Jul/2025:00:10:52 +0530] "GET /czowg/ HTTP/2" 200 17168 "-" "Mozilla/5.0 AppleWebKit/537.36 (KHTML, like Gecko; compatible; bingbot/2.0; +http://www.bing.com/bingbot.htm) Chrome/116.0.1938.76 Safari/537.36"
52.167.144.164 - - [13/Jul/2025:00:11:04 +0530] "GET /kjlnse266ox-izxou-41895-bmnxqocti/public/new-assets/img/about/dummy.pdf HTTP/2" 200 12395 "-" "Mozilla/5.0 AppleWebKit/537.36 (KHTML, like Gecko; compatible; bingbot/2.0; +http://www.bing.com/bingbot.htm) Chrome/116.0.1938.76 Safari/537.36"
52.167.144.18 - - [13/Jul/2025:00:11:10 +0530] "GET /197ZUMir36491fon_xg/view_all_notice.php HTTP/2" 200 12395 "-" "Mozilla/5.0 AppleWebKit/537.36 (KHTML, like Gecko; compatible; bingbot/2.0; +http://www.bing.com/bingbot.htm) Chrome/116.0.1938.76 Safari/537.36"
40.77.167.69 - - [13/Jul/2025:00:11:22 +0530] "GET /234EYtmT608od_xuq/gallery HTTP/2" 200 12664 "-" "Mozilla/5.0 AppleWebKit/537.36 (KHTML, like Gecko; compatible; bingbot/2.0; +http://www.bing.com/bingbot.htm) Chrome/116.0.1938.76 Safari/537.36"
52.167.144.16 - - [13/Jul/2025:00:11:29 +0530] "GET /28rtlsmxwdpvbua/40034/course HTTP/2" 200 13694 "-" "Mozilla/5.0 AppleWebKit/537.36 (KHTML, like Gecko; compatible; bingbot/2.0; +http://www.bing.com/bingbot.htm) Chrome/116.0.1938.76 Safari/537.36"
40.77.167.14 - - [13/Jul/2025:00:11:33 +0530] "GET /csbkuz28vzkfpt-mhonazqrviu18227/public/new-assets/img/about/b-ed-prospectus HTTP/2" 200 12786 "-" "Mozilla/5.0 AppleWebKit/537.36 (KHTML, like Gecko; compatible; bingbot/2.0; +http://www.bing.com/bingbot.htm) Chrome/116.0.1938.76 Safari/537.36"
216.73.217.5 - - [13/Jul/2025:00:11:34 +0530] "GET /admin/images/public/new-assets/css/b-ed-prospectus HTTP/2" 200 12786 "-" "Mozilla/5.0 AppleWebKit/537.36 (KHTML, like Gecko; compatible; ClaudeBot/1.0; +claudebot@anthropic.com)"
216.73.217.5 - - [13/Jul/2025:00:11:34 +0530] "GET /admin/images/public/node_modules/bootstrap/dist/js/about HTTP/2" 200 13464 "-" "Mozilla/5.0 AppleWebKit/537.36 (KHTML, like Gecko; compatible; ClaudeBot/1.0; +claudebot@anthropic.com)"
40.77.167.69 - - [13/Jul/2025:00:11:36 +0530] "GET /rdzcx/about-us HTTP/2" 200 12374 "-" "Mozilla/5.0 AppleWebKit/537.36 (KHTML, like Gecko; compatible; bingbot/2.0; +http://www.bing.com/bingbot.htm) Chrome/116.0.1938.76 Safari/537.36"
40.77.167.14 - - [13/Jul/2025:00:11:42 +0530] "GET /r-%E6%8C%87%E5%AE%9A%E3%80%81%E9%99%8D%E7%A5%9E%E3%81%AE%E3%80%8E%E5%B8%B0%E3%82%8A%E9%81%93%E3%80%8F%E3%82%92%E7%B4%B9%E4%BB%8B/admin/images/admin/images/public/new-assets/img/rangamati/affidavit HTTP/2" 200 12767 "-" "Mozilla/5.0 AppleWebKit/537.36 (KHTML, like Gecko; compatible; bingbot/2.0; +http://www.bing.com/bingbot.htm) Chrome/116.0.1938.76 Safari/537.36"
40.77.167.69 - - [13/Jul/2025:00:11:53 +0530] "GET /2019/12/%E5%88%9D%E3%82%81%E3%81%A6%E3%81%AE1%E6%9C%AC%E3%80%81%E3%81%A9%E3%81%86%E9%81%B8%E3%81%B6%EF%BC%9F/public/new-assets/img/about/teaching-staff HTTP/2" 200 12774 "-" "Mozilla/5.0 AppleWebKit/537.36 (KHTML, like Gecko; compatible; bingbot/2.0; +http://www.bing.com/bingbot.htm) Chrome/116.0.1938.76 Safari/537.36"
40.77.167.14 - - [13/Jul/2025:00:12:02 +0530] "GET /120-fmtyzcx-20507-mvlscjubk/balance_sheet.php HTTP/2" 200 12499 "-" "Mozilla/5.0 AppleWebKit/537.36 (KHTML, like Gecko; compatible; bingbot/2.0; +http://www.bing.com/bingbot.htm) Chrome/116.0.1938.76 Safari/537.36"
40.77.167.14 - - [13/Jul/2025:00:12:03 +0530] "GET /snbhuc_257-mtij14066rclphx/deled-prospectus HTTP/2" 200 12795 "-" "Mozilla/5.0 AppleWebKit/537.36 (KHTML, like Gecko; compatible; bingbot/2.0; +http://www.bing.com/bingbot.htm) Chrome/116.0.1938.76 Safari/537.36"
40.77.167.143 - - [13/Jul/2025:00:12:03 +0530] "GET /nomhl/public/img/rangamati/ HTTP/2" 200 17168 "-" "Mozilla/5.0 AppleWebKit/537.36 (KHTML, like Gecko; compatible; bingbot/2.0; +http://www.bing.com/bingbot.htm) Chrome/116.0.1938.76 Safari/537.36"
52.167.144.164 - - [13/Jul/2025:00:12:14 +0530] "GET /jkdth-FYNOms131pud_w/public/new-assets/img/about/dummy.pdf HTTP/2" 200 12395 "-" "Mozilla/5.0 AppleWebKit/537.36 (KHTML, like Gecko; compatible; bingbot/2.0; +http://www.bing.com/bingbot.htm) Chrome/116.0.1938.76 Safari/537.36"
52.167.144.18 - - [13/Jul/2025:00:12:30 +0530] "GET /227-ixgcrjy-15450-oehcbqupd/notice-board HTTP/2" 200 13047 "-" "Mozilla/5.0 AppleWebKit/537.36 (KHTML, like Gecko; compatible; bingbot/2.0; +http://www.bing.com/bingbot.htm) Chrome/116.0.1938.76 Safari/537.36"
52.167.144.16 - - [13/Jul/2025:00:12:48 +0530] "GET /119yuvxntl9285oh_bmi/receipt_payment HTTP/2" 200 12374 "-" "Mozilla/5.0 AppleWebKit/537.36 (KHTML, like Gecko; compatible; bingbot/2.0; +http://www.bing.com/bingbot.htm) Chrome/116.0.1938.76 Safari/537.36"
40.77.167.14 - - [13/Jul/2025:00:12:53 +0530] "GET /249-gdptxjrl-45908-yaphgmivje/facilities.php HTTP/2" 200 12395 "-" "Mozilla/5.0 AppleWebKit/537.36 (KHTML, like Gecko; compatible; bingbot/2.0; +http://www.bing.com/bingbot.htm) Chrome/116.0.1938.76 Safari/537.36"
52.167.144.18 - - [13/Jul/2025:00:13:10 +0530] "GET /161-lfsixdh-30546-oiphezgac/public/img/rangamati/teaching-staff.pdf HTTP/2" 200 12395 "-" "Mozilla/5.0 AppleWebKit/537.36 (KHTML, like Gecko; compatible; bingbot/2.0; +http://www.bing.com/bingbot.htm) Chrome/116.0.1938.76 Safari/537.36"
52.167.144.18 - - [13/Jul/2025:00:13:18 +0530] "GET /trpk59yecfhk-wuhldomagvrky946/public/new-assets/img/about/fee-structure HTTP/2" 200 13186 "-" "Mozilla/5.0 AppleWebKit/537.36 (KHTML, like Gecko; compatible; bingbot/2.0; +http://www.bing.com/bingbot.htm) Chrome/116.0.1938.76 Safari/537.36"
40.77.167.143 - - [13/Jul/2025:00:13:33 +0530] "GET /agsbr-HDYqme28atq_nsq/admin/images/doc/public/new-assets/img/about/dummy.pdf HTTP/2" 200 12374 "-" "Mozilla/5.0 AppleWebKit/537.36 (KHTML, like Gecko; compatible; bingbot/2.0; +http://www.bing.com/bingbot.htm) Chrome/116.0.1938.76 Safari/537.36"
52.167.144.16 - - [13/Jul/2025:00:13:49 +0530] "GET /kngxh/public/new-assets/img/about/dummy.pdf HTTP/2" 200 12374 "-" "Mozilla/5.0 AppleWebKit/537.36 (KHTML, like Gecko; compatible; bingbot/2.0; +http://www.bing.com/bingbot.htm) Chrome/116.0.1938.76 Safari/537.36"
216.73.217.5 - - [13/Jul/2025:00:13:53 +0530] "GET /admin/images/public/node_modules/bootstrap/dist/js/mandatory-disclosure HTTP/2" 200 13747 "-" "Mozilla/5.0 AppleWebKit/537.36 (KHTML, like Gecko; compatible; ClaudeBot/1.0; +claudebot@anthropic.com)"
216.73.217.5 - - [13/Jul/2025:00:13:53 +0530] "GET /admin/images/public/node_modules/bootstrap/dist/js/method-subject HTTP/2" 200 13259 "-" "Mozilla/5.0 AppleWebKit/537.36 (KHTML, like Gecko; compatible; ClaudeBot/1.0; +claudebot@anthropic.com)"
52.167.144.18 - - [13/Jul/2025:00:14:00 +0530] "GET /fcihlwak_258-vwgs21145artyecfs/public/new-assets/img/about/dummy.pdf HTTP/2" 200 12395 "-" "Mozilla/5.0 AppleWebKit/537.36 (KHTML, like Gecko; compatible; bingbot/2.0; +http://www.bing.com/bingbot.htm) Chrome/116.0.1938.76 Safari/537.36"
40.77.167.69 - - [13/Jul/2025:00:14:03 +0530] "GET /wikzf/notice-board HTTP/2" 200 13041 "-" "Mozilla/5.0 AppleWebKit/537.36 (KHTML, like Gecko; compatible; bingbot/2.0; +http://www.bing.com/bingbot.htm) Chrome/116.0.1938.76 Safari/537.36"
40.77.167.69 - - [13/Jul/2025:00:14:11 +0530] "GET /274-yiexopqha-45643-kdiwanvhqr/fee-structure HTTP/2" 200 13199 "-" "Mozilla/5.0 AppleWebKit/537.36 (KHTML, like Gecko; compatible; bingbot/2.0; +http://www.bing.com/bingbot.htm) Chrome/116.0.1938.76 Safari/537.36"
40.77.167.14 - - [13/Jul/2025:00:14:13 +0530] "GET /2019/08/19/jal%E3%83%91%E3%83%83%E3%82%AF-55th-%E3%82%AA%E3%83%BC%E3%82%B9%E3%83%88%E3%83%A9%E3%83%AA%E3%82%A2%E3%83%BB%E3%83%8B%E3%83%A5%E3%83%BC%E3%82%B8%E2%80%95%E3%83%A9%E3%83%B3%E3%83%89/admin/images/admin/images/public/new-assets/img/about/mandatory-disclosure HTTP/2" 200 13747 "-" "Mozilla/5.0 AppleWebKit/537.36 (KHTML, like Gecko; compatible; bingbot/2.0; +http://www.bing.com/bingbot.htm) Chrome/116.0.1938.76 Safari/537.36"
40.77.167.143 - - [13/Jul/2025:00:14:16 +0530] "GET /298ubSoKRN-ewx/Ia4pKfy5zP1bq/course HTTP/2" 200 13694 "-" "Mozilla/5.0 AppleWebKit/537.36 (KHTML, like Gecko; compatible; bingbot/2.0; +http://www.bing.com/bingbot.htm) Chrome/116.0.1938.76 Safari/537.36"
52.167.144.18 - - [13/Jul/2025:00:14:30 +0530] "GET /221-jdpeiwvu-3756-noqpsvgidy/academic_calendar.php HTTP/2" 200 12395 "-" "Mozilla/5.0 AppleWebKit/537.36 (KHTML, like Gecko; compatible; bingbot/2.0; +http://www.bing.com/bingbot.htm) Chrome/116.0.1938.76 Safari/537.36"
17.241.75.28 - - [13/Jul/2025:00:14:47 +0530] "GET /about-us/img/admin/images/doc/public/new-assets/gallery/public/new-assets/gallery/public/new-assets/gallery/course HTTP/1.1" 200 15729 "-" "Mozilla/5.0 (Macintosh; Intel Mac OS X 10_15_7) AppleWebKit/605.1.15 (KHTML, like Gecko) Version/17.4 Safari/605.1.15 (Applebot/0.1; +http://www.apple.com/go/applebot)"
17.241.75.28 - - [13/Jul/2025:00:14:48 +0530] "GET /about-us/img/include/include/public/new-assets/gallery/4.png HTTP/1.1" 200 14264 "-" "Mozilla/5.0 (Macintosh; Intel Mac OS X 10_15_7) AppleWebKit/605.1.15 (KHTML, like Gecko) Version/17.4 Safari/605.1.15 (Applebot/0.1; +http://www.apple.com/go/applebot)"
40.77.167.143 - - [13/Jul/2025:00:14:52 +0530] "GET /voxwr/director-message HTTP/2" 200 12374 "-" "Mozilla/5.0 AppleWebKit/537.36 (KHTML, like Gecko; compatible; bingbot/2.0; +http://www.bing.com/bingbot.htm) Chrome/116.0.1938.76 Safari/537.36"
216.73.217.5 - - [13/Jul/2025:00:15:06 +0530] "GET /admin/images/public/new-assets/js/public/new-assets/img/rangamati-logo.png HTTP/2" 200 12395 "-" "Mozilla/5.0 AppleWebKit/537.36 (KHTML, like Gecko; compatible; ClaudeBot/1.0; +claudebot@anthropic.com)"
40.77.167.143 - - [13/Jul/2025:00:15:13 +0530] "GET /avbam/public/img/rangamati/management HTTP/2" 200 12757 "-" "Mozilla/5.0 AppleWebKit/537.36 (KHTML, like Gecko; compatible; bingbot/2.0; +http://www.bing.com/bingbot.htm) Chrome/116.0.1938.76 Safari/537.36"
40.77.167.14 - - [13/Jul/2025:00:15:13 +0530] "GET /viajcsdlx217dse-btpeyf-1714-ztgveyphis/public/img/rangamati/public/new-assets/img/about/management HTTP/2" 200 12774 "-" "Mozilla/5.0 AppleWebKit/537.36 (KHTML, like Gecko; compatible; bingbot/2.0; +http://www.bing.com/bingbot.htm) Chrome/116.0.1938.76 Safari/537.36"
52.167.144.164 - - [13/Jul/2025:00:15:25 +0530] "GET /gikai-iinkai/nougyouiinkai/public/img/rangamati/fee-structure HTTP/2" 200 13186 "-" "Mozilla/5.0 AppleWebKit/537.36 (KHTML, like Gecko; compatible; bingbot/2.0; +http://www.bing.com/bingbot.htm) Chrome/116.0.1938.76 Safari/537.36"
52.167.144.18 - - [13/Jul/2025:00:15:30 +0530] "GET /eixsfp124hgf46840/balance_sheet HTTP/2" 200 12395 "-" "Mozilla/5.0 AppleWebKit/537.36 (KHTML, like Gecko; compatible; bingbot/2.0; +http://www.bing.com/bingbot.htm) Chrome/116.0.1938.76 Safari/537.36"
40.77.167.143 - - [13/Jul/2025:00:15:53 +0530] "GET /98tGpDBs74613et_kf/library.php HTTP/2" 200 12374 "-" "Mozilla/5.0 AppleWebKit/537.36 (KHTML, like Gecko; compatible; bingbot/2.0; +http://www.bing.com/bingbot.htm) Chrome/116.0.1938.76 Safari/537.36"
40.77.167.14 - - [13/Jul/2025:00:16:03 +0530] "GET /139-mpgfztjdb-34798-pbrlvhmsxf/public/img/rangamati/gallery HTTP/2" 200 12672 "-" "Mozilla/5.0 AppleWebKit/537.36 (KHTML, like Gecko; compatible; bingbot/2.0; +http://www.bing.com/bingbot.htm) Chrome/116.0.1938.76 Safari/537.36"
40.77.167.143 - - [13/Jul/2025:00:16:23 +0530] "GET /ctnqo/deled HTTP/2" 200 12374 "-" "Mozilla/5.0 AppleWebKit/537.36 (KHTML, like Gecko; compatible; bingbot/2.0; +http://www.bing.com/bingbot.htm) Chrome/116.0.1938.76 Safari/537.36"
17.22.245.86 - - [13/Jul/2025:00:16:23 +0530] "GET /about-us/img/include/include/public/new-assets/gallery/public/new-assets/css/style.css HTTP/1.1" 200 14228 "https://www.rangamaticollege.org/about-us/img/include/include/public/new-assets/gallery/4.png" "Mozilla/5.0 (Macintosh; Intel Mac OS X 10_15_7) AppleWebKit/605.1.15 (KHTML, like Gecko) Version/17.4 Safari/605.1.15 (Applebot/0.1; +http://www.apple.com/go/applebot)"
17.22.253.118 - - [13/Jul/2025:00:16:24 +0530] "GET /about-us/img/include/include/public/new-assets/gallery/public/new-assets/css/owl.carousel.min.css HTTP/1.1" 200 14228 "https://www.rangamaticollege.org/about-us/img/include/include/public/new-assets/gallery/4.png" "Mozilla/5.0 (Macintosh; Intel Mac OS X 10_15_7) AppleWebKit/605.1.15 (KHTML, like Gecko) Version/17.4 Safari/605.1.15 (Applebot/0.1; +http://www.apple.com/go/applebot)"
17.22.253.197 - - [13/Jul/2025:00:16:24 +0530] "GET /about-us/img/include/include/public/new-assets/gallery/public/new-assets/css/animate.min.css HTTP/1.1" 200 14228 "https://www.rangamaticollege.org/about-us/img/include/include/public/new-assets/gallery/4.png" "Mozilla/5.0 (Macintosh; Intel Mac OS X 10_15_7) AppleWebKit/605.1.15 (KHTML, like Gecko) Version/17.4 Safari/605.1.15 (Applebot/0.1; +http://www.apple.com/go/applebot)"
17.22.253.61 - - [13/Jul/2025:00:16:25 +0530] "GET /about-us/img/include/include/public/new-assets/gallery/public/new-assets/css/jquery.fancybox.min.css HTTP/1.1" 200 14228 "https://www.rangamaticollege.org/about-us/img/include/include/public/new-assets/gallery/4.png" "Mozilla/5.0 (Macintosh; Intel Mac OS X 10_15_7) AppleWebKit/605.1.15 (KHTML, like Gecko) Version/17.4 Safari/605.1.15 (Applebot/0.1; +http://www.apple.com/go/applebot)"
17.22.245.86 - - [13/Jul/2025:00:16:26 +0530] "GET /about-us/img/include/include/public/new-assets/gallery/public/assets/js/jquery-migrate-3.4.0.min.js HTTP/1.1" 200 14228 "https://www.rangamaticollege.org/about-us/img/include/include/public/new-assets/gallery/4.png" "Mozilla/5.0 (Macintosh; Intel Mac OS X 10_15_7) AppleWebKit/605.1.15 (KHTML, like Gecko) Version/17.4 Safari/605.1.15 (Applebot/0.1; +http://www.apple.com/go/applebot)"
17.22.237.133 - - [13/Jul/2025:00:16:26 +0530] "GET /about-us/img/include/include/public/new-assets/gallery/public/new-assets/asset/new-style.css HTTP/1.1" 200 14228 "https://www.rangamaticollege.org/about-us/img/include/include/public/new-assets/gallery/4.png" "Mozilla/5.0 (Macintosh; Intel Mac OS X 10_15_7) AppleWebKit/605.1.15 (KHTML, like Gecko) Version/17.4 Safari/605.1.15 (Applebot/0.1; +http://www.apple.com/go/applebot)"
17.22.245.13 - - [13/Jul/2025:00:16:27 +0530] "GET /about-us/img/include/include/public/new-assets/gallery/public/node_modules/bootstrap/dist/js/bootstrap.bundle.js HTTP/1.1" 200 14228 "https://www.rangamaticollege.org/about-us/img/include/include/public/new-assets/gallery/4.png" "Mozilla/5.0 (Macintosh; Intel Mac OS X 10_15_7) AppleWebKit/605.1.15 (KHTML, like Gecko) Version/17.4 Safari/605.1.15 (Applebot/0.1; +http://www.apple.com/go/applebot)"
17.22.253.94 - - [13/Jul/2025:00:16:27 +0530] "GET /about-us/img/include/include/public/new-assets/gallery/public/assets/js/jquery.gridrotator.js HTTP/1.1" 200 14228 "https://www.rangamaticollege.org/about-us/img/include/include/public/new-assets/gallery/4.png" "Mozilla/5.0 (Macintosh; Intel Mac OS X 10_15_7) AppleWebKit/605.1.15 (KHTML, like Gecko) Version/17.4 Safari/605.1.15 (Applebot/0.1; +http://www.apple.com/go/applebot)"
17.22.245.86 - - [13/Jul/2025:00:16:28 +0530] "GET /about-us/img/include/include/public/new-assets/gallery/public/new-assets/js/counter-up.js HTTP/1.1" 200 14228 "https://www.rangamaticollege.org/about-us/img/include/include/public/new-assets/gallery/4.png" "Mozilla/5.0 (Macintosh; Intel Mac OS X 10_15_7) AppleWebKit/605.1.15 (KHTML, like Gecko) Version/17.4 Safari/605.1.15 (Applebot/0.1; +http://www.apple.com/go/applebot)"
17.22.253.70 - - [13/Jul/2025:00:16:28 +0530] "GET /about-us/img/include/include/public/new-assets/gallery/public/new-assets/js/countdown.min.js HTTP/1.1" 200 14228 "https://www.rangamaticollege.org/about-us/img/include/include/public/new-assets/gallery/4.png" "Mozilla/5.0 (Macintosh; Intel Mac OS X 10_15_7) AppleWebKit/605.1.15 (KHTML, like Gecko) Version/17.4 Safari/605.1.15 (Applebot/0.1; +http://www.apple.com/go/applebot)"
17.22.237.133 - - [13/Jul/2025:00:16:28 +0530] "GET /about-us/img/include/include/public/new-assets/gallery/public/new-assets/js/jquery.appear.min.js HTTP/1.1" 200 14228 "https://www.rangamaticollege.org/about-us/img/include/include/public/new-assets/gallery/4.png" "Mozilla/5.0 (Macintosh; Intel Mac OS X 10_15_7) AppleWebKit/605.1.15 (KHTML, like Gecko) Version/17.4 Safari/605.1.15 (Applebot/0.1; +http://www.apple.com/go/applebot)"
17.22.253.61 - - [13/Jul/2025:00:16:29 +0530] "GET /about-us/img/include/include/public/new-assets/gallery/public/new-assets/js/jquery.easing.min.js HTTP/1.1" 200 14228 "https://www.rangamaticollege.org/about-us/img/include/include/public/new-assets/gallery/4.png" "Mozilla/5.0 (Macintosh; Intel Mac OS X 10_15_7) AppleWebKit/605.1.15 (KHTML, like Gecko) Version/17.4 Safari/605.1.15 (Applebot/0.1; +http://www.apple.com/go/applebot)"
17.22.245.13 - - [13/Jul/2025:00:16:29 +0530] "GET /about-us/img/include/include/public/new-assets/gallery/public/new-assets/js/jquery.fancybox.min.js HTTP/1.1" 200 14228 "https://www.rangamaticollege.org/about-us/img/include/include/public/new-assets/gallery/4.png" "Mozilla/5.0 (Macintosh; Intel Mac OS X 10_15_7) AppleWebKit/605.1.15 (KHTML, like Gecko) Version/17.4 Safari/605.1.15 (Applebot/0.1; +http://www.apple.com/go/applebot)"
17.22.237.199 - - [13/Jul/2025:00:16:30 +0530] "GET /about-us/img/include/include/public/new-assets/gallery/public/new-assets/css/magnific-popup.min.css HTTP/1.1" 200 14228 "https://www.rangamaticollege.org/about-us/img/include/include/public/new-assets/gallery/4.png" "Mozilla/5.0 (Macintosh; Intel Mac OS X 10_15_7) AppleWebKit/605.1.15 (KHTML, like Gecko) Version/17.4 Safari/605.1.15 (Applebot/0.1; +http://www.apple.com/go/applebot)"
17.22.253.197 - - [13/Jul/2025:00:16:30 +0530] "GET /about-us/img/include/include/public/new-assets/gallery/public/new-assets/js/wow.min.js HTTP/1.1" 200 14228 "https://www.rangamaticollege.org/about-us/img/include/include/public/new-assets/gallery/4.png" "Mozilla/5.0 (Macintosh; Intel Mac OS X 10_15_7) AppleWebKit/605.1.15 (KHTML, like Gecko) Version/17.4 Safari/605.1.15 (Applebot/0.1; +http://www.apple.com/go/applebot)"
17.22.245.170 - - [13/Jul/2025:00:16:30 +0530] "GET /about-us/img/include/include/public/new-assets/gallery/public/new-assets/js/modernizr.min.js HTTP/1.1" 200 14228 "https://www.rangamaticollege.org/about-us/img/include/include/public/new-assets/gallery/4.png" "Mozilla/5.0 (Macintosh; Intel Mac OS X 10_15_7) AppleWebKit/605.1.15 (KHTML, like Gecko) Version/17.4 Safari/605.1.15 (Applebot/0.1; +http://www.apple.com/go/applebot)"
17.22.237.133 - - [13/Jul/2025:00:16:31 +0530] "GET /about-us/img/include/include/public/new-assets/gallery/public/new-assets/js/owl.carousel.min.js HTTP/1.1" 200 14228 "https://www.rangamaticollege.org/about-us/img/include/include/public/new-assets/gallery/4.png" "Mozilla/5.0 (Macintosh; Intel Mac OS X 10_15_7) AppleWebKit/605.1.15 (KHTML, like Gecko) Version/17.4 Safari/605.1.15 (Applebot/0.1; +http://www.apple.com/go/applebot)"
17.22.237.38 - - [13/Jul/2025:00:16:32 +0530] "GET /about-us/img/include/include/public/new-assets/gallery/public/new-assets/js/imagesloaded.pkgd.min.js HTTP/1.1" 200 14228 "https://www.rangamaticollege.org/about-us/img/include/include/public/new-assets/gallery/4.png" "Mozilla/5.0 (Macintosh; Intel Mac OS X 10_15_7) AppleWebKit/605.1.15 (KHTML, like Gecko) Version/17.4 Safari/605.1.15 (Applebot/0.1; +http://www.apple.com/go/applebot)"
17.22.245.196 - - [13/Jul/2025:00:16:32 +0530] "GET /about-us/img/include/include/public/new-assets/gallery/public/new-assets/js/isotope.pkgd.min.js HTTP/1.1" 200 14228 "https://www.rangamaticollege.org/about-us/img/include/include/public/new-assets/gallery/4.png" "Mozilla/5.0 (Macintosh; Intel Mac OS X 10_15_7) AppleWebKit/605.1.15 (KHTML, like Gecko) Version/17.4 Safari/605.1.15 (Applebot/0.1; +http://www.apple.com/go/applebot)"
17.22.237.178 - - [13/Jul/2025:00:16:33 +0530] "GET /about-us/img/include/include/public/new-assets/gallery/public/new-assets/js/main.js HTTP/1.1" 200 14228 "https://www.rangamaticollege.org/about-us/img/include/include/public/new-assets/gallery/4.png" "Mozilla/5.0 (Macintosh; Intel Mac OS X 10_15_7) AppleWebKit/605.1.15 (KHTML, like Gecko) Version/17.4 Safari/605.1.15 (Applebot/0.1; +http://www.apple.com/go/applebot)"
52.167.144.164 - - [13/Jul/2025:00:16:34 +0530] "GET /28-jawsymgbr-23329-wbluznfa/public/img/rangamati/teaching-staff.pdf HTTP/2" 200 12395 "-" "Mozilla/5.0 AppleWebKit/537.36 (KHTML, like Gecko; compatible; bingbot/2.0; +http://www.bing.com/bingbot.htm) Chrome/116.0.1938.76 Safari/537.36"
40.77.167.69 - - [13/Jul/2025:00:16:53 +0530] "GET /zadby/public/img/rangamati/teaching-staff HTTP/2" 200 12774 "-" "Mozilla/5.0 AppleWebKit/537.36 (KHTML, like Gecko; compatible; bingbot/2.0; +http://www.bing.com/bingbot.htm) Chrome/116.0.1938.76 Safari/537.36"
40.77.167.52 - - [13/Jul/2025:00:17:00 +0530] "GET /wvmlit122xjznh-lyjzvpusdq22003/course HTTP/2" 200 13694 "-" "Mozilla/5.0 AppleWebKit/537.36 (KHTML, like Gecko; compatible; bingbot/2.0; +http://www.bing.com/bingbot.htm) Chrome/116.0.1938.76 Safari/537.36"
40.77.167.69 - - [13/Jul/2025:00:17:03 +0530] "GET /110-eiflzk-5697-scjkhxgwp/contact HTTP/2" 200 13777 "-" "Mozilla/5.0 AppleWebKit/537.36 (KHTML, like Gecko; compatible; bingbot/2.0; +http://www.bing.com/bingbot.htm) Chrome/116.0.1938.76 Safari/537.36"
52.167.144.164 - - [13/Jul/2025:00:17:33 +0530] "GET /256mNLPRery75632kn_sjo/management HTTP/2" 200 12776 "-" "Mozilla/5.0 AppleWebKit/537.36 (KHTML, like Gecko; compatible; bingbot/2.0; +http://www.bing.com/bingbot.htm) Chrome/116.0.1938.76 Safari/537.36"
52.167.144.164 - - [13/Jul/2025:00:17:44 +0530] "GET /ncfkh143dukxc41841/about-us HTTP/2" 200 12395 "-" "Mozilla/5.0 AppleWebKit/537.36 (KHTML, like Gecko; compatible; bingbot/2.0; +http://www.bing.com/bingbot.htm) Chrome/116.0.1938.76 Safari/537.36"
40.77.167.52 - - [13/Jul/2025:00:17:49 +0530] "GET /228cgn_bfuhtpjnzegl-vfywz/30661/mandatory-disclosure HTTP/2" 200 13732 "-" "Mozilla/5.0 AppleWebKit/537.36 (KHTML, like Gecko; compatible; bingbot/2.0; +http://www.bing.com/bingbot.htm) Chrome/116.0.1938.76 Safari/537.36"
40.77.167.69 - - [13/Jul/2025:00:17:53 +0530] "GET /137sjPdfp978a_t/public/new-assets/img/about/mandatory-disclosure HTTP/2" 200 13732 "-" "Mozilla/5.0 AppleWebKit/537.36 (KHTML, like Gecko; compatible; bingbot/2.0; +http://www.bing.com/bingbot.htm) Chrome/116.0.1938.76 Safari/537.36"
40.77.167.69 - - [13/Jul/2025:00:17:54 +0530] "GET /28-ugtqpiv-31069-nmfdazcu/prospectus HTTP/2" 200 12374 "-" "Mozilla/5.0 AppleWebKit/537.36 (KHTML, like Gecko; compatible; bingbot/2.0; +http://www.bing.com/bingbot.htm) Chrome/116.0.1938.76 Safari/537.36"
216.73.217.5 - - [13/Jul/2025:00:18:07 +0530] "GET /admin/images/public/new-assets/js/b-ed-prospectus HTTP/2" 200 12786 "-" "Mozilla/5.0 AppleWebKit/537.36 (KHTML, like Gecko; compatible; ClaudeBot/1.0; +claudebot@anthropic.com)"
216.73.217.5 - - [13/Jul/2025:00:18:07 +0530] "GET /admin/images/public/node_modules/bootstrap/dist/js/deled-prospectus HTTP/2" 200 12784 "-" "Mozilla/5.0 AppleWebKit/537.36 (KHTML, like Gecko; compatible; ClaudeBot/1.0; +claudebot@anthropic.com)"
52.167.144.172 - - [13/Jul/2025:00:18:09 +0530] "GET /kz-zs-matome/public/img/rangamati/index.html HTTP/2" 200 12395 "-" "Mozilla/5.0 AppleWebKit/537.36 (KHTML, like Gecko; compatible; bingbot/2.0; +http://www.bing.com/bingbot.htm) Chrome/116.0.1938.76 Safari/537.36"
40.77.167.52 - - [13/Jul/2025:00:18:09 +0530] "GET /260HegNBE48567o_py/public/img/rangamati/S_attendence HTTP/2" 200 12374 "-" "Mozilla/5.0 AppleWebKit/537.36 (KHTML, like Gecko; compatible; bingbot/2.0; +http://www.bing.com/bingbot.htm) Chrome/116.0.1938.76 Safari/537.36"
40.77.167.52 - - [13/Jul/2025:00:18:29 +0530] "GET /mo-ECPgv152okw_mlj/admin/images/doc/method-subject HTTP/2" 200 13144 "-" "Mozilla/5.0 AppleWebKit/537.36 (KHTML, like Gecko; compatible; bingbot/2.0; +http://www.bing.com/bingbot.htm) Chrome/116.0.1938.76 Safari/537.36"
40.77.167.14 - - [13/Jul/2025:00:18:33 +0530] "GET /r-%E6%8C%87%E5%AE%9A%E3%80%81g-b-c%E3%81%AE%E3%80%8Ereal-love%E3%80%8F%E3%82%92%E7%B4%B9%E4%BB%8B%EF%BD%9C%E5%B2%B8%E5%92%8C%E7%94%B0%E3%81%AE%E8%B6%85%E3%81%8A%E3%81%99%E3%81%99%E3%82%81%E3%82%B0/admin/images/admin/images/download_area.php HTTP/2" 200 12395 "-" "Mozilla/5.0 AppleWebKit/537.36 (KHTML, like Gecko; compatible; bingbot/2.0; +http://www.bing.com/bingbot.htm) Chrome/116.0.1938.76 Safari/537.36"
40.77.167.69 - - [13/Jul/2025:00:18:34 +0530] "GET /28-dawiqjn-46099-avrekufm/public/img/rangamati/public/img/rangamati/mandatory-disclosure HTTP/2" 200 13732 "-" "Mozilla/5.0 AppleWebKit/537.36 (KHTML, like Gecko; compatible; bingbot/2.0; +http://www.bing.com/bingbot.htm) Chrome/116.0.1938.76 Safari/537.36"
40.77.167.143 - - [13/Jul/2025:00:18:43 +0530] "GET /kagrqtm_182-nefqj31961aipxhvw/bed-prospectus HTTP/2" 200 12374 "-" "Mozilla/5.0 AppleWebKit/537.36 (KHTML, like Gecko; compatible; bingbot/2.0; +http://www.bing.com/bingbot.htm) Chrome/116.0.1938.76 Safari/537.36"
40.77.167.69 - - [13/Jul/2025:00:19:06 +0530] "GET /265-ekzalx-22822-zparmnlhuyo/president-message HTTP/2" 200 12996 "-" "Mozilla/5.0 AppleWebKit/537.36 (KHTML, like Gecko; compatible; bingbot/2.0; +http://www.bing.com/bingbot.htm) Chrome/116.0.1938.76 Safari/537.36"
40.77.167.14 - - [13/Jul/2025:00:19:24 +0530] "GET /amico_news/%E5%96%B6%E6%A5%AD%E5%86%8D%E9%96%8B%E3%81%A8%E6%96%B0%E5%9E%8B%E3%82%B3%E3%83%AD%E3%83%8A%E3%82%A6%E3%82%A4%E3%83%AB%E3%82%B9%E6%84%9F%E6%9F%93%E4%BA%88%E9%98%B2%E5%AF%BE%E7%AD%96%E3%81%AE%E3%81%8A/public/img/rangamati/public/new-assets/img/about/course HTTP/2" 200 13671 "-" "Mozilla/5.0 AppleWebKit/537.36 (KHTML, like Gecko; compatible; bingbot/2.0; +http://www.bing.com/bingbot.htm) Chrome/116.0.1938.76 Safari/537.36"
52.167.144.17 - - [13/Jul/2025:00:20:09 +0530] "GET /lori-FNUwp95ey_x/public/img/rangamati/public/img/rangamati/gallery HTTP/2" 200 12664 "-" "Mozilla/5.0 AppleWebKit/537.36 (KHTML, like Gecko; compatible; bingbot/2.0; +http://www.bing.com/bingbot.htm) Chrome/116.0.1938.76 Safari/537.36"
66.249.79.133 - - [13/Jul/2025:00:20:13 +0530] "GET / HTTP/1.1" 200 17132 "-" "Mozilla/5.0 (Linux; Android 6.0.1; Nexus 5X Build/MMB29P) AppleWebKit/537.36 (KHTML, like Gecko) Chrome/137.0.7151.103 Mobile Safari/537.36 (compatible; Googlebot/2.1; +http://www.google.com/bot.html)"
52.167.144.197 - - [13/Jul/2025:00:20:22 +0530] "GET /mcfw130nvepha-ltshbzim37775/admin/images/gallery HTTP/2" 200 12664 "-" "Mozilla/5.0 AppleWebKit/537.36 (KHTML, like Gecko; compatible; bingbot/2.0; +http://www.bing.com/bingbot.htm) Chrome/116.0.1938.76 Safari/537.36"
52.167.144.230 - - [13/Jul/2025:00:20:43 +0530] "GET /nvojsr28dv-sozpnlc-19483-zpsceiktx/public/new-assets/img/about/teaching-staff HTTP/2" 200 12793 "-" "Mozilla/5.0 AppleWebKit/537.36 (KHTML, like Gecko; compatible; bingbot/2.0; +http://www.bing.com/bingbot.htm) Chrome/116.0.1938.76 Safari/537.36"
52.167.144.230 - - [13/Jul/2025:00:20:44 +0530] "GET /rwtzodmhe248p-sobuxn-48513-jcfoxurtie/public/new-assets/img/about/dummy.pdf HTTP/2" 200 12395 "-" "Mozilla/5.0 AppleWebKit/537.36 (KHTML, like Gecko; compatible; bingbot/2.0; +http://www.bing.com/bingbot.htm) Chrome/116.0.1938.76 Safari/537.36"
52.167.144.197 - - [13/Jul/2025:00:21:06 +0530] "GET /qajmq/S_attendence HTTP/2" 200 12374 "-" "Mozilla/5.0 AppleWebKit/537.36 (KHTML, like Gecko; compatible; bingbot/2.0; +http://www.bing.com/bingbot.htm) Chrome/116.0.1938.76 Safari/537.36"
52.167.144.17 - - [13/Jul/2025:00:21:20 +0530] "GET /104IWVLRg3861t_oe/management HTTP/2" 200 12757 "-" "Mozilla/5.0 AppleWebKit/537.36 (KHTML, like Gecko; compatible; bingbot/2.0; +http://www.bing.com/bingbot.htm) Chrome/116.0.1938.76 Safari/537.36"
52.167.144.230 - - [13/Jul/2025:00:21:24 +0530] "GET /zxgy-MFCZRAh28li_p/subject HTTP/2" 200 12395 "-" "Mozilla/5.0 AppleWebKit/537.36 (KHTML, like Gecko; compatible; bingbot/2.0; +http://www.bing.com/bingbot.htm) Chrome/116.0.1938.76 Safari/537.36"
17.241.75.84 - - [13/Jul/2025:00:21:30 +0530] "GET /services/assets/img/public/img/director-message HTTP/1.1" 200 14228 "-" "Mozilla/5.0 (Macintosh; Intel Mac OS X 10_15_7) AppleWebKit/605.1.15 (KHTML, like Gecko) Version/17.4 Safari/605.1.15 (Applebot/0.1; +http://www.apple.com/go/applebot)"
40.77.167.69 - - [13/Jul/2025:00:21:53 +0530] "GET /70gfsqzDEO8XdNkWi7z-iuw1249 HTTP/2" 200 12374 "-" "Mozilla/5.0 AppleWebKit/537.36 (KHTML, like Gecko; compatible; bingbot/2.0; +http://www.bing.com/bingbot.htm) Chrome/116.0.1938.76 Safari/537.36"
52.167.144.172 - - [13/Jul/2025:00:22:00 +0530] "GET /107-lmpbkwchy-17640-efdmbgqluz/technical_support_staff HTTP/2" 200 12395 "-" "Mozilla/5.0 AppleWebKit/537.36 (KHTML, like Gecko; compatible; bingbot/2.0; +http://www.bing.com/bingbot.htm) Chrome/116.0.1938.76 Safari/537.36"
52.167.144.230 - - [13/Jul/2025:00:22:04 +0530] "GET /247-rewoapzym-48370-munbfvxhl/admin/images/notice-board HTTP/2" 200 13047 "-" "Mozilla/5.0 AppleWebKit/537.36 (KHTML, like Gecko; compatible; bingbot/2.0; +http://www.bing.com/bingbot.htm) Chrome/116.0.1938.76 Safari/537.36"
216.73.217.5 - - [13/Jul/2025:00:22:17 +0530] "GET /robots.txt HTTP/2" 200 94 "-" "Mozilla/5.0 AppleWebKit/537.36 (KHTML, like Gecko; compatible; ClaudeBot/1.0; +claudebot@anthropic.com)"
216.73.217.5 - - [13/Jul/2025:00:22:18 +0530] "GET /admin/images/public/new-assets/favicon/fee-structure HTTP/2" 200 13186 "-" "Mozilla/5.0 AppleWebKit/537.36 (KHTML, like Gecko; compatible; ClaudeBot/1.0; +claudebot@anthropic.com)"
66.249.79.134 - - [13/Jul/2025:00:22:27 +0530] "GET / HTTP/1.1" 200 17132 "-" "Mozilla/5.0 (Linux; Android 6.0.1; Nexus 5X Build/MMB29P) AppleWebKit/537.36 (KHTML, like Gecko) Chrome/137.0.7151.103 Mobile Safari/537.36 (compatible; Googlebot/2.1; +http://www.google.com/bot.html)"
52.167.144.172 - - [13/Jul/2025:00:22:41 +0530] "GET /154-skpxhfb-10393-ymqfazrctih/public/new-assets/img/about/non-teaching-staff HTTP/2" 200 12811 "-" "Mozilla/5.0 AppleWebKit/537.36 (KHTML, like Gecko; compatible; bingbot/2.0; +http://www.bing.com/bingbot.htm) Chrome/116.0.1938.76 Safari/537.36"
40.77.167.69 - - [13/Jul/2025:00:22:54 +0530] "GET /28-rhnagie-34009-wvrmhkfse/public/img/rangamati/public/img/rangamati/balance_sheet HTTP/2" 200 12374 "-" "Mozilla/5.0 AppleWebKit/537.36 (KHTML, like Gecko; compatible; bingbot/2.0; +http://www.bing.com/bingbot.htm) Chrome/116.0.1938.76 Safari/537.36"
52.167.144.230 - - [13/Jul/2025:00:23:03 +0530] "GET /wp-content/uploads/public/img/rangamati/public/img/rangamati/RSAB%202019-21.pdf HTTP/2" 200 12395 "-" "Mozilla/5.0 AppleWebKit/537.36 (KHTML, like Gecko; compatible; bingbot/2.0; +http://www.bing.com/bingbot.htm) Chrome/116.0.1938.76 Safari/537.36"
52.167.144.172 - - [13/Jul/2025:00:23:11 +0530] "GET /125bihzgnmyfkopsrv17201/public/new-assets/img/about/b-ed HTTP/2" 200 12782 "-" "Mozilla/5.0 AppleWebKit/537.36 (KHTML, like Gecko; compatible; bingbot/2.0; +http://www.bing.com/bingbot.htm) Chrome/116.0.1938.76 Safari/537.36"
52.167.144.197 - - [13/Jul/2025:00:23:13 +0530] "GET /tcbjo118wxvqa29986/mandatory_disclosure.php HTTP/2" 200 12374 "-" "Mozilla/5.0 AppleWebKit/537.36 (KHTML, like Gecko; compatible; bingbot/2.0; +http://www.bing.com/bingbot.htm) Chrome/116.0.1938.76 Safari/537.36"
216.73.217.5 - - [13/Jul/2025:00:23:26 +0530] "GET /admin/images/public/new-assets/css/mandatory-disclosure HTTP/2" 200 13747 "-" "Mozilla/5.0 AppleWebKit/537.36 (KHTML, like Gecko; compatible; ClaudeBot/1.0; +claudebot@anthropic.com)"
17.241.219.145 - - [13/Jul/2025:00:26:27 +0530] "GET /services/assets/img/public/img/public/new-assets/css/magnific-popup.min.css HTTP/1.1" 200 14228 "https://www.rangamaticollege.org/services/assets/img/public/img/director-message" "Mozilla/5.0 (Macintosh; Intel Mac OS X 10_15_7) AppleWebKit/605.1.15 (KHTML, like Gecko) Version/17.4 Safari/605.1.15 (Applebot/0.1; +http://www.apple.com/go/applebot)"
17.241.75.195 - - [13/Jul/2025:00:26:28 +0530] "GET /services/assets/img/public/img/public/new-assets/asset/new-style.css HTTP/1.1" 200 14264 "https://www.rangamaticollege.org/services/assets/img/public/img/director-message" "Mozilla/5.0 (Macintosh; Intel Mac OS X 10_15_7) AppleWebKit/605.1.15 (KHTML, like Gecko) Version/17.4 Safari/605.1.15 (Applebot/0.1; +http://www.apple.com/go/applebot)"
17.241.219.235 - - [13/Jul/2025:00:26:28 +0530] "GET /services/assets/img/public/img/public/new-assets/css/jquery.fancybox.min.css HTTP/1.1" 200 14228 "https://www.rangamaticollege.org/services/assets/img/public/img/director-message" "Mozilla/5.0 (Macintosh; Intel Mac OS X 10_15_7) AppleWebKit/605.1.15 (KHTML, like Gecko) Version/17.4 Safari/605.1.15 (Applebot/0.1; +http://www.apple.com/go/applebot)"
17.241.75.197 - - [13/Jul/2025:00:26:29 +0530] "GET /services/assets/img/public/img/public/new-assets/css/style.css HTTP/1.1" 200 14264 "https://www.rangamaticollege.org/services/assets/img/public/img/director-message" "Mozilla/5.0 (Macintosh; Intel Mac OS X 10_15_7) AppleWebKit/605.1.15 (KHTML, like Gecko) Version/17.4 Safari/605.1.15 (Applebot/0.1; +http://www.apple.com/go/applebot)"
17.241.227.214 - - [13/Jul/2025:00:26:29 +0530] "GET /services/assets/img/public/img/public/new-assets/css/owl.carousel.min.css HTTP/1.1" 200 14228 "https://www.rangamaticollege.org/services/assets/img/public/img/director-message" "Mozilla/5.0 (Macintosh; Intel Mac OS X 10_15_7) AppleWebKit/605.1.15 (KHTML, like Gecko) Version/17.4 Safari/605.1.15 (Applebot/0.1; +http://www.apple.com/go/applebot)"
17.241.219.145 - - [13/Jul/2025:00:26:29 +0530] "GET /services/assets/img/public/img/public/assets/js/jquery-migrate-3.4.0.min.js HTTP/1.1" 200 14228 "https://www.rangamaticollege.org/services/assets/img/public/img/director-message" "Mozilla/5.0 (Macintosh; Intel Mac OS X 10_15_7) AppleWebKit/605.1.15 (KHTML, like Gecko) Version/17.4 Safari/605.1.15 (Applebot/0.1; +http://www.apple.com/go/applebot)"
17.241.219.146 - - [13/Jul/2025:00:26:30 +0530] "GET /services/assets/img/public/img/public/new-assets/css/animate.min.css HTTP/1.1" 200 14228 "https://www.rangamaticollege.org/services/assets/img/public/img/director-message" "Mozilla/5.0 (Macintosh; Intel Mac OS X 10_15_7) AppleWebKit/605.1.15 (KHTML, like Gecko) Version/17.4 Safari/605.1.15 (Applebot/0.1; +http://www.apple.com/go/applebot)"
17.241.75.195 - - [13/Jul/2025:00:26:30 +0530] "GET /services/assets/img/public/img/public/node_modules/bootstrap/dist/js/bootstrap.bundle.js HTTP/1.1" 200 14228 "https://www.rangamaticollege.org/services/assets/img/public/img/director-message" "Mozilla/5.0 (Macintosh; Intel Mac OS X 10_15_7) AppleWebKit/605.1.15 (KHTML, like Gecko) Version/17.4 Safari/605.1.15 (Applebot/0.1; +http://www.apple.com/go/applebot)"
52.167.144.172 - - [13/Jul/2025:00:26:30 +0530] "GET /5-pdwyks-49002-jkqmcarfuwl/chairman-message HTTP/2" 200 12395 "-" "Mozilla/5.0 AppleWebKit/537.36 (KHTML, like Gecko; compatible; bingbot/2.0; +http://www.bing.com/bingbot.htm) Chrome/116.0.1938.76 Safari/537.36"
17.241.219.235 - - [13/Jul/2025:00:26:31 +0530] "GET /services/assets/img/public/img/public/new-assets/js/countdown.min.js HTTP/1.1" 200 14264 "https://www.rangamaticollege.org/services/assets/img/public/img/director-message" "Mozilla/5.0 (Macintosh; Intel Mac OS X 10_15_7) AppleWebKit/605.1.15 (KHTML, like Gecko) Version/17.4 Safari/605.1.15 (Applebot/0.1; +http://www.apple.com/go/applebot)"
17.241.227.235 - - [13/Jul/2025:00:26:31 +0530] "GET /services/assets/img/public/img/public/assets/js/jquery.gridrotator.js HTTP/1.1" 200 14228 "https://www.rangamaticollege.org/services/assets/img/public/img/director-message" "Mozilla/5.0 (Macintosh; Intel Mac OS X 10_15_7) AppleWebKit/605.1.15 (KHTML, like Gecko) Version/17.4 Safari/605.1.15 (Applebot/0.1; +http://www.apple.com/go/applebot)"
17.241.227.214 - - [13/Jul/2025:00:26:31 +0530] "GET /services/assets/img/public/img/public/new-assets/js/counter-up.js HTTP/1.1" 200 14228 "https://www.rangamaticollege.org/services/assets/img/public/img/director-message" "Mozilla/5.0 (Macintosh; Intel Mac OS X 10_15_7) AppleWebKit/605.1.15 (KHTML, like Gecko) Version/17.4 Safari/605.1.15 (Applebot/0.1; +http://www.apple.com/go/applebot)"
