17.22.245.99 - - [12/Jul/2025:21:56:20 +0530] "GET /services/img/img/img/admin/images/public/new-assets/gallery/public/new-assets/js/counter-up.js HTTP/1.1" 200 14228 "https://www.rangamaticollege.org/services/img/img/img/admin/images/public/new-assets/gallery/8.png" "Mozilla/5.0 (Macintosh; Intel Mac OS X 10_15_7) AppleWebKit/605.1.15 (KHTML, like Gecko) Version/17.4 Safari/605.1.15 (Applebot/0.1; +http://www.apple.com/go/applebot)"
17.22.237.144 - - [12/Jul/2025:21:56:20 +0530] "GET /services/img/img/img/admin/images/public/new-assets/gallery/public/new-assets/js/countdown.min.js HTTP/1.1" 200 14264 "https://www.rangamaticollege.org/services/img/img/img/admin/images/public/new-assets/gallery/8.png" "Mozilla/5.0 (Macintosh; Intel Mac OS X 10_15_7) AppleWebKit/605.1.15 (KHTML, like Gecko) Version/17.4 Safari/605.1.15 (Applebot/0.1; +http://www.apple.com/go/applebot)"
17.22.245.43 - - [12/Jul/2025:21:56:21 +0530] "GET /services/img/img/img/admin/images/public/new-assets/gallery/public/new-assets/js/jquery.appear.min.js HTTP/1.1" 200 14228 "https://www.rangamaticollege.org/services/img/img/img/admin/images/public/new-assets/gallery/8.png" "Mozilla/5.0 (Macintosh; Intel Mac OS X 10_15_7) AppleWebKit/605.1.15 (KHTML, like Gecko) Version/17.4 Safari/605.1.15 (Applebot/0.1; +http://www.apple.com/go/applebot)"
17.22.245.231 - - [12/Jul/2025:21:56:21 +0530] "GET /services/img/img/img/admin/images/public/new-assets/gallery/public/new-assets/js/jquery.easing.min.js HTTP/1.1" 200 14228 "https://www.rangamaticollege.org/services/img/img/img/admin/images/public/new-assets/gallery/8.png" "Mozilla/5.0 (Macintosh; Intel Mac OS X 10_15_7) AppleWebKit/605.1.15 (KHTML, like Gecko) Version/17.4 Safari/605.1.15 (Applebot/0.1; +http://www.apple.com/go/applebot)"
17.22.253.105 - - [12/Jul/2025:21:56:22 +0530] "GET /services/img/img/img/admin/images/public/new-assets/gallery/public/new-assets/js/modernizr.min.js HTTP/1.1" 200 14228 "https://www.rangamaticollege.org/services/img/img/img/admin/images/public/new-assets/gallery/8.png" "Mozilla/5.0 (Macintosh; Intel Mac OS X 10_15_7) AppleWebKit/605.1.15 (KHTML, like Gecko) Version/17.4 Safari/605.1.15 (Applebot/0.1; +http://www.apple.com/go/applebot)"
17.22.245.95 - - [12/Jul/2025:21:56:22 +0530] "GET /services/img/img/img/admin/images/public/new-assets/gallery/public/new-assets/js/jquery.fancybox.min.js HTTP/1.1" 200 14228 "https://www.rangamaticollege.org/services/img/img/img/admin/images/public/new-assets/gallery/8.png" "Mozilla/5.0 (Macintosh; Intel Mac OS X 10_15_7) AppleWebKit/605.1.15 (KHTML, like Gecko) Version/17.4 Safari/605.1.15 (Applebot/0.1; +http://www.apple.com/go/applebot)"
17.22.237.45 - - [12/Jul/2025:21:56:23 +0530] "GET /services/img/img/img/admin/images/public/new-assets/gallery/public/new-assets/js/wow.min.js HTTP/1.1" 200 14228 "https://www.rangamaticollege.org/services/img/img/img/admin/images/public/new-assets/gallery/8.png" "Mozilla/5.0 (Macintosh; Intel Mac OS X 10_15_7) AppleWebKit/605.1.15 (KHTML, like Gecko) Version/17.4 Safari/605.1.15 (Applebot/0.1; +http://www.apple.com/go/applebot)"
17.22.237.144 - - [12/Jul/2025:21:56:23 +0530] "GET /services/img/img/img/admin/images/public/new-assets/gallery/public/new-assets/js/owl.carousel.min.js HTTP/1.1" 200 14228 "https://www.rangamaticollege.org/services/img/img/img/admin/images/public/new-assets/gallery/8.png" "Mozilla/5.0 (Macintosh; Intel Mac OS X 10_15_7) AppleWebKit/605.1.15 (KHTML, like Gecko) Version/17.4 Safari/605.1.15 (Applebot/0.1; +http://www.apple.com/go/applebot)"
17.22.245.43 - - [12/Jul/2025:21:56:24 +0530] "GET /services/img/img/img/admin/images/public/new-assets/gallery/public/new-assets/js/imagesloaded.pkgd.min.js HTTP/1.1" 200 14228 "https://www.rangamaticollege.org/services/img/img/img/admin/images/public/new-assets/gallery/8.png" "Mozilla/5.0 (Macintosh; Intel Mac OS X 10_15_7) AppleWebKit/605.1.15 (KHTML, like Gecko) Version/17.4 Safari/605.1.15 (Applebot/0.1; +http://www.apple.com/go/applebot)"
17.22.245.7 - - [12/Jul/2025:21:56:25 +0530] "GET /services/img/img/img/admin/images/public/new-assets/gallery/public/new-assets/js/isotope.pkgd.min.js HTTP/1.1" 200 14228 "https://www.rangamaticollege.org/services/img/img/img/admin/images/public/new-assets/gallery/8.png" "Mozilla/5.0 (Macintosh; Intel Mac OS X 10_15_7) AppleWebKit/605.1.15 (KHTML, like Gecko) Version/17.4 Safari/605.1.15 (Applebot/0.1; +http://www.apple.com/go/applebot)"
17.22.237.239 - - [12/Jul/2025:21:56:25 +0530] "GET /services/img/img/img/admin/images/public/new-assets/gallery/public/new-assets/js/main.js HTTP/1.1" 200 14228 "https://www.rangamaticollege.org/services/img/img/img/admin/images/public/new-assets/gallery/8.png" "Mozilla/5.0 (Macintosh; Intel Mac OS X 10_15_7) AppleWebKit/605.1.15 (KHTML, like Gecko) Version/17.4 Safari/605.1.15 (Applebot/0.1; +http://www.apple.com/go/applebot)"
40.77.167.156 - - [12/Jul/2025:21:56:27 +0530] "GET /ghsaed80jzvxycs-cgpyrqisaml12295/admin/images/gallery HTTP/2" 200 12672 "-" "Mozilla/5.0 AppleWebKit/537.36 (KHTML, like Gecko; compatible; bingbot/2.0; +http://www.bing.com/bingbot.htm) Chrome/116.0.1938.76 Safari/537.36"
40.77.167.156 - - [12/Jul/2025:21:56:28 +0530] "GET /%E6%8E%A5%E7%9D%80%E3%83%BB%E8%A3%9C%E4%BF%AE%E7%94%A8%E5%93%81/technical_support_staff.php HTTP/2" 200 12395 "-" "Mozilla/5.0 AppleWebKit/537.36 (KHTML, like Gecko; compatible; bingbot/2.0; +http://www.bing.com/bingbot.htm) Chrome/116.0.1938.76 Safari/537.36"
52.167.144.162 - - [12/Jul/2025:21:56:39 +0530] "GET /95-fzvycdw-49182-qatjdlbrego/public/img/rangamati/affidavit HTTP/2" 200 12737 "-" "Mozilla/5.0 AppleWebKit/537.36 (KHTML, like Gecko; compatible; bingbot/2.0; +http://www.bing.com/bingbot.htm) Chrome/116.0.1938.76 Safari/537.36"
52.167.144.162 - - [12/Jul/2025:21:56:49 +0530] "GET /byzat/technical-support-staff HTTP/2" 200 12374 "-" "Mozilla/5.0 AppleWebKit/537.36 (KHTML, like Gecko; compatible; bingbot/2.0; +http://www.bing.com/bingbot.htm) Chrome/116.0.1938.76 Safari/537.36"
52.167.144.201 - - [12/Jul/2025:21:57:00 +0530] "GET /67-lexkvyu-45940-blngkxdutzw/facilities.php HTTP/2" 200 12374 "-" "Mozilla/5.0 AppleWebKit/537.36 (KHTML, like Gecko; compatible; bingbot/2.0; +http://www.bing.com/bingbot.htm) Chrome/116.0.1938.76 Safari/537.36"
40.77.167.156 - - [12/Jul/2025:21:57:07 +0530] "GET /28-cmxytslvu-26719-kcvrbwhf/technical_support_staff.php HTTP/2" 200 12395 "-" "Mozilla/5.0 AppleWebKit/537.36 (KHTML, like Gecko; compatible; bingbot/2.0; +http://www.bing.com/bingbot.htm) Chrome/116.0.1938.76 Safari/537.36"
52.167.144.228 - - [12/Jul/2025:21:57:12 +0530] "GET /kctp-ZJONGLiu162bg_h/infrastructure HTTP/2" 200 13240 "-" "Mozilla/5.0 AppleWebKit/537.36 (KHTML, like Gecko; compatible; bingbot/2.0; +http://www.bing.com/bingbot.htm) Chrome/116.0.1938.76 Safari/537.36"
52.167.144.213 - - [12/Jul/2025:21:57:30 +0530] "GET /228qlDnB94162cth_th/public/new-assets/img/about/ HTTP/2" 200 17132 "-" "Mozilla/5.0 AppleWebKit/537.36 (KHTML, like Gecko; compatible; bingbot/2.0; +http://www.bing.com/bingbot.htm) Chrome/116.0.1938.76 Safari/537.36"
40.77.167.3 - - [12/Jul/2025:21:57:34 +0530] "GET /296-jiedvgmuw-35121-zerxkbgsjim/bed-prospectus HTTP/2" 200 12395 "-" "Mozilla/5.0 AppleWebKit/537.36 (KHTML, like Gecko; compatible; bingbot/2.0; +http://www.bing.com/bingbot.htm) Chrome/116.0.1938.76 Safari/537.36"
40.77.167.3 - - [12/Jul/2025:21:58:10 +0530] "GET /csgjzw104/methodlist.pdf HTTP/2" 200 12395 "-" "Mozilla/5.0 AppleWebKit/537.36 (KHTML, like Gecko; compatible; bingbot/2.0; +http://www.bing.com/bingbot.htm) Chrome/116.0.1938.76 Safari/537.36"
40.77.167.3 - - [12/Jul/2025:21:58:31 +0530] "GET /234eAvMWy40736gh_zk/bed-prospectus HTTP/2" 200 12395 "-" "Mozilla/5.0 AppleWebKit/537.36 (KHTML, like Gecko; compatible; bingbot/2.0; +http://www.bing.com/bingbot.htm) Chrome/116.0.1938.76 Safari/537.36"
52.167.144.162 - - [12/Jul/2025:21:58:49 +0530] "GET /dich-vu-tu-van-xay-dung-he-thong-quan-tri-van-hanh-doanh-nghiep/public/img/rangamati/balance_sheet HTTP/2" 200 12374 "-" "Mozilla/5.0 AppleWebKit/537.36 (KHTML, like Gecko; compatible; bingbot/2.0; +http://www.bing.com/bingbot.htm) Chrome/116.0.1938.76 Safari/537.36"
40.77.167.3 - - [12/Jul/2025:21:59:12 +0530] "GET /itaem-CWDHNXiu157vq_s/methodlist.pdf HTTP/2" 200 12395 "-" "Mozilla/5.0 AppleWebKit/537.36 (KHTML, like Gecko; compatible; bingbot/2.0; +http://www.bing.com/bingbot.htm) Chrome/116.0.1938.76 Safari/537.36"
40.77.167.74 - - [12/Jul/2025:21:59:37 +0530] "GET /272rcmkxpozfny46544/management.php HTTP/2" 200 12374 "-" "Mozilla/5.0 AppleWebKit/537.36 (KHTML, like Gecko; compatible; bingbot/2.0; +http://www.bing.com/bingbot.htm) Chrome/116.0.1938.76 Safari/537.36"
52.167.144.25 - - [12/Jul/2025:21:59:41 +0530] "GET /263sGDnWN13904bey_kds/public/new-assets/img/prospectus/BED-PROSPECTUS.pdf HTTP/2" 200 12374 "-" "Mozilla/5.0 AppleWebKit/537.36 (KHTML, like Gecko; compatible; bingbot/2.0; +http://www.bing.com/bingbot.htm) Chrome/116.0.1938.76 Safari/537.36"
40.77.167.74 - - [12/Jul/2025:21:59:57 +0530] "GET /thfkls202mkj-tlgrbpnh-139-njmgatike/management HTTP/2" 200 12757 "-" "Mozilla/5.0 AppleWebKit/537.36 (KHTML, like Gecko; compatible; bingbot/2.0; +http://www.bing.com/bingbot.htm) Chrome/116.0.1938.76 Safari/537.36"
40.77.167.156 - - [12/Jul/2025:21:59:58 +0530] "GET /10-ysrghkn-33727-rastdbnj/infrastructure HTTP/2" 200 13240 "-" "Mozilla/5.0 AppleWebKit/537.36 (KHTML, like Gecko; compatible; bingbot/2.0; +http://www.bing.com/bingbot.htm) Chrome/116.0.1938.76 Safari/537.36"
52.167.144.25 - - [12/Jul/2025:22:00:01 +0530] "GET /300/public/img/rangamati/public/img/rangamati/mandatory-disclosure HTTP/2" 200 13732 "-" "Mozilla/5.0 AppleWebKit/537.36 (KHTML, like Gecko; compatible; bingbot/2.0; +http://www.bing.com/bingbot.htm) Chrome/116.0.1938.76 Safari/537.36"
52.167.144.162 - - [12/Jul/2025:22:00:13 +0530] "GET /hbckp/bed HTTP/2" 200 12374 "-" "Mozilla/5.0 AppleWebKit/537.36 (KHTML, like Gecko; compatible; bingbot/2.0; +http://www.bing.com/bingbot.htm) Chrome/116.0.1938.76 Safari/537.36"
52.167.144.162 - - [12/Jul/2025:22:00:23 +0530] "GET /iwive/infrastructure HTTP/2" 200 13181 "-" "Mozilla/5.0 AppleWebKit/537.36 (KHTML, like Gecko; compatible; bingbot/2.0; +http://www.bing.com/bingbot.htm) Chrome/116.0.1938.76 Safari/537.36"
52.167.144.162 - - [12/Jul/2025:22:00:24 +0530] "GET /36ZNsFtT8159c_ezp/deled-prospectus HTTP/2" 200 12783 "-" "Mozilla/5.0 AppleWebKit/537.36 (KHTML, like Gecko; compatible; bingbot/2.0; +http://www.bing.com/bingbot.htm) Chrome/116.0.1938.76 Safari/537.36"
52.167.144.25 - - [12/Jul/2025:22:00:51 +0530] "GET /136voBiXYz098du_fk/8859-but.php HTTP/2" 200 12374 "-" "Mozilla/5.0 AppleWebKit/537.36 (KHTML, like Gecko; compatible; bingbot/2.0; +http://www.bing.com/bingbot.htm) Chrome/116.0.1938.76 Safari/537.36"
52.167.144.25 - - [12/Jul/2025:22:01:10 +0530] "GET /iswae111upkjt-erimpwns5184/calender HTTP/2" 200 12374 "-" "Mozilla/5.0 AppleWebKit/537.36 (KHTML, like Gecko; compatible; bingbot/2.0; +http://www.bing.com/bingbot.htm) Chrome/116.0.1938.76 Safari/537.36"
52.167.144.162 - - [12/Jul/2025:22:01:29 +0530] "GET /203vsi9E16gdy/prospectus HTTP/2" 200 12374 "-" "Mozilla/5.0 AppleWebKit/537.36 (KHTML, like Gecko; compatible; bingbot/2.0; +http://www.bing.com/bingbot.htm) Chrome/116.0.1938.76 Safari/537.36"
40.77.167.74 - - [12/Jul/2025:22:01:37 +0530] "GET /okhf-DTXNnh16nk_w/disclosure HTTP/2" 200 12374 "-" "Mozilla/5.0 AppleWebKit/537.36 (KHTML, like Gecko; compatible; bingbot/2.0; +http://www.bing.com/bingbot.htm) Chrome/116.0.1938.76 Safari/537.36"
40.77.167.3 - - [12/Jul/2025:22:01:40 +0530] "GET /48-lkxpso-33449-xznosmcbpi/director-message HTTP/2" 200 12395 "-" "Mozilla/5.0 AppleWebKit/537.36 (KHTML, like Gecko; compatible; bingbot/2.0; +http://www.bing.com/bingbot.htm) Chrome/116.0.1938.76 Safari/537.36"
52.167.144.25 - - [12/Jul/2025:22:01:41 +0530] "GET /207uElre436bj_rv/receipt_payment HTTP/2" 200 12374 "-" "Mozilla/5.0 AppleWebKit/537.36 (KHTML, like Gecko; compatible; bingbot/2.0; +http://www.bing.com/bingbot.htm) Chrome/116.0.1938.76 Safari/537.36"
40.77.167.3 - - [12/Jul/2025:22:02:13 +0530] "GET /staffblog/e/principle_message HTTP/2" 200 12395 "-" "Mozilla/5.0 AppleWebKit/537.36 (KHTML, like Gecko; compatible; bingbot/2.0; +http://www.bing.com/bingbot.htm) Chrome/116.0.1938.76 Safari/537.36"
17.241.219.140 - - [12/Jul/2025:22:02:24 +0530] "GET /wp-content/uploads/2018/09/include/include/public/new-assets/gallery/fee-structure HTTP/1.1" 200 15017 "-" "Mozilla/5.0 (Macintosh; Intel Mac OS X 10_15_7) AppleWebKit/605.1.15 (KHTML, like Gecko) Version/17.4 Safari/605.1.15 (Applebot/0.1; +http://www.apple.com/go/applebot)"
40.77.167.156 - - [12/Jul/2025:22:02:38 +0530] "GET /135-vuejstl-14972-rplycdsqomx/about-us HTTP/2" 200 12395 "-" "Mozilla/5.0 AppleWebKit/537.36 (KHTML, like Gecko; compatible; bingbot/2.0; +http://www.bing.com/bingbot.htm) Chrome/116.0.1938.76 Safari/537.36"
40.77.167.74 - - [12/Jul/2025:22:03:07 +0530] "GET /65-werodsq-29772-vbdmjaze/chairman.php HTTP/2" 200 12374 "-" "Mozilla/5.0 AppleWebKit/537.36 (KHTML, like Gecko; compatible; bingbot/2.0; +http://www.bing.com/bingbot.htm) Chrome/116.0.1938.76 Safari/537.36"
17.241.219.154 - - [12/Jul/2025:22:03:10 +0530] "GET /services/img/include/include/include/public/new-assets/gallery/public/new-assets/gallery/management HTTP/1.1" 200 14545 "-" "Mozilla/5.0 (Macintosh; Intel Mac OS X 10_15_7) AppleWebKit/605.1.15 (KHTML, like Gecko) Version/17.4 Safari/605.1.15 (Applebot/0.1; +http://www.apple.com/go/applebot)"
52.167.144.213 - - [12/Jul/2025:22:03:10 +0530] "GET /facility/%E9%87%8E%E7%90%83%E5%A0%B4%E3%83%BB%E7%90%83%E6%8A%80%E5%A0%B4%E3%83%BB%E3%83%86%E3%83%8B%E3%82%B9%E3%82%B3%E3%83%BC%E3%83%88/admin/images/public/new-assets/img/prospectus/b-ed HTTP/2" 200 12782 "-" "Mozilla/5.0 AppleWebKit/537.36 (KHTML, like Gecko; compatible; bingbot/2.0; +http://www.bing.com/bingbot.htm) Chrome/116.0.1938.76 Safari/537.36"
17.241.227.10 - - [12/Jul/2025:22:03:16 +0530] "GET /contact/admin/images/include/img/img/public/new-assets/gallery/public/new-assets/gallery/b-ed HTTP/1.1" 200 14547 "-" "Mozilla/5.0 (Macintosh; Intel Mac OS X 10_15_7) AppleWebKit/605.1.15 (KHTML, like Gecko) Version/17.4 Safari/605.1.15 (Applebot/0.1; +http://www.apple.com/go/applebot)"
40.77.167.156 - - [12/Jul/2025:22:03:27 +0530] "GET /28-jzkamnf-47389-mzerknyc/public/img/rangamati/chairman-message HTTP/2" 200 12395 "-" "Mozilla/5.0 AppleWebKit/537.36 (KHTML, like Gecko; compatible; bingbot/2.0; +http://www.bing.com/bingbot.htm) Chrome/116.0.1938.76 Safari/537.36"
40.77.167.3 - - [12/Jul/2025:22:03:41 +0530] "GET /magazine/public/img/rangamati/public/img/rangamati/student_list HTTP/2" 200 12395 "-" "Mozilla/5.0 AppleWebKit/537.36 (KHTML, like Gecko; compatible; bingbot/2.0; +http://www.bing.com/bingbot.htm) Chrome/116.0.1938.76 Safari/537.36"
40.77.167.156 - - [12/Jul/2025:22:03:57 +0530] "GET /28-mwafld-2989-jdewgzlrk/admin/images/method-subject HTTP/2" 200 13140 "-" "Mozilla/5.0 AppleWebKit/537.36 (KHTML, like Gecko; compatible; bingbot/2.0; +http://www.bing.com/bingbot.htm) Chrome/116.0.1938.76 Safari/537.36"
40.77.167.74 - - [12/Jul/2025:22:04:07 +0530] "GET /87oBEAf26140tzi_nlx/mandatory-disclosure HTTP/2" 200 13732 "-" "Mozilla/5.0 AppleWebKit/537.36 (KHTML, like Gecko; compatible; bingbot/2.0; +http://www.bing.com/bingbot.htm) Chrome/116.0.1938.76 Safari/537.36"
40.77.167.74 - - [12/Jul/2025:22:04:07 +0530] "GET /ik4/wax78751870/non-teaching-staff HTTP/2" 200 12772 "-" "Mozilla/5.0 AppleWebKit/537.36 (KHTML, like Gecko; compatible; bingbot/2.0; +http://www.bing.com/bingbot.htm) Chrome/116.0.1938.76 Safari/537.36"
52.167.144.25 - - [12/Jul/2025:22:04:31 +0530] "GET /102BEKsA734g_s/deled-prospectus HTTP/2" 200 12785 "-" "Mozilla/5.0 AppleWebKit/537.36 (KHTML, like Gecko; compatible; bingbot/2.0; +http://www.bing.com/bingbot.htm) Chrome/116.0.1938.76 Safari/537.36"
52.167.144.187 - - [12/Jul/2025:22:04:38 +0530] "GET /hovzdl217qmw-jmzfexli-9184-dnxywmgc/public/new-assets/gallery/gallery HTTP/2" 200 12732 "-" "Mozilla/5.0 AppleWebKit/537.36 (KHTML, like Gecko; compatible; bingbot/2.0; +http://www.bing.com/bingbot.htm) Chrome/116.0.1938.76 Safari/537.36"
52.167.144.162 - - [12/Jul/2025:22:04:39 +0530] "GET /archive/public/img/rangamati/deled-prospectus HTTP/2" 200 12783 "-" "Mozilla/5.0 AppleWebKit/537.36 (KHTML, like Gecko; compatible; bingbot/2.0; +http://www.bing.com/bingbot.htm) Chrome/116.0.1938.76 Safari/537.36"
52.167.144.162 - - [12/Jul/2025:22:05:10 +0530] "GET /rloshk8ka-ybkgqove-38373-jdaopbqmig/admin/images/doc/method-subject HTTP/2" 200 13144 "-" "Mozilla/5.0 AppleWebKit/537.36 (KHTML, like Gecko; compatible; bingbot/2.0; +http://www.bing.com/bingbot.htm) Chrome/116.0.1938.76 Safari/537.36"
40.77.167.3 - - [12/Jul/2025:22:05:23 +0530] "GET /28-algkqnp-48709-hqoxnjzpek/public/new-assets/img/about/teaching-staff HTTP/2" 200 12793 "-" "Mozilla/5.0 AppleWebKit/537.36 (KHTML, like Gecko; compatible; bingbot/2.0; +http://www.bing.com/bingbot.htm) Chrome/116.0.1938.76 Safari/537.36"
17.241.75.118 - - [12/Jul/2025:22:05:40 +0530] "GET /blog/img/img/include/admin/images/public/new-assets/gallery/about HTTP/1.1" 200 15290 "-" "Mozilla/5.0 (Macintosh; Intel Mac OS X 10_15_7) AppleWebKit/605.1.15 (KHTML, like Gecko) Version/17.4 Safari/605.1.15 (Applebot/0.1; +http://www.apple.com/go/applebot)"
52.167.144.162 - - [12/Jul/2025:22:05:42 +0530] "GET /647/management HTTP/2" 200 12757 "-" "Mozilla/5.0 AppleWebKit/537.36 (KHTML, like Gecko; compatible; bingbot/2.0; +http://www.bing.com/bingbot.htm) Chrome/116.0.1938.76 Safari/537.36"
52.167.144.162 - - [12/Jul/2025:22:05:42 +0530] "GET /170is_ihmqynjcwpg-fdhbotu/3509/public/img/rangamati/public/img/rangamati/ HTTP/2" 200 17168 "-" "Mozilla/5.0 AppleWebKit/537.36 (KHTML, like Gecko; compatible; bingbot/2.0; +http://www.bing.com/bingbot.htm) Chrome/116.0.1938.76 Safari/537.36"
52.167.144.187 - - [12/Jul/2025:22:06:07 +0530] "GET /104soKUik46125970nudj-clz/gallery HTTP/2" 200 12672 "-" "Mozilla/5.0 AppleWebKit/537.36 (KHTML, like Gecko; compatible; bingbot/2.0; +http://www.bing.com/bingbot.htm) Chrome/116.0.1938.76 Safari/537.36"
52.167.144.162 - - [12/Jul/2025:22:06:34 +0530] "GET /8-diwcprnzh-12639-tqrwdlvkis/public/img/rangamati/public/new-assets/img/about/dummy.pdf HTTP/2" 200 12374 "-" "Mozilla/5.0 AppleWebKit/537.36 (KHTML, like Gecko; compatible; bingbot/2.0; +http://www.bing.com/bingbot.htm) Chrome/116.0.1938.76 Safari/537.36"
52.167.144.162 - - [12/Jul/2025:22:06:35 +0530] "GET /fseunx_28-muy20385aohlfxe/public/new-assets/img/about/about HTTP/2" 200 13304 "-" "Mozilla/5.0 AppleWebKit/537.36 (KHTML, like Gecko; compatible; bingbot/2.0; +http://www.bing.com/bingbot.htm) Chrome/116.0.1938.76 Safari/537.36"
40.77.167.41 - - [12/Jul/2025:22:06:53 +0530] "GET /145-dunefrs-45382-urpelbofiny/public/img/rangamati/public/new-assets/img/about/dummy.pdf HTTP/2" 200 12395 "-" "Mozilla/5.0 AppleWebKit/537.36 (KHTML, like Gecko; compatible; bingbot/2.0; +http://www.bing.com/bingbot.htm) Chrome/116.0.1938.76 Safari/537.36"
17.246.19.253 - - [12/Jul/2025:22:07:22 +0530] "GET /about-us/public/img/public/img/rangamati/public/new-assets/gallery/public/new-assets/css/magnific-popup.min.css HTTP/1.1" 200 14228 "https://www.rangamaticollege.org/about-us/public/img/public/img/rangamati/public/new-assets/gallery/gallery" "Mozilla/5.0 (Macintosh; Intel Mac OS X 10_15_7) AppleWebKit/605.1.15 (KHTML, like Gecko) Version/17.4 Safari/605.1.15 (Applebot/0.1; +http://www.apple.com/go/applebot)"
17.246.23.127 - - [12/Jul/2025:22:07:23 +0530] "GET /about-us/public/img/public/img/rangamati/public/new-assets/gallery/public/new-assets/css/style.css HTTP/1.1" 200 14228 "https://www.rangamaticollege.org/about-us/public/img/public/img/rangamati/public/new-assets/gallery/gallery" "Mozilla/5.0 (Macintosh; Intel Mac OS X 10_15_7) AppleWebKit/605.1.15 (KHTML, like Gecko) Version/17.4 Safari/605.1.15 (Applebot/0.1; +http://www.apple.com/go/applebot)"
17.246.15.160 - - [12/Jul/2025:22:07:23 +0530] "GET /about-us/public/img/public/img/rangamati/public/new-assets/gallery/public/new-assets/css/animate.min.css HTTP/1.1" 200 14228 "https://www.rangamaticollege.org/about-us/public/img/public/img/rangamati/public/new-assets/gallery/gallery" "Mozilla/5.0 (Macintosh; Intel Mac OS X 10_15_7) AppleWebKit/605.1.15 (KHTML, like Gecko) Version/17.4 Safari/605.1.15 (Applebot/0.1; +http://www.apple.com/go/applebot)"
17.246.15.226 - - [12/Jul/2025:22:07:24 +0530] "GET /about-us/public/img/public/img/rangamati/public/new-assets/gallery/public/new-assets/asset/new-style.css HTTP/1.1" 200 14228 "https://www.rangamaticollege.org/about-us/public/img/public/img/rangamati/public/new-assets/gallery/gallery" "Mozilla/5.0 (Macintosh; Intel Mac OS X 10_15_7) AppleWebKit/605.1.15 (KHTML, like Gecko) Version/17.4 Safari/605.1.15 (Applebot/0.1; +http://www.apple.com/go/applebot)"
17.246.19.151 - - [12/Jul/2025:22:07:24 +0530] "GET /about-us/public/img/public/img/rangamati/public/new-assets/gallery/public/new-assets/css/owl.carousel.min.css HTTP/1.1" 200 14228 "https://www.rangamaticollege.org/about-us/public/img/public/img/rangamati/public/new-assets/gallery/gallery" "Mozilla/5.0 (Macintosh; Intel Mac OS X 10_15_7) AppleWebKit/605.1.15 (KHTML, like Gecko) Version/17.4 Safari/605.1.15 (Applebot/0.1; +http://www.apple.com/go/applebot)"
17.246.19.253 - - [12/Jul/2025:22:07:24 +0530] "GET /about-us/public/img/public/img/rangamati/public/new-assets/gallery/public/assets/js/jquery-migrate-3.4.0.min.js HTTP/1.1" 200 14228 "https://www.rangamaticollege.org/about-us/public/img/public/img/rangamati/public/new-assets/gallery/gallery" "Mozilla/5.0 (Macintosh; Intel Mac OS X 10_15_7) AppleWebKit/605.1.15 (KHTML, like Gecko) Version/17.4 Safari/605.1.15 (Applebot/0.1; +http://www.apple.com/go/applebot)"
17.246.19.217 - - [12/Jul/2025:22:07:25 +0530] "GET /about-us/public/img/public/img/rangamati/public/new-assets/gallery/public/new-assets/css/jquery.fancybox.min.css HTTP/1.1" 200 14228 "https://www.rangamaticollege.org/about-us/public/img/public/img/rangamati/public/new-assets/gallery/gallery" "Mozilla/5.0 (Macintosh; Intel Mac OS X 10_15_7) AppleWebKit/605.1.15 (KHTML, like Gecko) Version/17.4 Safari/605.1.15 (Applebot/0.1; +http://www.apple.com/go/applebot)"
17.246.23.127 - - [12/Jul/2025:22:07:25 +0530] "GET /about-us/public/img/public/img/rangamati/public/new-assets/gallery/public/node_modules/bootstrap/dist/js/bootstrap.bundle.js HTTP/1.1" 200 14228 "https://www.rangamaticollege.org/about-us/public/img/public/img/rangamati/public/new-assets/gallery/gallery" "Mozilla/5.0 (Macintosh; Intel Mac OS X 10_15_7) AppleWebKit/605.1.15 (KHTML, like Gecko) Version/17.4 Safari/605.1.15 (Applebot/0.1; +http://www.apple.com/go/applebot)"
17.246.23.37 - - [12/Jul/2025:22:07:26 +0530] "GET /about-us/public/img/public/img/rangamati/public/new-assets/gallery/public/assets/js/jquery.gridrotator.js HTTP/1.1" 200 14228 "https://www.rangamaticollege.org/about-us/public/img/public/img/rangamati/public/new-assets/gallery/gallery" "Mozilla/5.0 (Macintosh; Intel Mac OS X 10_15_7) AppleWebKit/605.1.15 (KHTML, like Gecko) Version/17.4 Safari/605.1.15 (Applebot/0.1; +http://www.apple.com/go/applebot)"
17.246.23.211 - - [12/Jul/2025:22:07:27 +0530] "GET /about-us/public/img/public/img/rangamati/public/new-assets/gallery/public/new-assets/js/countdown.min.js HTTP/1.1" 200 14228 "https://www.rangamaticollege.org/about-us/public/img/public/img/rangamati/public/new-assets/gallery/gallery" "Mozilla/5.0 (Macintosh; Intel Mac OS X 10_15_7) AppleWebKit/605.1.15 (KHTML, like Gecko) Version/17.4 Safari/605.1.15 (Applebot/0.1; +http://www.apple.com/go/applebot)"
17.246.15.228 - - [12/Jul/2025:22:07:27 +0530] "GET /about-us/public/img/public/img/rangamati/public/new-assets/gallery/public/new-assets/js/counter-up.js HTTP/1.1" 200 14228 "https://www.rangamaticollege.org/about-us/public/img/public/img/rangamati/public/new-assets/gallery/gallery" "Mozilla/5.0 (Macintosh; Intel Mac OS X 10_15_7) AppleWebKit/605.1.15 (KHTML, like Gecko) Version/17.4 Safari/605.1.15 (Applebot/0.1; +http://www.apple.com/go/applebot)"
17.246.15.64 - - [12/Jul/2025:22:07:28 +0530] "GET /about-us/public/img/public/img/rangamati/public/new-assets/gallery/public/new-assets/js/jquery.appear.min.js HTTP/1.1" 200 14228 "https://www.rangamaticollege.org/about-us/public/img/public/img/rangamati/public/new-assets/gallery/gallery" "Mozilla/5.0 (Macintosh; Intel Mac OS X 10_15_7) AppleWebKit/605.1.15 (KHTML, like Gecko) Version/17.4 Safari/605.1.15 (Applebot/0.1; +http://www.apple.com/go/applebot)"
17.246.23.127 - - [12/Jul/2025:22:07:28 +0530] "GET /about-us/public/img/public/img/rangamati/public/new-assets/gallery/public/new-assets/js/jquery.fancybox.min.js HTTP/1.1" 200 14228 "https://www.rangamaticollege.org/about-us/public/img/public/img/rangamati/public/new-assets/gallery/gallery" "Mozilla/5.0 (Macintosh; Intel Mac OS X 10_15_7) AppleWebKit/605.1.15 (KHTML, like Gecko) Version/17.4 Safari/605.1.15 (Applebot/0.1; +http://www.apple.com/go/applebot)"
17.246.23.252 - - [12/Jul/2025:22:07:28 +0530] "GET /about-us/public/img/public/img/rangamati/public/new-assets/gallery/public/new-assets/js/jquery.easing.min.js HTTP/1.1" 200 14228 "https://www.rangamaticollege.org/about-us/public/img/public/img/rangamati/public/new-assets/gallery/gallery" "Mozilla/5.0 (Macintosh; Intel Mac OS X 10_15_7) AppleWebKit/605.1.15 (KHTML, like Gecko) Version/17.4 Safari/605.1.15 (Applebot/0.1; +http://www.apple.com/go/applebot)"
17.246.23.37 - - [12/Jul/2025:22:07:28 +0530] "GET /about-us/public/img/public/img/rangamati/public/new-assets/gallery/public/new-assets/js/modernizr.min.js HTTP/1.1" 200 14228 "https://www.rangamaticollege.org/about-us/public/img/public/img/rangamati/public/new-assets/gallery/gallery" "Mozilla/5.0 (Macintosh; Intel Mac OS X 10_15_7) AppleWebKit/605.1.15 (KHTML, like Gecko) Version/17.4 Safari/605.1.15 (Applebot/0.1; +http://www.apple.com/go/applebot)"
17.246.15.226 - - [12/Jul/2025:22:07:29 +0530] "GET /about-us/public/img/public/img/rangamati/public/new-assets/gallery/public/new-assets/js/wow.min.js HTTP/1.1" 200 14228 "https://www.rangamaticollege.org/about-us/public/img/public/img/rangamati/public/new-assets/gallery/gallery" "Mozilla/5.0 (Macintosh; Intel Mac OS X 10_15_7) AppleWebKit/605.1.15 (KHTML, like Gecko) Version/17.4 Safari/605.1.15 (Applebot/0.1; +http://www.apple.com/go/applebot)"
17.246.23.133 - - [12/Jul/2025:22:07:30 +0530] "GET /about-us/public/img/public/img/rangamati/public/new-assets/gallery/public/new-assets/js/owl.carousel.min.js HTTP/1.1" 200 14228 "https://www.rangamaticollege.org/about-us/public/img/public/img/rangamati/public/new-assets/gallery/gallery" "Mozilla/5.0 (Macintosh; Intel Mac OS X 10_15_7) AppleWebKit/605.1.15 (KHTML, like Gecko) Version/17.4 Safari/605.1.15 (Applebot/0.1; +http://www.apple.com/go/applebot)"
17.246.23.127 - - [12/Jul/2025:22:07:30 +0530] "GET /about-us/public/img/public/img/rangamati/public/new-assets/gallery/public/new-assets/js/isotope.pkgd.min.js HTTP/1.1" 200 14228 "https://www.rangamaticollege.org/about-us/public/img/public/img/rangamati/public/new-assets/gallery/gallery" "Mozilla/5.0 (Macintosh; Intel Mac OS X 10_15_7) AppleWebKit/605.1.15 (KHTML, like Gecko) Version/17.4 Safari/605.1.15 (Applebot/0.1; +http://www.apple.com/go/applebot)"
17.246.23.112 - - [12/Jul/2025:22:07:31 +0530] "GET /about-us/public/img/public/img/rangamati/public/new-assets/gallery/public/new-assets/js/imagesloaded.pkgd.min.js HTTP/1.1" 200 14228 "https://www.rangamaticollege.org/about-us/public/img/public/img/rangamati/public/new-assets/gallery/gallery" "Mozilla/5.0 (Macintosh; Intel Mac OS X 10_15_7) AppleWebKit/605.1.15 (KHTML, like Gecko) Version/17.4 Safari/605.1.15 (Applebot/0.1; +http://www.apple.com/go/applebot)"
17.246.15.64 - - [12/Jul/2025:22:07:31 +0530] "GET /about-us/public/img/public/img/rangamati/public/new-assets/gallery/public/new-assets/js/main.js HTTP/1.1" 200 14228 "https://www.rangamaticollege.org/about-us/public/img/public/img/rangamati/public/new-assets/gallery/gallery" "Mozilla/5.0 (Macintosh; Intel Mac OS X 10_15_7) AppleWebKit/605.1.15 (KHTML, like Gecko) Version/17.4 Safari/605.1.15 (Applebot/0.1; +http://www.apple.com/go/applebot)"
40.77.167.41 - - [12/Jul/2025:22:08:01 +0530] "GET /144-uvapfe-49523-cxdbjawrmp/public/new-assets/img/about/ HTTP/2" 200 17132 "-" "Mozilla/5.0 AppleWebKit/537.36 (KHTML, like Gecko; compatible; bingbot/2.0; +http://www.bing.com/bingbot.htm) Chrome/116.0.1938.76 Safari/537.36"
52.167.144.214 - - [12/Jul/2025:22:08:31 +0530] "GET /end-%EF%BC%88%E3%82%A8%E3%83%B3%E3%83%89%EF%BC%89%E3%81%AE%E3%82%AF%E3%83%BC%E3%83%9D%E3%83%B3%E6%83%85%E5%A0%B1/admin/images/admin/images/index.html HTTP/2" 200 12395 "-" "Mozilla/5.0 AppleWebKit/537.36 (KHTML, like Gecko; compatible; bingbot/2.0; +http://www.bing.com/bingbot.htm) Chrome/116.0.1938.76 Safari/537.36"
52.167.144.214 - - [12/Jul/2025:22:08:32 +0530] "GET /math/public/img/rangamati/ HTTP/2" 200 17132 "-" "Mozilla/5.0 AppleWebKit/537.36 (KHTML, like Gecko; compatible; bingbot/2.0; +http://www.bing.com/bingbot.htm) Chrome/116.0.1938.76 Safari/537.36"
52.167.144.201 - - [12/Jul/2025:22:08:32 +0530] "GET /hpqbmgo_71-gmpze49712bwnygirpd/director_message HTTP/2" 200 12374 "-" "Mozilla/5.0 AppleWebKit/537.36 (KHTML, like Gecko; compatible; bingbot/2.0; +http://www.bing.com/bingbot.htm) Chrome/116.0.1938.76 Safari/537.36"
52.167.144.214 - - [12/Jul/2025:22:10:41 +0530] "GET /runtlb164vumpid-njrzesfa23581/admin/images/public/new-assets/img/about/mandatory-disclosure HTTP/2" 200 13747 "-" "Mozilla/5.0 AppleWebKit/537.36 (KHTML, like Gecko; compatible; bingbot/2.0; +http://www.bing.com/bingbot.htm) Chrome/116.0.1938.76 Safari/537.36"
66.249.79.169 - - [12/Jul/2025:22:11:00 +0530] "GET /public/new-assets/css/magnific-popup.min.css HTTP/1.1" 200 1410 "https://www.rangamaticollege.org/" "Mozilla/5.0 (Linux; Android 6.0.1; Nexus 5X Build/MMB29P) AppleWebKit/537.36 (KHTML, like Gecko) Chrome/137.0.7151.119 Mobile Safari/537.36 (compatible; Googlebot/2.1; +http://www.google.com/bot.html)"
66.249.79.167 - - [12/Jul/2025:22:11:03 +0530] "GET /public/new-assets/img/rangamati/graduation.svg HTTP/1.1" 200 1041 "https://www.rangamaticollege.org/" "Mozilla/5.0 (Linux; Android 6.0.1; Nexus 5X Build/MMB29P) AppleWebKit/537.36 (KHTML, like Gecko) Chrome/137.0.7151.119 Mobile Safari/537.36 (compatible; Googlebot/2.1; +http://www.google.com/bot.html)"
66.249.79.167 - - [12/Jul/2025:22:11:07 +0530] "GET /public/new-assets/img/rangamati/teacher-2.svg HTTP/1.1" 200 1174 "https://www.rangamaticollege.org/" "Mozilla/5.0 (Linux; Android 6.0.1; Nexus 5X Build/MMB29P) AppleWebKit/537.36 (KHTML, like Gecko) Chrome/137.0.7151.119 Mobile Safari/537.36 (compatible; Googlebot/2.1; +http://www.google.com/bot.html)"
66.249.79.168 - - [12/Jul/2025:22:11:07 +0530] "GET /public/new-assets/asset/new-style.css HTTP/1.1" 200 14960 "https://www.rangamaticollege.org/" "Mozilla/5.0 (Linux; Android 6.0.1; Nexus 5X Build/MMB29P) AppleWebKit/537.36 (KHTML, like Gecko) Chrome/137.0.7151.119 Mobile Safari/537.36 (compatible; Googlebot/2.1; +http://www.google.com/bot.html)"
66.249.79.167 - - [12/Jul/2025:22:11:08 +0530] "GET /public/new-assets/img/rangamati/teacher-2.svg HTTP/1.1" 200 1174 "https://www.rangamaticollege.org/" "Mozilla/5.0 (Linux; Android 6.0.1; Nexus 5X Build/MMB29P) AppleWebKit/537.36 (KHTML, like Gecko) Chrome/137.0.7151.119 Mobile Safari/537.36 (compatible; Googlebot/2.1; +http://www.google.com/bot.html)"
40.77.167.41 - - [12/Jul/2025:22:11:12 +0530] "GET /261-tamjbcx-48686-wfdpjtuboq/public/new-assets/img/about/mandatory-disclosure HTTP/2" 200 13747 "-" "Mozilla/5.0 AppleWebKit/537.36 (KHTML, like Gecko; compatible; bingbot/2.0; +http://www.bing.com/bingbot.htm) Chrome/116.0.1938.76 Safari/537.36"
66.249.79.167 - - [12/Jul/2025:22:11:22 +0530] "GET /public/new-assets/img/angle-right.svg HTTP/1.1" 200 273 "https://www.rangamaticollege.org/" "Mozilla/5.0 (Linux; Android 6.0.1; Nexus 5X Build/MMB29P) AppleWebKit/537.36 (KHTML, like Gecko) Chrome/137.0.7151.119 Mobile Safari/537.36 (compatible; Googlebot/2.1; +http://www.google.com/bot.html)"
52.167.144.201 - - [12/Jul/2025:22:11:50 +0530] "GET /241-ulimsqr-7486-mcxwpaos/ HTTP/2" 200 17168 "-" "Mozilla/5.0 AppleWebKit/537.36 (KHTML, like Gecko; compatible; bingbot/2.0; +http://www.bing.com/bingbot.htm) Chrome/116.0.1938.76 Safari/537.36"
52.167.144.214 - - [12/Jul/2025:22:13:01 +0530] "GET /164-cjlvqfab-2673-bvekgphtizq/public/img/rangamati/method-subject HTTP/2" 200 13140 "-" "Mozilla/5.0 AppleWebKit/537.36 (KHTML, like Gecko; compatible; bingbot/2.0; +http://www.bing.com/bingbot.htm) Chrome/116.0.1938.76 Safari/537.36"
52.167.144.201 - - [12/Jul/2025:22:13:30 +0530] "GET /hn-HNYUjor183nfv_jm/public/img/rangamati/director-message HTTP/2" 200 12376 "-" "Mozilla/5.0 AppleWebKit/537.36 (KHTML, like Gecko; compatible; bingbot/2.0; +http://www.bing.com/bingbot.htm) Chrome/116.0.1938.76 Safari/537.36"
185.191.171.13 - - [12/Jul/2025:22:14:45 +0530] "GET /blog/end-of-the-school-year/affidavit.php HTTP/1.1" 200 14228 "-" "Mozilla/5.0 (compatible; SemrushBot/7~bl; +http://www.semrush.com/bot.html)"
52.167.144.214 - - [12/Jul/2025:22:15:01 +0530] "GET /?s=%E7%9F%AD%E3%83%91%E3%83%B3%20T%E3%82%B7%E3%83%A3%E3%83%84%20%E3%82%B7%E3%83%8A%E3%82%B3%E3%83%90-Nj122740.jp HTTP/2" 200 17132 "-" "Mozilla/5.0 AppleWebKit/537.36 (KHTML, like Gecko; compatible; bingbot/2.0; +http://www.bing.com/bingbot.htm) Chrome/116.0.1938.76 Safari/537.36"
52.167.144.201 - - [12/Jul/2025:22:15:31 +0530] "GET /120-vprwkidjf-887-fuxdtlqao/form_submit.php HTTP/2" 200 12374 "-" "Mozilla/5.0 AppleWebKit/537.36 (KHTML, like Gecko; compatible; bingbot/2.0; +http://www.bing.com/bingbot.htm) Chrome/116.0.1938.76 Safari/537.36"
52.167.144.24 - - [12/Jul/2025:22:15:59 +0530] "GET /190tCOZ20347xigp-jr/academic_calendar.php HTTP/2" 200 12395 "-" "Mozilla/5.0 AppleWebKit/537.36 (KHTML, like Gecko; compatible; bingbot/2.0; +http://www.bing.com/bingbot.htm) Chrome/116.0.1938.76 Safari/537.36"
40.77.167.41 - - [12/Jul/2025:22:16:24 +0530] "GET /131-gawcbilex-46956-sfcbitdru/public/new-assets/img/about/about HTTP/2" 200 13316 "-" "Mozilla/5.0 AppleWebKit/537.36 (KHTML, like Gecko; compatible; bingbot/2.0; +http://www.bing.com/bingbot.htm) Chrome/116.0.1938.76 Safari/537.36"
52.167.144.201 - - [12/Jul/2025:22:16:41 +0530] "GET /gpolevm287igh13557/student_list HTTP/2" 200 12374 "-" "Mozilla/5.0 AppleWebKit/537.36 (KHTML, like Gecko; compatible; bingbot/2.0; +http://www.bing.com/bingbot.htm) Chrome/116.0.1938.76 Safari/537.36"
52.167.144.24 - - [12/Jul/2025:22:16:49 +0530] "GET /12-crtmhwup-40655-vfdyjcoxbe/fee_structure.php HTTP/2" 200 12395 "-" "Mozilla/5.0 AppleWebKit/537.36 (KHTML, like Gecko; compatible; bingbot/2.0; +http://www.bing.com/bingbot.htm) Chrome/116.0.1938.76 Safari/537.36"
52.167.144.214 - - [12/Jul/2025:22:17:22 +0530] "GET /rydp3ngetl-axlidvyzjguqh37782/receipt_payment HTTP/2" 200 12395 "-" "Mozilla/5.0 AppleWebKit/537.36 (KHTML, like Gecko; compatible; bingbot/2.0; +http://www.bing.com/bingbot.htm) Chrome/116.0.1938.76 Safari/537.36"
52.167.144.214 - - [12/Jul/2025:22:17:23 +0530] "GET /257-ltasnri-19590-hlmujnecpoq/public/new-assets/img/about/non-teaching-staff HTTP/2" 200 12811 "-" "Mozilla/5.0 AppleWebKit/537.36 (KHTML, like Gecko; compatible; bingbot/2.0; +http://www.bing.com/bingbot.htm) Chrome/116.0.1938.76 Safari/537.36"
216.73.217.5 - - [12/Jul/2025:22:18:06 +0530] "GET /robots.txt HTTP/2" 200 94 "-" "Mozilla/5.0 AppleWebKit/537.36 (KHTML, like Gecko; compatible; ClaudeBot/1.0; +claudebot@anthropic.com)"
216.73.217.5 - - [12/Jul/2025:22:18:06 +0530] "GET /admin/images/non-teaching-staff HTTP/2" 200 12811 "-" "Mozilla/5.0 AppleWebKit/537.36 (KHTML, like Gecko; compatible; ClaudeBot/1.0; +claudebot@anthropic.com)"
52.167.144.24 - - [12/Jul/2025:22:18:09 +0530] "GET /uxbsfo28nab-kgbeu-47713-hcfsgomk/public/new-assets/img/about/course HTTP/2" 200 13669 "-" "Mozilla/5.0 AppleWebKit/537.36 (KHTML, like Gecko; compatible; bingbot/2.0; +http://www.bing.com/bingbot.htm) Chrome/116.0.1938.76 Safari/537.36"
52.167.144.24 - - [12/Jul/2025:22:18:10 +0530] "GET /172smi_fnzgiycxdb-gshnk/16767/public/new-assets/img/about/management HTTP/2" 200 12774 "-" "Mozilla/5.0 AppleWebKit/537.36 (KHTML, like Gecko; compatible; bingbot/2.0; +http://www.bing.com/bingbot.htm) Chrome/116.0.1938.76 Safari/537.36"
40.77.167.41 - - [12/Jul/2025:22:18:32 +0530] "GET /151HpEqGMk8510lib_ath/public/new-assets/img/about/mandatory-disclosure HTTP/2" 200 13734 "-" "Mozilla/5.0 AppleWebKit/537.36 (KHTML, like Gecko; compatible; bingbot/2.0; +http://www.bing.com/bingbot.htm) Chrome/116.0.1938.76 Safari/537.36"
52.167.144.214 - - [12/Jul/2025:22:18:32 +0530] "GET /113ukzPM594p_mf/teacher_attendance.php HTTP/2" 200 12395 "-" "Mozilla/5.0 AppleWebKit/537.36 (KHTML, like Gecko; compatible; bingbot/2.0; +http://www.bing.com/bingbot.htm) Chrome/116.0.1938.76 Safari/537.36"
40.77.167.41 - - [12/Jul/2025:22:18:32 +0530] "GET /mzaonvp_215-qwg34328xfcja/receipt_payment HTTP/2" 200 12374 "-" "Mozilla/5.0 AppleWebKit/537.36 (KHTML, like Gecko; compatible; bingbot/2.0; +http://www.bing.com/bingbot.htm) Chrome/116.0.1938.76 Safari/537.36"
52.167.144.24 - - [12/Jul/2025:22:18:40 +0530] "GET /175-wmtnek-45502-ojadpchqvwf/chairman.php HTTP/2" 200 12395 "-" "Mozilla/5.0 AppleWebKit/537.36 (KHTML, like Gecko; compatible; bingbot/2.0; +http://www.bing.com/bingbot.htm) Chrome/116.0.1938.76 Safari/537.36"
52.167.144.215 - - [12/Jul/2025:22:18:54 +0530] "GET /19-tisagol-20518-qingbhop/public/new-assets/img/prospectus/BED-PROSPECTUS.pdf HTTP/2" 200 12395 "-" "Mozilla/5.0 AppleWebKit/537.36 (KHTML, like Gecko; compatible; bingbot/2.0; +http://www.bing.com/bingbot.htm) Chrome/116.0.1938.76 Safari/537.36"
52.167.144.214 - - [12/Jul/2025:22:19:02 +0530] "GET /zsk-VYZEUAnf154us_xqf/infrastructure HTTP/2" 200 13240 "-" "Mozilla/5.0 AppleWebKit/537.36 (KHTML, like Gecko; compatible; bingbot/2.0; +http://www.bing.com/bingbot.htm) Chrome/116.0.1938.76 Safari/537.36"
52.167.144.215 - - [12/Jul/2025:22:19:17 +0530] "GET /qa-MYJe28yj_y/public/new-assets/img/prospectus/course HTTP/2" 200 13669 "-" "Mozilla/5.0 AppleWebKit/537.36 (KHTML, like Gecko; compatible; bingbot/2.0; +http://www.bing.com/bingbot.htm) Chrome/116.0.1938.76 Safari/537.36"
40.77.167.41 - - [12/Jul/2025:22:19:26 +0530] "GET /ldjv72actmuphiv-842619730-30748qjxys/disclosure HTTP/2" 200 12374 "-" "Mozilla/5.0 AppleWebKit/537.36 (KHTML, like Gecko; compatible; bingbot/2.0; +http://www.bing.com/bingbot.htm) Chrome/116.0.1938.76 Safari/537.36"
52.167.144.16 - - [12/Jul/2025:22:19:30 +0530] "GET /132-ugmoklp-36455-tngipkzmjw/public/img/rangamati/ HTTP/2" 200 17168 "-" "Mozilla/5.0 AppleWebKit/537.36 (KHTML, like Gecko; compatible; bingbot/2.0; +http://www.bing.com/bingbot.htm) Chrome/116.0.1938.76 Safari/537.36"
52.167.144.210 - - [12/Jul/2025:22:19:35 +0530] "GET /14-gehynu-25143-luzcsker/library HTTP/2" 200 12374 "-" "Mozilla/5.0 AppleWebKit/537.36 (KHTML, like Gecko; compatible; bingbot/2.0; +http://www.bing.com/bingbot.htm) Chrome/116.0.1938.76 Safari/537.36"
40.77.167.38 - - [12/Jul/2025:22:20:03 +0530] "GET /gbsmv-PQLFSzhv9kw_np/public/img/rangamati/RSAD%202018-20.pdf HTTP/2" 200 12395 "-" "Mozilla/5.0 AppleWebKit/537.36 (KHTML, like Gecko; compatible; bingbot/2.0; +http://www.bing.com/bingbot.htm) Chrome/116.0.1938.76 Safari/537.36"
52.167.144.16 - - [12/Jul/2025:22:20:18 +0530] "GET /gxwpf/public/new-assets/img/about/dummy.pdf HTTP/2" 200 12374 "-" "Mozilla/5.0 AppleWebKit/537.36 (KHTML, like Gecko; compatible; bingbot/2.0; +http://www.bing.com/bingbot.htm) Chrome/116.0.1938.76 Safari/537.36"
52.167.144.210 - - [12/Jul/2025:22:20:32 +0530] "GET /231awHXdmpb7632a/public/img/rangamati/affidavit HTTP/2" 200 12737 "-" "Mozilla/5.0 AppleWebKit/537.36 (KHTML, like Gecko; compatible; bingbot/2.0; +http://www.bing.com/bingbot.htm) Chrome/116.0.1938.76 Safari/537.36"
52.167.144.215 - - [12/Jul/2025:22:20:43 +0530] "GET /162-xtsywf-49775-hokqupdiac/income_and_expense.php HTTP/2" 200 12395 "-" "Mozilla/5.0 AppleWebKit/537.36 (KHTML, like Gecko; compatible; bingbot/2.0; +http://www.bing.com/bingbot.htm) Chrome/116.0.1938.76 Safari/537.36"
52.167.144.24 - - [12/Jul/2025:22:20:50 +0530] "GET /61-wecapyfi-5866-tcsxwyrlmod/receipt_and_payment.php HTTP/2" 200 12395 "-" "Mozilla/5.0 AppleWebKit/537.36 (KHTML, like Gecko; compatible; bingbot/2.0; +http://www.bing.com/bingbot.htm) Chrome/116.0.1938.76 Safari/537.36"
52.167.144.24 - - [12/Jul/2025:22:20:59 +0530] "GET /47-flncjs-33750-lyvufztechq/notice.php HTTP/2" 200 12395 "-" "Mozilla/5.0 AppleWebKit/537.36 (KHTML, like Gecko; compatible; bingbot/2.0; +http://www.bing.com/bingbot.htm) Chrome/116.0.1938.76 Safari/537.36"
216.73.217.5 - - [12/Jul/2025:22:21:06 +0530] "GET /admin/images/gallery HTTP/2" 200 12672 "-" "Mozilla/5.0 AppleWebKit/537.36 (KHTML, like Gecko; compatible; ClaudeBot/1.0; +claudebot@anthropic.com)"
52.167.144.16 - - [12/Jul/2025:22:21:18 +0530] "GET /qzvgmedo_94-zsec41859dvobg/public/img/rangamati/public/new-assets/img/about/notice-board HTTP/2" 200 13041 "-" "Mozilla/5.0 AppleWebKit/537.36 (KHTML, like Gecko; compatible; bingbot/2.0; +http://www.bing.com/bingbot.htm) Chrome/116.0.1938.76 Safari/537.36"
40.77.167.38 - - [12/Jul/2025:22:21:22 +0530] "GET /idug-NTDamu28gx_wh/view_all_notice.php HTTP/2" 200 12395 "-" "Mozilla/5.0 AppleWebKit/537.36 (KHTML, like Gecko; compatible; bingbot/2.0; +http://www.bing.com/bingbot.htm) Chrome/116.0.1938.76 Safari/537.36"
40.77.167.41 - - [12/Jul/2025:22:21:23 +0530] "GET /111-gwtaykpn-33626-hayilxnzj/admin/images/rangamati-wbbpe.pdf HTTP/2" 200 12374 "-" "Mozilla/5.0 AppleWebKit/537.36 (KHTML, like Gecko; compatible; bingbot/2.0; +http://www.bing.com/bingbot.htm) Chrome/116.0.1938.76 Safari/537.36"
66.249.79.134 - - [12/Jul/2025:22:21:28 +0530] "GET /khyzk/public/img/rangamati/public/new-assets/img/prospectus/DELED-PROSPECTUS.pdf HTTP/1.1" 200 12395 "-" "Mozilla/5.0 (Linux; Android 6.0.1; Nexus 5X Build/MMB29P) AppleWebKit/537.36 (KHTML, like Gecko) Chrome/137.0.7151.103 Mobile Safari/537.36 (compatible; GoogleOther)"
52.167.144.24 - - [12/Jul/2025:22:21:38 +0530] "GET /steel-ball-run-2-%E9%9B%86%E8%8B%B1%E7%A4%BE%E6%96%87%E5%BA%AB/dp/4086196581/public/img/rangamati/rangamati-wbbpe.pdf HTTP/2" 200 12395 "-" "Mozilla/5.0 AppleWebKit/537.36 (KHTML, like Gecko; compatible; bingbot/2.0; +http://www.bing.com/bingbot.htm) Chrome/116.0.1938.76 Safari/537.36"
52.167.144.16 - - [12/Jul/2025:22:21:39 +0530] "GET /HID/prospectus HTTP/2" 200 12374 "-" "Mozilla/5.0 AppleWebKit/537.36 (KHTML, like Gecko; compatible; bingbot/2.0; +http://www.bing.com/bingbot.htm) Chrome/116.0.1938.76 Safari/537.36"
40.77.167.38 - - [12/Jul/2025:22:21:52 +0530] "GET /28-pgqvbjsz-12349-anfhwebp/public/img/rangamati/RSAB%202019-21.pdf HTTP/2" 200 12395 "-" "Mozilla/5.0 AppleWebKit/537.36 (KHTML, like Gecko; compatible; bingbot/2.0; +http://www.bing.com/bingbot.htm) Chrome/116.0.1938.76 Safari/537.36"
40.77.167.38 - - [12/Jul/2025:22:21:53 +0530] "GET /heoikm4u-hznig-4237-kmecoiqts/admin/images/public/new-assets/img/about/method-subject HTTP/2" 200 13140 "-" "Mozilla/5.0 AppleWebKit/537.36 (KHTML, like Gecko; compatible; bingbot/2.0; +http://www.bing.com/bingbot.htm) Chrome/116.0.1938.76 Safari/537.36"
52.167.144.16 - - [12/Jul/2025:22:22:09 +0530] "GET /nhkg-OGMTiye214wy_p/chairman_message HTTP/2" 200 12374 "-" "Mozilla/5.0 AppleWebKit/537.36 (KHTML, like Gecko; compatible; bingbot/2.0; +http://www.bing.com/bingbot.htm) Chrome/116.0.1938.76 Safari/537.36"
40.77.167.38 - - [12/Jul/2025:22:22:13 +0530] "GET /311/non-teachingstaff HTTP/2" 200 12395 "-" "Mozilla/5.0 AppleWebKit/537.36 (KHTML, like Gecko; compatible; bingbot/2.0; +http://www.bing.com/bingbot.htm) Chrome/116.0.1938.76 Safari/537.36"
52.167.144.210 - - [12/Jul/2025:22:22:13 +0530] "GET /229xoKRSoixvk6527e/secretary-message HTTP/2" 200 13004 "-" "Mozilla/5.0 AppleWebKit/537.36 (KHTML, like Gecko; compatible; bingbot/2.0; +http://www.bing.com/bingbot.htm) Chrome/116.0.1938.76 Safari/537.36"
40.77.167.38 - - [12/Jul/2025:22:22:21 +0530] "GET /183-fmsqgidtk-43334-varpuqljto/admin/images/public/new-assets/img/about/management HTTP/2" 200 12774 "-" "Mozilla/5.0 AppleWebKit/537.36 (KHTML, like Gecko; compatible; bingbot/2.0; +http://www.bing.com/bingbot.htm) Chrome/116.0.1938.76 Safari/537.36"
52.167.144.210 - - [12/Jul/2025:22:22:33 +0530] "GET /gsvax-WUNLhtu204mc_e/public/img/rangamati/mandatory-disclosure HTTP/2" 200 13732 "-" "Mozilla/5.0 AppleWebKit/537.36 (KHTML, like Gecko; compatible; bingbot/2.0; +http://www.bing.com/bingbot.htm) Chrome/116.0.1938.76 Safari/537.36"
216.73.217.5 - - [12/Jul/2025:22:22:39 +0530] "GET /admin/images/public/new-assets/css/style.css HTTP/2" 200 12395 "-" "Mozilla/5.0 AppleWebKit/537.36 (KHTML, like Gecko; compatible; ClaudeBot/1.0; +claudebot@anthropic.com)"
40.77.167.38 - - [12/Jul/2025:22:23:03 +0530] "GET /154-dtcmlrwvs-34753-dvmufthaix/public/img/rangamati/B.Ed%20Syllabus.pdf HTTP/2" 200 12395 "-" "Mozilla/5.0 AppleWebKit/537.36 (KHTML, like Gecko; compatible; bingbot/2.0; +http://www.bing.com/bingbot.htm) Chrome/116.0.1938.76 Safari/537.36"
40.77.167.38 - - [12/Jul/2025:22:23:03 +0530] "GET /xagqbd122aluze3462/about HTTP/2" 200 13316 "-" "Mozilla/5.0 AppleWebKit/537.36 (KHTML, like Gecko; compatible; bingbot/2.0; +http://www.bing.com/bingbot.htm) Chrome/116.0.1938.76 Safari/537.36"
17.241.227.72 - - [12/Jul/2025:22:23:32 +0530] "GET /about-us/admin/images/img/img/include/student_list.php HTTP/1.1" 200 14228 "-" "Mozilla/5.0 (Macintosh; Intel Mac OS X 10_15_7) AppleWebKit/605.1.15 (KHTML, like Gecko) Version/17.4 Safari/605.1.15 (Applebot/0.1; +http://www.apple.com/go/applebot)"
52.167.144.210 - - [12/Jul/2025:22:23:42 +0530] "GET /212IFOzol52341rqa_lsc/public/new-assets/img/about/ HTTP/2" 200 17168 "-" "Mozilla/5.0 AppleWebKit/537.36 (KHTML, like Gecko; compatible; bingbot/2.0; +http://www.bing.com/bingbot.htm) Chrome/116.0.1938.76 Safari/537.36"
17.241.75.145 - - [12/Jul/2025:22:23:52 +0530] "GET /blog/img/admin/images/img/public/new-assets/gallery/public/new-assets/gallery/about HTTP/1.1" 200 15257 "-" "Mozilla/5.0 (Macintosh; Intel Mac OS X 10_15_7) AppleWebKit/605.1.15 (KHTML, like Gecko) Version/17.4 Safari/605.1.15 (Applebot/0.1; +http://www.apple.com/go/applebot)"
52.167.144.210 - - [12/Jul/2025:22:25:02 +0530] "GET /r-%E6%8C%87%E5%AE%9A%E3%80%81g-b-c%E3%81%AE%E3%80%8Ereal-love%E3%80%8F%E3%82%92%E7%B4%B9%E4%BB%8B%EF%BD%9C%E5%B2%B8%E5%92%8C%E7%94%B0%E3%81%AE%E8%B6%85%E3%81%8A%E3%81%99%E3%81%99%E3%82%81%E3%82%B0/public/img/rangamati/prospectus.pdf HTTP/2" 200 12374 "-" "Mozilla/5.0 AppleWebKit/537.36 (KHTML, like Gecko; compatible; bingbot/2.0; +http://www.bing.com/bingbot.htm) Chrome/116.0.1938.76 Safari/537.36"
40.77.167.38 - - [12/Jul/2025:22:25:02 +0530] "GET /ivhq-XDPNKzq173hz_jbs/bed-prospectus HTTP/2" 200 12395 "-" "Mozilla/5.0 AppleWebKit/537.36 (KHTML, like Gecko; compatible; bingbot/2.0; +http://www.bing.com/bingbot.htm) Chrome/116.0.1938.76 Safari/537.36"
52.167.144.16 - - [12/Jul/2025:22:25:18 +0530] "GET /180klreyhbqudv31966/teaching_staff HTTP/2" 200 12374 "-" "Mozilla/5.0 AppleWebKit/537.36 (KHTML, like Gecko; compatible; bingbot/2.0; +http://www.bing.com/bingbot.htm) Chrome/116.0.1938.76 Safari/537.36"
17.241.75.67 - - [12/Jul/2025:22:25:23 +0530] "GET /about-us/include/public/new-assets/img/notice/public/new-assets/gallery/public/new-assets/gallery/3.png HTTP/1.1" 200 14228 "-" "Mozilla/5.0 (Macintosh; Intel Mac OS X 10_15_7) AppleWebKit/605.1.15 (KHTML, like Gecko) Version/17.4 Safari/605.1.15 (Applebot/0.1; +http://www.apple.com/go/applebot)"
52.167.144.210 - - [12/Jul/2025:22:25:53 +0530] "GET /hwszfe21rh-agryw-36440-fxzibgpy/public/img/rangamati/lab HTTP/2" 200 12374 "-" "Mozilla/5.0 AppleWebKit/537.36 (KHTML, like Gecko; compatible; bingbot/2.0; +http://www.bing.com/bingbot.htm) Chrome/116.0.1938.76 Safari/537.36"
52.167.144.16 - - [12/Jul/2025:22:25:59 +0530] "GET /iwms-LUHd88gfc_fn/lab HTTP/2" 200 12374 "-" "Mozilla/5.0 AppleWebKit/537.36 (KHTML, like Gecko; compatible; bingbot/2.0; +http://www.bing.com/bingbot.htm) Chrome/116.0.1938.76 Safari/537.36"
52.167.144.24 - - [12/Jul/2025:22:26:10 +0530] "GET /115-escqdr-20572-falbckmz/teaching_staff.php HTTP/2" 200 12395 "-" "Mozilla/5.0 AppleWebKit/537.36 (KHTML, like Gecko; compatible; bingbot/2.0; +http://www.bing.com/bingbot.htm) Chrome/116.0.1938.76 Safari/537.36"
216.73.217.5 - - [12/Jul/2025:22:26:17 +0530] "GET /admin/images/public/new-assets/css/jquery.fancybox.min.css HTTP/2" 200 12395 "-" "Mozilla/5.0 AppleWebKit/537.36 (KHTML, like Gecko; compatible; ClaudeBot/1.0; +claudebot@anthropic.com)"
40.77.167.41 - - [12/Jul/2025:22:26:22 +0530] "GET /171-dlhmxv-7346-ctyjahlnvui/non_teaching_staff.php HTTP/2" 200 12374 "-" "Mozilla/5.0 AppleWebKit/537.36 (KHTML, like Gecko; compatible; bingbot/2.0; +http://www.bing.com/bingbot.htm) Chrome/116.0.1938.76 Safari/537.36"
52.167.144.210 - - [12/Jul/2025:22:26:27 +0530] "GET /295oyg1PoJmC/bed HTTP/2" 200 12374 "-" "Mozilla/5.0 AppleWebKit/537.36 (KHTML, like Gecko; compatible; bingbot/2.0; +http://www.bing.com/bingbot.htm) Chrome/116.0.1938.76 Safari/537.36"
52.167.144.215 - - [12/Jul/2025:22:26:33 +0530] "GET /211-blszty-9136-mblnrseqt/public/img/rangamati/lab HTTP/2" 200 12395 "-" "Mozilla/5.0 AppleWebKit/537.36 (KHTML, like Gecko; compatible; bingbot/2.0; +http://www.bing.com/bingbot.htm) Chrome/116.0.1938.76 Safari/537.36"
52.167.144.210 - - [12/Jul/2025:22:26:53 +0530] "GET /odsde/technical-support-staff HTTP/2" 200 12374 "-" "Mozilla/5.0 AppleWebKit/537.36 (KHTML, like Gecko; compatible; bingbot/2.0; +http://www.bing.com/bingbot.htm) Chrome/116.0.1938.76 Safari/537.36"
52.167.144.210 - - [12/Jul/2025:22:27:02 +0530] "GET /igubokysp_123-pirkq30160okysfuw/public/new-assets/img/about/dummy.pdf HTTP/2" 200 12374 "-" "Mozilla/5.0 AppleWebKit/537.36 (KHTML, like Gecko; compatible; bingbot/2.0; +http://www.bing.com/bingbot.htm) Chrome/116.0.1938.76 Safari/537.36"
