17.246.23.218 - - [13/Jul/2025:01:12:35 +0530] "GET /blog/img/img/include/include/public/new-assets/js/main.js HTTP/1.1" 200 14228 "https://www.rangamaticollege.org/blog/img/img/include/include/disclosure" "Mozilla/5.0 (Macintosh; Intel Mac OS X 10_15_7) AppleWebKit/605.1.15 (KHTML, like Gecko) Version/17.4 Safari/605.1.15 (Applebot/0.1; +http://www.apple.com/go/applebot)"
52.167.144.137 - - [13/Jul/2025:01:12:38 +0530] "GET /fuzoku/kaigai-fuzoku/public/img/rangamati/fee-structure HTTP/2" 200 13186 "-" "Mozilla/5.0 AppleWebKit/537.36 (KHTML, like Gecko; compatible; bingbot/2.0; +http://www.bing.com/bingbot.htm) Chrome/116.0.1938.76 Safari/537.36"
40.77.167.14 - - [13/Jul/2025:01:12:55 +0530] "GET /63-wkamdgrfb-8294-kmugpfoxc/director-message HTTP/2" 200 12374 "-" "Mozilla/5.0 AppleWebKit/537.36 (KHTML, like Gecko; compatible; bingbot/2.0; +http://www.bing.com/bingbot.htm) Chrome/116.0.1938.76 Safari/537.36"
40.77.167.3 - - [13/Jul/2025:01:12:56 +0530] "GET /171-oafwpnt-17636-andrfoxvgtb/student_list HTTP/2" 200 12395 "-" "Mozilla/5.0 AppleWebKit/537.36 (KHTML, like Gecko; compatible; bingbot/2.0; +http://www.bing.com/bingbot.htm) Chrome/116.0.1938.76 Safari/537.36"
52.167.144.171 - - [13/Jul/2025:01:13:18 +0530] "GET /bwehk100divob5164/subject HTTP/2" 200 12374 "-" "Mozilla/5.0 AppleWebKit/537.36 (KHTML, like Gecko; compatible; bingbot/2.0; +http://www.bing.com/bingbot.htm) Chrome/116.0.1938.76 Safari/537.36"
40.77.167.3 - - [13/Jul/2025:01:13:25 +0530] "GET /247-xjktcf-12010-lhvudyrpaec/public/img/rangamati/teaching-staff.pdf HTTP/2" 200 12395 "-" "Mozilla/5.0 AppleWebKit/537.36 (KHTML, like Gecko; compatible; bingbot/2.0; +http://www.bing.com/bingbot.htm) Chrome/116.0.1938.76 Safari/537.36"
40.77.167.3 - - [13/Jul/2025:01:13:25 +0530] "GET /190uveAJbtl5379k/teacher_attendance.php HTTP/2" 200 12395 "-" "Mozilla/5.0 AppleWebKit/537.36 (KHTML, like Gecko; compatible; bingbot/2.0; +http://www.bing.com/bingbot.htm) Chrome/116.0.1938.76 Safari/537.36"
40.77.167.3 - - [13/Jul/2025:01:13:54 +0530] "GET /190-gfvjst-44347-owlvsdxgh/public/img/rangamati/bed HTTP/2" 200 12397 "-" "Mozilla/5.0 AppleWebKit/537.36 (KHTML, like Gecko; compatible; bingbot/2.0; +http://www.bing.com/bingbot.htm) Chrome/116.0.1938.76 Safari/537.36"
52.167.144.137 - - [13/Jul/2025:01:13:59 +0530] "GET /201-hamrsctf-14186-dlkwcxfjpi/public/img/rangamati/student_list HTTP/2" 200 12395 "-" "Mozilla/5.0 AppleWebKit/537.36 (KHTML, like Gecko; compatible; bingbot/2.0; +http://www.bing.com/bingbot.htm) Chrome/116.0.1938.76 Safari/537.36"
40.77.167.156 - - [13/Jul/2025:01:14:04 +0530] "GET /nvijwu63gsebco-apclsgiqbumk5172/public/new-assets/img/about/public/new-assets/img/prospectus/BED-PROSPECTUS.pdf HTTP/2" 200 12395 "-" "Mozilla/5.0 AppleWebKit/537.36 (KHTML, like Gecko; compatible; bingbot/2.0; +http://www.bing.com/bingbot.htm) Chrome/116.0.1938.76 Safari/537.36"
17.241.75.184 - - [13/Jul/2025:01:14:26 +0530] "GET /blog/img/assets/img/assets/img/public/new-assets/gallery/7.png HTTP/1.1" 200 14228 "-" "Mozilla/5.0 (Macintosh; Intel Mac OS X 10_15_7) AppleWebKit/605.1.15 (KHTML, like Gecko) Version/17.4 Safari/605.1.15 (Applebot/0.1; +http://www.apple.com/go/applebot)"
40.77.167.156 - - [13/Jul/2025:01:14:39 +0530] "GET /28-tpfmxlshw-24949-qfvdmxpwgyo/public/img/rangamati/chairman-message HTTP/2" 200 12395 "-" "Mozilla/5.0 AppleWebKit/537.36 (KHTML, like Gecko; compatible; bingbot/2.0; +http://www.bing.com/bingbot.htm) Chrome/116.0.1938.76 Safari/537.36"
40.77.167.23 - - [13/Jul/2025:01:15:39 +0530] "GET /49-fitxrmol-46618-zkdbecgi/public/new-assets/img/about/deled-prospectus HTTP/2" 200 12783 "-" "Mozilla/5.0 AppleWebKit/537.36 (KHTML, like Gecko; compatible; bingbot/2.0; +http://www.bing.com/bingbot.htm) Chrome/116.0.1938.76 Safari/537.36"
40.77.167.23 - - [13/Jul/2025:01:15:39 +0530] "GET /wiki/fee_structure HTTP/2" 200 12374 "-" "Mozilla/5.0 AppleWebKit/537.36 (KHTML, like Gecko; compatible; bingbot/2.0; +http://www.bing.com/bingbot.htm) Chrome/116.0.1938.76 Safari/537.36"
40.77.167.23 - - [13/Jul/2025:01:15:48 +0530] "GET /128QRwClO01723985ojrai-xjz/about-us HTTP/2" 200 12374 "-" "Mozilla/5.0 AppleWebKit/537.36 (KHTML, like Gecko; compatible; bingbot/2.0; +http://www.bing.com/bingbot.htm) Chrome/116.0.1938.76 Safari/537.36"
216.73.217.5 - - [13/Jul/2025:01:16:26 +0530] "GET /admin/images/public/new-assets/js/affiliation HTTP/2" 200 13402 "-" "Mozilla/5.0 AppleWebKit/537.36 (KHTML, like Gecko; compatible; ClaudeBot/1.0; +claudebot@anthropic.com)"
40.77.167.156 - - [13/Jul/2025:01:16:39 +0530] "GET /28-eklqrymw-32029-pcobelfnjw/non-teachingstaff HTTP/2" 200 12395 "-" "Mozilla/5.0 AppleWebKit/537.36 (KHTML, like Gecko; compatible; bingbot/2.0; +http://www.bing.com/bingbot.htm) Chrome/116.0.1938.76 Safari/537.36"
40.77.167.67 - - [13/Jul/2025:01:16:42 +0530] "GET /270-mjrawctlu-10337-mtrnewojh/ HTTP/2" 200 17168 "-" "Mozilla/5.0 AppleWebKit/537.36 (KHTML, like Gecko; compatible; bingbot/2.0; +http://www.bing.com/bingbot.htm) Chrome/116.0.1938.76 Safari/537.36"
40.77.167.23 - - [13/Jul/2025:01:16:48 +0530] "GET /ocuvyi4gyu-fhiko-41887-sxujtkvpbi/admin/images/affidavit HTTP/2" 200 12737 "-" "Mozilla/5.0 AppleWebKit/537.36 (KHTML, like Gecko; compatible; bingbot/2.0; +http://www.bing.com/bingbot.htm) Chrome/116.0.1938.76 Safari/537.36"
40.77.167.23 - - [13/Jul/2025:01:16:49 +0530] "GET /alnqn/wbbpe_certificate HTTP/2" 200 12374 "-" "Mozilla/5.0 AppleWebKit/537.36 (KHTML, like Gecko; compatible; bingbot/2.0; +http://www.bing.com/bingbot.htm) Chrome/116.0.1938.76 Safari/537.36"
40.77.167.67 - - [13/Jul/2025:01:16:52 +0530] "GET /tlkzepj28h-qxfpi-15553-ukcghvmqfw/secretary-message HTTP/2" 200 13004 "-" "Mozilla/5.0 AppleWebKit/537.36 (KHTML, like Gecko; compatible; bingbot/2.0; +http://www.bing.com/bingbot.htm) Chrome/116.0.1938.76 Safari/537.36"
40.77.167.3 - - [13/Jul/2025:01:16:56 +0530] "GET /5-fpidvub-31812-jwgusolti/director-message HTTP/2" 200 12395 "-" "Mozilla/5.0 AppleWebKit/537.36 (KHTML, like Gecko; compatible; bingbot/2.0; +http://www.bing.com/bingbot.htm) Chrome/116.0.1938.76 Safari/537.36"
17.246.19.175 - - [13/Jul/2025:01:17:05 +0530] "GET /contact/img/img/img/admin/images/public/new-assets/css/style.css HTTP/1.1" 200 14228 "https://www.rangamaticollege.org/contact/img/img/img/admin/images/view_all_notice.php" "Mozilla/5.0 (Macintosh; Intel Mac OS X 10_15_7) AppleWebKit/605.1.15 (KHTML, like Gecko) Version/17.4 Safari/605.1.15 (Applebot/0.1; +http://www.apple.com/go/applebot)"
40.77.167.3 - - [13/Jul/2025:01:17:05 +0530] "GET /banzs28dyug27736/public/new-assets/img/about/b-ed-prospectus HTTP/2" 200 12786 "-" "Mozilla/5.0 AppleWebKit/537.36 (KHTML, like Gecko; compatible; bingbot/2.0; +http://www.bing.com/bingbot.htm) Chrome/116.0.1938.76 Safari/537.36"
40.77.167.14 - - [13/Jul/2025:01:17:05 +0530] "GET /121kjvoqpdihtwrf8625/public/new-assets/img/about/course HTTP/2" 200 13694 "-" "Mozilla/5.0 AppleWebKit/537.36 (KHTML, like Gecko; compatible; bingbot/2.0; +http://www.bing.com/bingbot.htm) Chrome/116.0.1938.76 Safari/537.36"
17.246.23.109 - - [13/Jul/2025:01:17:05 +0530] "GET /contact/img/img/img/admin/images/public/new-assets/css/animate.min.css HTTP/1.1" 200 14228 "https://www.rangamaticollege.org/contact/img/img/img/admin/images/view_all_notice.php" "Mozilla/5.0 (Macintosh; Intel Mac OS X 10_15_7) AppleWebKit/605.1.15 (KHTML, like Gecko) Version/17.4 Safari/605.1.15 (Applebot/0.1; +http://www.apple.com/go/applebot)"
17.246.15.172 - - [13/Jul/2025:01:17:05 +0530] "GET /contact/img/img/img/admin/images/public/new-assets/css/magnific-popup.min.css HTTP/1.1" 200 14228 "https://www.rangamaticollege.org/contact/img/img/img/admin/images/view_all_notice.php" "Mozilla/5.0 (Macintosh; Intel Mac OS X 10_15_7) AppleWebKit/605.1.15 (KHTML, like Gecko) Version/17.4 Safari/605.1.15 (Applebot/0.1; +http://www.apple.com/go/applebot)"
17.246.23.217 - - [13/Jul/2025:01:17:06 +0530] "GET /contact/img/img/img/admin/images/public/new-assets/css/jquery.fancybox.min.css HTTP/1.1" 200 14228 "https://www.rangamaticollege.org/contact/img/img/img/admin/images/view_all_notice.php" "Mozilla/5.0 (Macintosh; Intel Mac OS X 10_15_7) AppleWebKit/605.1.15 (KHTML, like Gecko) Version/17.4 Safari/605.1.15 (Applebot/0.1; +http://www.apple.com/go/applebot)"
17.246.15.39 - - [13/Jul/2025:01:17:07 +0530] "GET /contact/img/img/img/admin/images/public/new-assets/css/owl.carousel.min.css HTTP/1.1" 200 14228 "https://www.rangamaticollege.org/contact/img/img/img/admin/images/view_all_notice.php" "Mozilla/5.0 (Macintosh; Intel Mac OS X 10_15_7) AppleWebKit/605.1.15 (KHTML, like Gecko) Version/17.4 Safari/605.1.15 (Applebot/0.1; +http://www.apple.com/go/applebot)"
17.246.23.110 - - [13/Jul/2025:01:17:07 +0530] "GET /contact/img/img/img/admin/images/public/new-assets/asset/new-style.css HTTP/1.1" 200 14228 "https://www.rangamaticollege.org/contact/img/img/img/admin/images/view_all_notice.php" "Mozilla/5.0 (Macintosh; Intel Mac OS X 10_15_7) AppleWebKit/605.1.15 (KHTML, like Gecko) Version/17.4 Safari/605.1.15 (Applebot/0.1; +http://www.apple.com/go/applebot)"
17.246.23.115 - - [13/Jul/2025:01:17:08 +0530] "GET /contact/img/img/img/admin/images/public/assets/js/jquery-migrate-3.4.0.min.js HTTP/1.1" 200 14228 "https://www.rangamaticollege.org/contact/img/img/img/admin/images/view_all_notice.php" "Mozilla/5.0 (Macintosh; Intel Mac OS X 10_15_7) AppleWebKit/605.1.15 (KHTML, like Gecko) Version/17.4 Safari/605.1.15 (Applebot/0.1; +http://www.apple.com/go/applebot)"
17.246.15.172 - - [13/Jul/2025:01:17:08 +0530] "GET /contact/img/img/img/admin/images/public/assets/js/jquery.gridrotator.js HTTP/1.1" 200 14228 "https://www.rangamaticollege.org/contact/img/img/img/admin/images/view_all_notice.php" "Mozilla/5.0 (Macintosh; Intel Mac OS X 10_15_7) AppleWebKit/605.1.15 (KHTML, like Gecko) Version/17.4 Safari/605.1.15 (Applebot/0.1; +http://www.apple.com/go/applebot)"
17.246.15.168 - - [13/Jul/2025:01:17:08 +0530] "GET /contact/img/img/img/admin/images/public/node_modules/bootstrap/dist/js/bootstrap.bundle.js HTTP/1.1" 200 14228 "https://www.rangamaticollege.org/contact/img/img/img/admin/images/view_all_notice.php" "Mozilla/5.0 (Macintosh; Intel Mac OS X 10_15_7) AppleWebKit/605.1.15 (KHTML, like Gecko) Version/17.4 Safari/605.1.15 (Applebot/0.1; +http://www.apple.com/go/applebot)"
17.246.23.217 - - [13/Jul/2025:01:17:08 +0530] "GET /contact/img/img/img/admin/images/public/new-assets/js/countdown.min.js HTTP/1.1" 200 14228 "https://www.rangamaticollege.org/contact/img/img/img/admin/images/view_all_notice.php" "Mozilla/5.0 (Macintosh; Intel Mac OS X 10_15_7) AppleWebKit/605.1.15 (KHTML, like Gecko) Version/17.4 Safari/605.1.15 (Applebot/0.1; +http://www.apple.com/go/applebot)"
17.246.15.39 - - [13/Jul/2025:01:17:09 +0530] "GET /contact/img/img/img/admin/images/public/new-assets/js/counter-up.js HTTP/1.1" 200 14228 "https://www.rangamaticollege.org/contact/img/img/img/admin/images/view_all_notice.php" "Mozilla/5.0 (Macintosh; Intel Mac OS X 10_15_7) AppleWebKit/605.1.15 (KHTML, like Gecko) Version/17.4 Safari/605.1.15 (Applebot/0.1; +http://www.apple.com/go/applebot)"
52.167.144.171 - - [13/Jul/2025:01:17:09 +0530] "GET /difference_chung_toi_and_ta/about_us.php HTTP/2" 200 12395 "-" "Mozilla/5.0 AppleWebKit/537.36 (KHTML, like Gecko; compatible; bingbot/2.0; +http://www.bing.com/bingbot.htm) Chrome/116.0.1938.76 Safari/537.36"
17.246.23.115 - - [13/Jul/2025:01:17:10 +0530] "GET /contact/img/img/img/admin/images/public/new-assets/js/jquery.easing.min.js HTTP/1.1" 200 14228 "https://www.rangamaticollege.org/contact/img/img/img/admin/images/view_all_notice.php" "Mozilla/5.0 (Macintosh; Intel Mac OS X 10_15_7) AppleWebKit/605.1.15 (KHTML, like Gecko) Version/17.4 Safari/605.1.15 (Applebot/0.1; +http://www.apple.com/go/applebot)"
17.246.15.124 - - [13/Jul/2025:01:17:10 +0530] "GET /contact/img/img/img/admin/images/public/new-assets/js/jquery.appear.min.js HTTP/1.1" 200 14228 "https://www.rangamaticollege.org/contact/img/img/img/admin/images/view_all_notice.php" "Mozilla/5.0 (Macintosh; Intel Mac OS X 10_15_7) AppleWebKit/605.1.15 (KHTML, like Gecko) Version/17.4 Safari/605.1.15 (Applebot/0.1; +http://www.apple.com/go/applebot)"
17.246.15.168 - - [13/Jul/2025:01:17:11 +0530] "GET /contact/img/img/img/admin/images/public/new-assets/js/modernizr.min.js HTTP/1.1" 200 14228 "https://www.rangamaticollege.org/contact/img/img/img/admin/images/view_all_notice.php" "Mozilla/5.0 (Macintosh; Intel Mac OS X 10_15_7) AppleWebKit/605.1.15 (KHTML, like Gecko) Version/17.4 Safari/605.1.15 (Applebot/0.1; +http://www.apple.com/go/applebot)"
17.246.19.24 - - [13/Jul/2025:01:17:11 +0530] "GET /contact/img/img/img/admin/images/public/new-assets/js/jquery.fancybox.min.js HTTP/1.1" 200 14228 "https://www.rangamaticollege.org/contact/img/img/img/admin/images/view_all_notice.php" "Mozilla/5.0 (Macintosh; Intel Mac OS X 10_15_7) AppleWebKit/605.1.15 (KHTML, like Gecko) Version/17.4 Safari/605.1.15 (Applebot/0.1; +http://www.apple.com/go/applebot)"
17.246.23.217 - - [13/Jul/2025:01:17:11 +0530] "GET /contact/img/img/img/admin/images/public/new-assets/js/wow.min.js HTTP/1.1" 200 14228 "https://www.rangamaticollege.org/contact/img/img/img/admin/images/view_all_notice.php" "Mozilla/5.0 (Macintosh; Intel Mac OS X 10_15_7) AppleWebKit/605.1.15 (KHTML, like Gecko) Version/17.4 Safari/605.1.15 (Applebot/0.1; +http://www.apple.com/go/applebot)"
17.246.23.110 - - [13/Jul/2025:01:17:12 +0530] "GET /contact/img/img/img/admin/images/public/new-assets/js/imagesloaded.pkgd.min.js HTTP/1.1" 200 14228 "https://www.rangamaticollege.org/contact/img/img/img/admin/images/view_all_notice.php" "Mozilla/5.0 (Macintosh; Intel Mac OS X 10_15_7) AppleWebKit/605.1.15 (KHTML, like Gecko) Version/17.4 Safari/605.1.15 (Applebot/0.1; +http://www.apple.com/go/applebot)"
17.246.19.110 - - [13/Jul/2025:01:17:13 +0530] "GET /contact/img/img/img/admin/images/public/new-assets/js/owl.carousel.min.js HTTP/1.1" 200 14228 "https://www.rangamaticollege.org/contact/img/img/img/admin/images/view_all_notice.php" "Mozilla/5.0 (Macintosh; Intel Mac OS X 10_15_7) AppleWebKit/605.1.15 (KHTML, like Gecko) Version/17.4 Safari/605.1.15 (Applebot/0.1; +http://www.apple.com/go/applebot)"
17.246.15.172 - - [13/Jul/2025:01:17:13 +0530] "GET /contact/img/img/img/admin/images/public/new-assets/js/main.js HTTP/1.1" 200 14228 "https://www.rangamaticollege.org/contact/img/img/img/admin/images/view_all_notice.php" "Mozilla/5.0 (Macintosh; Intel Mac OS X 10_15_7) AppleWebKit/605.1.15 (KHTML, like Gecko) Version/17.4 Safari/605.1.15 (Applebot/0.1; +http://www.apple.com/go/applebot)"
17.246.19.11 - - [13/Jul/2025:01:17:14 +0530] "GET /contact/img/img/img/admin/images/public/new-assets/js/isotope.pkgd.min.js HTTP/1.1" 200 14228 "https://www.rangamaticollege.org/contact/img/img/img/admin/images/view_all_notice.php" "Mozilla/5.0 (Macintosh; Intel Mac OS X 10_15_7) AppleWebKit/605.1.15 (KHTML, like Gecko) Version/17.4 Safari/605.1.15 (Applebot/0.1; +http://www.apple.com/go/applebot)"
40.77.167.3 - - [13/Jul/2025:01:17:15 +0530] "GET /blog/%E3%80%8C%E3%81%8A%E3%81%B3%E3%81%A4%E3%81%A3%E5%AD%90%E3%83%81%E3%83%A3%E3%83%AC%E3%83%B3%E3%82%B8%E3%80%8D%E3%81%A7%E5%B0%8F%E5%AD%A6%E7%94%9F%E3%81%A8%E8%A7%A6%E5%90%88%E3%81%84%EF%BC%81/lab HTTP/2" 200 12395 "-" "Mozilla/5.0 AppleWebKit/537.36 (KHTML, like Gecko; compatible; bingbot/2.0; +http://www.bing.com/bingbot.htm) Chrome/116.0.1938.76 Safari/537.36"
40.77.167.67 - - [13/Jul/2025:01:17:19 +0530] "GET /phjvn53/affidavit HTTP/2" 200 12737 "-" "Mozilla/5.0 AppleWebKit/537.36 (KHTML, like Gecko; compatible; bingbot/2.0; +http://www.bing.com/bingbot.htm) Chrome/116.0.1938.76 Safari/537.36"
40.77.167.67 - - [13/Jul/2025:01:17:49 +0530] "GET /iqwyh/library HTTP/2" 200 12374 "-" "Mozilla/5.0 AppleWebKit/537.36 (KHTML, like Gecko; compatible; bingbot/2.0; +http://www.bing.com/bingbot.htm) Chrome/116.0.1938.76 Safari/537.36"
40.77.167.156 - - [13/Jul/2025:01:17:52 +0530] "GET /21-vmjudygkb-8546-fnkivpqsub/S_attendence HTTP/2" 200 12395 "-" "Mozilla/5.0 AppleWebKit/537.36 (KHTML, like Gecko; compatible; bingbot/2.0; +http://www.bing.com/bingbot.htm) Chrome/116.0.1938.76 Safari/537.36"
52.167.144.171 - - [13/Jul/2025:01:18:09 +0530] "GET /tsqrvf28m-mrgsb-1993-kzcohyt/public/img/rangamati/deled_prospectus.pdf HTTP/2" 200 12395 "-" "Mozilla/5.0 AppleWebKit/537.36 (KHTML, like Gecko; compatible; bingbot/2.0; +http://www.bing.com/bingbot.htm) Chrome/116.0.1938.76 Safari/537.36"
40.77.167.23 - - [13/Jul/2025:01:18:48 +0530] "GET /283-xujancfk-22444-ernqcymhgl/principal.php HTTP/2" 200 12374 "-" "Mozilla/5.0 AppleWebKit/537.36 (KHTML, like Gecko; compatible; bingbot/2.0; +http://www.bing.com/bingbot.htm) Chrome/116.0.1938.76 Safari/537.36"
52.167.144.171 - - [13/Jul/2025:01:18:49 +0530] "GET /dp/director.php HTTP/2" 200 12395 "-" "Mozilla/5.0 AppleWebKit/537.36 (KHTML, like Gecko; compatible; bingbot/2.0; +http://www.bing.com/bingbot.htm) Chrome/116.0.1938.76 Safari/537.36"
52.167.144.171 - - [13/Jul/2025:01:18:58 +0530] "GET /108-zdvkuy-12629-bvepaosgh/public/img/rangamati/S_attendence HTTP/2" 200 12395 "-" "Mozilla/5.0 AppleWebKit/537.36 (KHTML, like Gecko; compatible; bingbot/2.0; +http://www.bing.com/bingbot.htm) Chrome/116.0.1938.76 Safari/537.36"
40.77.167.67 - - [13/Jul/2025:01:19:00 +0530] "GET /eehrt/disclosure HTTP/2" 200 12374 "-" "Mozilla/5.0 AppleWebKit/537.36 (KHTML, like Gecko; compatible; bingbot/2.0; +http://www.bing.com/bingbot.htm) Chrome/116.0.1938.76 Safari/537.36"
40.77.167.14 - - [13/Jul/2025:01:19:15 +0530] "GET /anz-SXNg207svu_vkd/chairman-message HTTP/2" 200 12374 "-" "Mozilla/5.0 AppleWebKit/537.36 (KHTML, like Gecko; compatible; bingbot/2.0; +http://www.bing.com/bingbot.htm) Chrome/116.0.1938.76 Safari/537.36"
40.77.167.14 - - [13/Jul/2025:01:19:16 +0530] "GET /28qeldnhvms8208/principal-message HTTP/2" 200 13030 "-" "Mozilla/5.0 AppleWebKit/537.36 (KHTML, like Gecko; compatible; bingbot/2.0; +http://www.bing.com/bingbot.htm) Chrome/116.0.1938.76 Safari/537.36"
52.167.144.171 - - [13/Jul/2025:01:19:19 +0530] "GET /imyslf36iswnx-wavlkqzn26259/public/img/rangamati/public/new-assets/img/about/dummy.pdf HTTP/2" 200 12395 "-" "Mozilla/5.0 AppleWebKit/537.36 (KHTML, like Gecko; compatible; bingbot/2.0; +http://www.bing.com/bingbot.htm) Chrome/116.0.1938.76 Safari/537.36"
52.167.144.171 - - [13/Jul/2025:01:19:38 +0530] "GET /235wuktlfaji7581/receipt_payment HTTP/2" 200 12395 "-" "Mozilla/5.0 AppleWebKit/537.36 (KHTML, like Gecko; compatible; bingbot/2.0; +http://www.bing.com/bingbot.htm) Chrome/116.0.1938.76 Safari/537.36"
40.77.167.3 - - [13/Jul/2025:01:19:56 +0530] "GET /lpfu139ndmtwu-ewktxspibf9506/deled-prospectus HTTP/2" 200 12795 "-" "Mozilla/5.0 AppleWebKit/537.36 (KHTML, like Gecko; compatible; bingbot/2.0; +http://www.bing.com/bingbot.htm) Chrome/116.0.1938.76 Safari/537.36"
40.77.167.67 - - [13/Jul/2025:01:20:19 +0530] "GET /40-zvmagqyn-12337-onwcqmsfegz/chairman.php HTTP/2" 200 12374 "-" "Mozilla/5.0 AppleWebKit/537.36 (KHTML, like Gecko; compatible; bingbot/2.0; +http://www.bing.com/bingbot.htm) Chrome/116.0.1938.76 Safari/537.36"
40.77.167.23 - - [13/Jul/2025:01:20:38 +0530] "GET /dkanjp113ox-xuyrv-43068-hzebqvo/affiliation HTTP/2" 200 13458 "-" "Mozilla/5.0 AppleWebKit/537.36 (KHTML, like Gecko; compatible; bingbot/2.0; +http://www.bing.com/bingbot.htm) Chrome/116.0.1938.76 Safari/537.36"
40.77.167.156 - - [13/Jul/2025:01:20:50 +0530] "GET /icd-JKQUALrqw32qsu_mgs/public/img/rangamati/RSAD%202018-20.pdf HTTP/2" 200 12395 "-" "Mozilla/5.0 AppleWebKit/537.36 (KHTML, like Gecko; compatible; bingbot/2.0; +http://www.bing.com/bingbot.htm) Chrome/116.0.1938.76 Safari/537.36"
40.77.167.156 - - [13/Jul/2025:01:20:51 +0530] "GET /icd-JKQUALrqw32qsu_mgs/public/img/rangamati/RSAD%202018-20.pdf HTTP/2" 200 12395 "-" "Mozilla/5.0 AppleWebKit/537.36 (KHTML, like Gecko; compatible; bingbot/2.0; +http://www.bing.com/bingbot.htm) Chrome/116.0.1938.76 Safari/537.36"
40.77.167.3 - - [13/Jul/2025:01:20:56 +0530] "GET /download/%E4%BB%A4%E5%92%8C%EF%BC%92%E5%B9%B4%E5%BA%A6%E7%AC%AC%EF%BC%97%EF%BC%91%E5%9B%9E%E9%95%B7%E5%B4%8E%E7%9C%8C%E6%B0%91%E4%BD%93%E8%82%B2%E5%A4%A7%E4%BC%9A%E5%8F%82%E5%8A%A0%E7%94%B3%E8%BE%BC%E6%9B%B8/T_attendence HTTP/2" 200 12395 "-" "Mozilla/5.0 AppleWebKit/537.36 (KHTML, like Gecko; compatible; bingbot/2.0; +http://www.bing.com/bingbot.htm) Chrome/116.0.1938.76 Safari/537.36"
40.77.167.3 - - [13/Jul/2025:01:21:05 +0530] "GET /urxjd119nkqrjxhoiep-3507421-40601pmv/public/img/rangamati/public/new-assets/img/about/mandatory-disclosure HTTP/2" 200 13747 "-" "Mozilla/5.0 AppleWebKit/537.36 (KHTML, like Gecko; compatible; bingbot/2.0; +http://www.bing.com/bingbot.htm) Chrome/116.0.1938.76 Safari/537.36"
40.77.167.14 - - [13/Jul/2025:01:21:15 +0530] "GET /geszu/chairman-message HTTP/2" 200 12374 "-" "Mozilla/5.0 AppleWebKit/537.36 (KHTML, like Gecko; compatible; bingbot/2.0; +http://www.bing.com/bingbot.htm) Chrome/116.0.1938.76 Safari/537.36"
40.77.167.156 - - [13/Jul/2025:01:21:21 +0530] "GET /news.php/%E5%BC%8A%E7%A4%BE%E3%81%AE%E5%8F%96%E3%82%8A%E7%B5%84%E3%81%BF%E3%81%8C%E3%80%81%E6%96%B0%E8%81%9E%E3%83%BB%E5%B8%82%E5%BD%B9%E6%89%80hp%E3%81%AB%E6%8E%B2%E8%BC%89%E3%81%95%E3%82%8C%E3%81%BE%E3%81%97/admin/images/public/new-assets/img/about/affidavit HTTP/2" 200 12767 "-" "Mozilla/5.0 AppleWebKit/537.36 (KHTML, like Gecko; compatible; bingbot/2.0; +http://www.bing.com/bingbot.htm) Chrome/116.0.1938.76 Safari/537.36"
51.222.253.6 - - [13/Jul/2025:01:21:41 +0530] "GET /robots.txt HTTP/2" 200 94 "-" "Mozilla/5.0 (compatible; AhrefsBot/7.0; +http://ahrefs.com/robot/)"
54.36.148.42 - - [13/Jul/2025:01:21:42 +0530] "GET /sitemap.xml HTTP/2" 200 12395 "-" "Mozilla/5.0 (compatible; AhrefsBot/7.0; +http://ahrefs.com/robot/)"
40.77.167.3 - - [13/Jul/2025:01:22:15 +0530] "GET /r-%E6%8C%87%E5%AE%9A%E3%80%81g-b-c%E3%81%AE%E3%80%8Ereal-love%E3%80%8F%E3%82%92%E7%B4%B9%E4%BB%8B%EF%BD%9C%E5%B2%B8%E5%92%8C%E7%94%B0%E3%81%AE%E8%B6%85%E3%81%8A%E3%81%99%E3%81%99%E3%82%81%E3%82%B0/admin/images/admin/images/public/new-assets/img/rangamati/mandatory-disclosure HTTP/2" 200 13747 "-" "Mozilla/5.0 AppleWebKit/537.36 (KHTML, like Gecko; compatible; bingbot/2.0; +http://www.bing.com/bingbot.htm) Chrome/116.0.1938.76 Safari/537.36"
216.73.217.5 - - [13/Jul/2025:01:22:17 +0530] "GET /admin/images/public/new-assets/js/affidavit HTTP/2" 200 12767 "-" "Mozilla/5.0 AppleWebKit/537.36 (KHTML, like Gecko; compatible; ClaudeBot/1.0; +claudebot@anthropic.com)"
40.77.167.156 - - [13/Jul/2025:01:22:31 +0530] "GET /tokuyou/notice-board HTTP/2" 200 13049 "-" "Mozilla/5.0 AppleWebKit/537.36 (KHTML, like Gecko; compatible; bingbot/2.0; +http://www.bing.com/bingbot.htm) Chrome/116.0.1938.76 Safari/537.36"
52.167.144.171 - - [13/Jul/2025:01:22:49 +0530] "GET /lures/o-s-p/public/new-assets/img/about/ HTTP/2" 200 17132 "-" "Mozilla/5.0 AppleWebKit/537.36 (KHTML, like Gecko; compatible; bingbot/2.0; +http://www.bing.com/bingbot.htm) Chrome/116.0.1938.76 Safari/537.36"
40.77.167.67 - - [13/Jul/2025:01:23:01 +0530] "GET /251mZlATbv896c_p/admin/images/doc/teaching-staff HTTP/2" 200 12774 "-" "Mozilla/5.0 AppleWebKit/537.36 (KHTML, like Gecko; compatible; bingbot/2.0; +http://www.bing.com/bingbot.htm) Chrome/116.0.1938.76 Safari/537.36"
216.73.217.5 - - [13/Jul/2025:01:23:06 +0530] "GET /robots.txt HTTP/2" 200 94 "-" "Mozilla/5.0 AppleWebKit/537.36 (KHTML, like Gecko; compatible; ClaudeBot/1.0; +claudebot@anthropic.com)"
216.73.217.5 - - [13/Jul/2025:01:23:06 +0530] "GET /admin/images/public/node_modules/bootstrap/dist/js/public/new-assets/css/jquery.fancybox.min.css HTTP/2" 200 12395 "-" "Mozilla/5.0 AppleWebKit/537.36 (KHTML, like Gecko; compatible; ClaudeBot/1.0; +claudebot@anthropic.com)"
40.77.167.23 - - [13/Jul/2025:01:23:19 +0530] "GET /pcsalf/94xpa/student_list.php HTTP/2" 200 12374 "-" "Mozilla/5.0 AppleWebKit/537.36 (KHTML, like Gecko; compatible; bingbot/2.0; +http://www.bing.com/bingbot.htm) Chrome/116.0.1938.76 Safari/537.36"
52.167.144.171 - - [13/Jul/2025:01:23:19 +0530] "GET /sngolvbhu201p-yhciuat-40820-jbmsvynewtf/S_attendence HTTP/2" 200 12395 "-" "Mozilla/5.0 AppleWebKit/537.36 (KHTML, like Gecko; compatible; bingbot/2.0; +http://www.bing.com/bingbot.htm) Chrome/116.0.1938.76 Safari/537.36"
40.77.167.67 - - [13/Jul/2025:01:23:24 +0530] "GET /jvp157lnmqzkti-73548-24513esrdv/public/img/rangamati/technical-support-staff HTTP/2" 200 12374 "-" "Mozilla/5.0 AppleWebKit/537.36 (KHTML, like Gecko; compatible; bingbot/2.0; +http://www.bing.com/bingbot.htm) Chrome/116.0.1938.76 Safari/537.36"
40.77.167.67 - - [13/Jul/2025:01:23:24 +0530] "GET /wprun/affiliation HTTP/2" 200 13458 "-" "Mozilla/5.0 AppleWebKit/537.36 (KHTML, like Gecko; compatible; bingbot/2.0; +http://www.bing.com/bingbot.htm) Chrome/116.0.1938.76 Safari/537.36"
17.22.237.23 - - [13/Jul/2025:01:23:31 +0530] "GET /blog/img/assets/img/assets/img/public/new-assets/gallery/public/new-assets/css/owl.carousel.min.css HTTP/1.1" 200 14228 "https://www.rangamaticollege.org/blog/img/assets/img/assets/img/public/new-assets/gallery/7.png" "Mozilla/5.0 (Macintosh; Intel Mac OS X 10_15_7) AppleWebKit/605.1.15 (KHTML, like Gecko) Version/17.4 Safari/605.1.15 (Applebot/0.1; +http://www.apple.com/go/applebot)"
17.22.253.77 - - [13/Jul/2025:01:23:31 +0530] "GET /blog/img/assets/img/assets/img/public/new-assets/gallery/public/new-assets/css/animate.min.css HTTP/1.1" 200 14228 "https://www.rangamaticollege.org/blog/img/assets/img/assets/img/public/new-assets/gallery/7.png" "Mozilla/5.0 (Macintosh; Intel Mac OS X 10_15_7) AppleWebKit/605.1.15 (KHTML, like Gecko) Version/17.4 Safari/605.1.15 (Applebot/0.1; +http://www.apple.com/go/applebot)"
17.22.237.183 - - [13/Jul/2025:01:23:32 +0530] "GET /blog/img/assets/img/assets/img/public/new-assets/gallery/public/new-assets/css/magnific-popup.min.css HTTP/1.1" 200 14228 "https://www.rangamaticollege.org/blog/img/assets/img/assets/img/public/new-assets/gallery/7.png" "Mozilla/5.0 (Macintosh; Intel Mac OS X 10_15_7) AppleWebKit/605.1.15 (KHTML, like Gecko) Version/17.4 Safari/605.1.15 (Applebot/0.1; +http://www.apple.com/go/applebot)"
17.22.245.86 - - [13/Jul/2025:01:23:32 +0530] "GET /blog/img/assets/img/assets/img/public/new-assets/gallery/public/new-assets/asset/new-style.css HTTP/1.1" 200 14228 "https://www.rangamaticollege.org/blog/img/assets/img/assets/img/public/new-assets/gallery/7.png" "Mozilla/5.0 (Macintosh; Intel Mac OS X 10_15_7) AppleWebKit/605.1.15 (KHTML, like Gecko) Version/17.4 Safari/605.1.15 (Applebot/0.1; +http://www.apple.com/go/applebot)"
17.22.245.253 - - [13/Jul/2025:01:23:33 +0530] "GET /blog/img/assets/img/assets/img/public/new-assets/gallery/public/new-assets/css/jquery.fancybox.min.css HTTP/1.1" 200 14228 "https://www.rangamaticollege.org/blog/img/assets/img/assets/img/public/new-assets/gallery/7.png" "Mozilla/5.0 (Macintosh; Intel Mac OS X 10_15_7) AppleWebKit/605.1.15 (KHTML, like Gecko) Version/17.4 Safari/605.1.15 (Applebot/0.1; +http://www.apple.com/go/applebot)"
17.22.245.233 - - [13/Jul/2025:01:23:33 +0530] "GET /blog/img/assets/img/assets/img/public/new-assets/gallery/public/new-assets/css/style.css HTTP/1.1" 200 14228 "https://www.rangamaticollege.org/blog/img/assets/img/assets/img/public/new-assets/gallery/7.png" "Mozilla/5.0 (Macintosh; Intel Mac OS X 10_15_7) AppleWebKit/605.1.15 (KHTML, like Gecko) Version/17.4 Safari/605.1.15 (Applebot/0.1; +http://www.apple.com/go/applebot)"
17.22.253.77 - - [13/Jul/2025:01:23:33 +0530] "GET /blog/img/assets/img/assets/img/public/new-assets/gallery/public/node_modules/bootstrap/dist/js/bootstrap.bundle.js HTTP/1.1" 200 14228 "https://www.rangamaticollege.org/blog/img/assets/img/assets/img/public/new-assets/gallery/7.png" "Mozilla/5.0 (Macintosh; Intel Mac OS X 10_15_7) AppleWebKit/605.1.15 (KHTML, like Gecko) Version/17.4 Safari/605.1.15 (Applebot/0.1; +http://www.apple.com/go/applebot)"
17.22.253.189 - - [13/Jul/2025:01:23:34 +0530] "GET /blog/img/assets/img/assets/img/public/new-assets/gallery/public/assets/js/jquery-migrate-3.4.0.min.js HTTP/1.1" 200 14228 "https://www.rangamaticollege.org/blog/img/assets/img/assets/img/public/new-assets/gallery/7.png" "Mozilla/5.0 (Macintosh; Intel Mac OS X 10_15_7) AppleWebKit/605.1.15 (KHTML, like Gecko) Version/17.4 Safari/605.1.15 (Applebot/0.1; +http://www.apple.com/go/applebot)"
17.22.253.40 - - [13/Jul/2025:01:23:35 +0530] "GET /blog/img/assets/img/assets/img/public/new-assets/gallery/public/assets/js/jquery.gridrotator.js HTTP/1.1" 200 14228 "https://www.rangamaticollege.org/blog/img/assets/img/assets/img/public/new-assets/gallery/7.png" "Mozilla/5.0 (Macintosh; Intel Mac OS X 10_15_7) AppleWebKit/605.1.15 (KHTML, like Gecko) Version/17.4 Safari/605.1.15 (Applebot/0.1; +http://www.apple.com/go/applebot)"
17.22.237.34 - - [13/Jul/2025:01:23:35 +0530] "GET /blog/img/assets/img/assets/img/public/new-assets/gallery/public/new-assets/js/countdown.min.js HTTP/1.1" 200 14228 "https://www.rangamaticollege.org/blog/img/assets/img/assets/img/public/new-assets/gallery/7.png" "Mozilla/5.0 (Macintosh; Intel Mac OS X 10_15_7) AppleWebKit/605.1.15 (KHTML, like Gecko) Version/17.4 Safari/605.1.15 (Applebot/0.1; +http://www.apple.com/go/applebot)"
40.77.167.126 - - [13/Jul/2025:01:23:35 +0530] "GET /ldvle/deled HTTP/2" 200 12374 "-" "Mozilla/5.0 AppleWebKit/537.36 (KHTML, like Gecko; compatible; bingbot/2.0; +http://www.bing.com/bingbot.htm) Chrome/116.0.1938.76 Safari/537.36"
17.22.237.212 - - [13/Jul/2025:01:23:36 +0530] "GET /blog/img/assets/img/assets/img/public/new-assets/gallery/public/new-assets/js/counter-up.js HTTP/1.1" 200 14228 "https://www.rangamaticollege.org/blog/img/assets/img/assets/img/public/new-assets/gallery/7.png" "Mozilla/5.0 (Macintosh; Intel Mac OS X 10_15_7) AppleWebKit/605.1.15 (KHTML, like Gecko) Version/17.4 Safari/605.1.15 (Applebot/0.1; +http://www.apple.com/go/applebot)"
17.22.253.231 - - [13/Jul/2025:01:23:36 +0530] "GET /blog/img/assets/img/assets/img/public/new-assets/gallery/public/new-assets/js/jquery.appear.min.js HTTP/1.1" 200 14228 "https://www.rangamaticollege.org/blog/img/assets/img/assets/img/public/new-assets/gallery/7.png" "Mozilla/5.0 (Macintosh; Intel Mac OS X 10_15_7) AppleWebKit/605.1.15 (KHTML, like Gecko) Version/17.4 Safari/605.1.15 (Applebot/0.1; +http://www.apple.com/go/applebot)"
17.22.237.176 - - [13/Jul/2025:01:23:37 +0530] "GET /blog/img/assets/img/assets/img/public/new-assets/gallery/public/new-assets/js/jquery.easing.min.js HTTP/1.1" 200 14228 "https://www.rangamaticollege.org/blog/img/assets/img/assets/img/public/new-assets/gallery/7.png" "Mozilla/5.0 (Macintosh; Intel Mac OS X 10_15_7) AppleWebKit/605.1.15 (KHTML, like Gecko) Version/17.4 Safari/605.1.15 (Applebot/0.1; +http://www.apple.com/go/applebot)"
17.22.253.40 - - [13/Jul/2025:01:23:37 +0530] "GET /blog/img/assets/img/assets/img/public/new-assets/gallery/public/new-assets/js/modernizr.min.js HTTP/1.1" 200 14228 "https://www.rangamaticollege.org/blog/img/assets/img/assets/img/public/new-assets/gallery/7.png" "Mozilla/5.0 (Macintosh; Intel Mac OS X 10_15_7) AppleWebKit/605.1.15 (KHTML, like Gecko) Version/17.4 Safari/605.1.15 (Applebot/0.1; +http://www.apple.com/go/applebot)"
17.22.245.155 - - [13/Jul/2025:01:23:37 +0530] "GET /blog/img/assets/img/assets/img/public/new-assets/gallery/public/new-assets/js/jquery.fancybox.min.js HTTP/1.1" 200 14235 "https://www.rangamaticollege.org/blog/img/assets/img/assets/img/public/new-assets/gallery/7.png" "Mozilla/5.0 (Macintosh; Intel Mac OS X 10_15_7) AppleWebKit/605.1.15 (KHTML, like Gecko) Version/17.4 Safari/605.1.15 (Applebot/0.1; +http://www.apple.com/go/applebot)"
17.22.237.34 - - [13/Jul/2025:01:23:37 +0530] "GET /blog/img/assets/img/assets/img/public/new-assets/gallery/public/new-assets/js/wow.min.js HTTP/1.1" 200 14228 "https://www.rangamaticollege.org/blog/img/assets/img/assets/img/public/new-assets/gallery/7.png" "Mozilla/5.0 (Macintosh; Intel Mac OS X 10_15_7) AppleWebKit/605.1.15 (KHTML, like Gecko) Version/17.4 Safari/605.1.15 (Applebot/0.1; +http://www.apple.com/go/applebot)"
17.22.237.212 - - [13/Jul/2025:01:23:38 +0530] "GET /blog/img/assets/img/assets/img/public/new-assets/gallery/public/new-assets/js/owl.carousel.min.js HTTP/1.1" 200 14228 "https://www.rangamaticollege.org/blog/img/assets/img/assets/img/public/new-assets/gallery/7.png" "Mozilla/5.0 (Macintosh; Intel Mac OS X 10_15_7) AppleWebKit/605.1.15 (KHTML, like Gecko) Version/17.4 Safari/605.1.15 (Applebot/0.1; +http://www.apple.com/go/applebot)"
17.22.253.231 - - [13/Jul/2025:01:23:38 +0530] "GET /blog/img/assets/img/assets/img/public/new-assets/gallery/public/new-assets/js/imagesloaded.pkgd.min.js HTTP/1.1" 200 14228 "https://www.rangamaticollege.org/blog/img/assets/img/assets/img/public/new-assets/gallery/7.png" "Mozilla/5.0 (Macintosh; Intel Mac OS X 10_15_7) AppleWebKit/605.1.15 (KHTML, like Gecko) Version/17.4 Safari/605.1.15 (Applebot/0.1; +http://www.apple.com/go/applebot)"
17.22.237.176 - - [13/Jul/2025:01:23:39 +0530] "GET /blog/img/assets/img/assets/img/public/new-assets/gallery/public/new-assets/js/isotope.pkgd.min.js HTTP/1.1" 200 14228 "https://www.rangamaticollege.org/blog/img/assets/img/assets/img/public/new-assets/gallery/7.png" "Mozilla/5.0 (Macintosh; Intel Mac OS X 10_15_7) AppleWebKit/605.1.15 (KHTML, like Gecko) Version/17.4 Safari/605.1.15 (Applebot/0.1; +http://www.apple.com/go/applebot)"
40.77.167.156 - - [13/Jul/2025:01:23:39 +0530] "GET /104soKUik46125970nudj-clz/affidavit HTTP/2" 200 12767 "-" "Mozilla/5.0 AppleWebKit/537.36 (KHTML, like Gecko; compatible; bingbot/2.0; +http://www.bing.com/bingbot.htm) Chrome/116.0.1938.76 Safari/537.36"
17.22.245.233 - - [13/Jul/2025:01:23:40 +0530] "GET /blog/img/assets/img/assets/img/public/new-assets/gallery/public/new-assets/js/main.js HTTP/1.1" 200 14228 "https://www.rangamaticollege.org/blog/img/assets/img/assets/img/public/new-assets/gallery/7.png" "Mozilla/5.0 (Macintosh; Intel Mac OS X 10_15_7) AppleWebKit/605.1.15 (KHTML, like Gecko) Version/17.4 Safari/605.1.15 (Applebot/0.1; +http://www.apple.com/go/applebot)"
216.73.217.5 - - [13/Jul/2025:01:23:51 +0530] "GET /admin/images/public/new-assets/css/course HTTP/2" 200 13669 "-" "Mozilla/5.0 AppleWebKit/537.36 (KHTML, like Gecko; compatible; ClaudeBot/1.0; +claudebot@anthropic.com)"
52.167.144.171 - - [13/Jul/2025:01:24:00 +0530] "GET /%E7%84%A1%E6%96%99%E3%81%A7%E6%A5%BD%E3%81%97%E3%82%81%E3%82%8B%E3%82%B2%E3%83%BC%E3%83%A0%E3%82%A2%E3%83%97%E3%83%AA%E3%80%8C%E9%A0%AD%E8%84%B3%E5%AF%BE%E6%88%A6%E3%80%8D%E3%81%8A%E3%81%99%E3%81%99/bed HTTP/2" 200 12397 "-" "Mozilla/5.0 AppleWebKit/537.36 (KHTML, like Gecko; compatible; bingbot/2.0; +http://www.bing.com/bingbot.htm) Chrome/116.0.1938.76 Safari/537.36"
40.77.167.67 - - [13/Jul/2025:01:24:09 +0530] "GET /106fHTOS18279bj_kbl/disclosure HTTP/2" 200 12374 "-" "Mozilla/5.0 AppleWebKit/537.36 (KHTML, like Gecko; compatible; bingbot/2.0; +http://www.bing.com/bingbot.htm) Chrome/116.0.1938.76 Safari/537.36"
40.77.167.23 - - [13/Jul/2025:01:24:19 +0530] "GET /ntcms/disclosure HTTP/2" 200 12376 "-" "Mozilla/5.0 AppleWebKit/537.36 (KHTML, like Gecko; compatible; bingbot/2.0; +http://www.bing.com/bingbot.htm) Chrome/116.0.1938.76 Safari/537.36"
52.167.144.171 - - [13/Jul/2025:01:24:20 +0530] "GET /info/%E3%83%86%E3%83%AC%E3%83%9B%E3%83%B3%E3%82%BB%E3%83%B3%E3%82%BF%E3%83%BC%E7%B7%91%E5%86%85%E9%9A%9C%E4%BE%9D%E9%A0%BC%E5%8E%9F%E7%A8%BF-%E3%83%92%E3%82%B9%E3%83%AC%E3%83%86%E3%82%B7%E3%82%B9%E8%A8%98/public/img/rangamati/public/new-assets/img/about/dummy.pdf HTTP/2" 200 12395 "-" "Mozilla/5.0 AppleWebKit/537.36 (KHTML, like Gecko; compatible; bingbot/2.0; +http://www.bing.com/bingbot.htm) Chrome/116.0.1938.76 Safari/537.36"
40.77.167.67 - - [13/Jul/2025:01:24:28 +0530] "GET /czoswulr279gm-vwdzg-13262-uegpdrx/public/new-assets/img/about/management HTTP/2" 200 12757 "-" "Mozilla/5.0 AppleWebKit/537.36 (KHTML, like Gecko; compatible; bingbot/2.0; +http://www.bing.com/bingbot.htm) Chrome/116.0.1938.76 Safari/537.36"
52.167.144.171 - - [13/Jul/2025:01:24:28 +0530] "GET /tours/%E3%80%90jptr-01%E3%80%91%E3%83%88%E3%83%A9%E3%82%A6%E3%83%88%E3%83%84%E3%82%A2%E3%83%BC/public/img/rangamati/public/img/rangamati/deled-prospectus HTTP/2" 200 12795 "-" "Mozilla/5.0 AppleWebKit/537.36 (KHTML, like Gecko; compatible; bingbot/2.0; +http://www.bing.com/bingbot.htm) Chrome/116.0.1938.76 Safari/537.36"
216.73.217.5 - - [13/Jul/2025:01:24:40 +0530] "GET /admin/images/public/new-assets/css/teaching-staff HTTP/2" 200 12793 "-" "Mozilla/5.0 AppleWebKit/537.36 (KHTML, like Gecko; compatible; ClaudeBot/1.0; +claudebot@anthropic.com)"
216.73.217.5 - - [13/Jul/2025:01:24:40 +0530] "GET /admin/images/public/node_modules/bootstrap/dist/js/teaching-staff HTTP/2" 200 12793 "-" "Mozilla/5.0 AppleWebKit/537.36 (KHTML, like Gecko; compatible; ClaudeBot/1.0; +claudebot@anthropic.com)"
40.77.167.67 - - [13/Jul/2025:01:24:49 +0530] "GET /vccsi/infrastructure HTTP/2" 200 13181 "-" "Mozilla/5.0 AppleWebKit/537.36 (KHTML, like Gecko; compatible; bingbot/2.0; +http://www.bing.com/bingbot.htm) Chrome/116.0.1938.76 Safari/537.36"
52.167.144.158 - - [13/Jul/2025:01:24:57 +0530] "GET /intml237idvzp-bozegyin25548/public/img/rangamati/non-teaching-staff HTTP/2" 200 12811 "-" "Mozilla/5.0 AppleWebKit/537.36 (KHTML, like Gecko; compatible; bingbot/2.0; +http://www.bing.com/bingbot.htm) Chrome/116.0.1938.76 Safari/537.36"
52.167.144.158 - - [13/Jul/2025:01:25:06 +0530] "GET /162-desgzcm-5015-tofpsrac/public/new-assets/img/about/dummy.pdf HTTP/2" 200 12395 "-" "Mozilla/5.0 AppleWebKit/537.36 (KHTML, like Gecko; compatible; bingbot/2.0; +http://www.bing.com/bingbot.htm) Chrome/116.0.1938.76 Safari/537.36"
40.77.167.23 - - [13/Jul/2025:01:25:09 +0530] "GET /bngwf_241-cks4782njfld/public/new-assets/img/about/gallery HTTP/2" 200 12737 "-" "Mozilla/5.0 AppleWebKit/537.36 (KHTML, like Gecko; compatible; bingbot/2.0; +http://www.bing.com/bingbot.htm) Chrome/116.0.1938.76 Safari/537.36"
17.241.75.117 - - [13/Jul/2025:01:25:24 +0530] "GET /images/program/public/img/single-course/technical-support-staff HTTP/1.1" 404 1251 "-" "Mozilla/5.0 (Macintosh; Intel Mac OS X 10_15_7) AppleWebKit/605.1.15 (KHTML, like Gecko) Version/17.4 Safari/605.1.15 (Applebot/0.1; +http://www.apple.com/go/applebot)"
40.77.167.255 - - [13/Jul/2025:01:25:49 +0530] "GET /135BbtMsVzF873fe_lt/student_list HTTP/2" 200 12374 "-" "Mozilla/5.0 AppleWebKit/537.36 (KHTML, like Gecko; compatible; bingbot/2.0; +http://www.bing.com/bingbot.htm) Chrome/116.0.1938.76 Safari/537.36"
40.77.167.255 - - [13/Jul/2025:01:25:49 +0530] "GET /pd-BOPIQHbu28pne_c/admin/images/notice-board HTTP/2" 200 13041 "-" "Mozilla/5.0 AppleWebKit/537.36 (KHTML, like Gecko; compatible; bingbot/2.0; +http://www.bing.com/bingbot.htm) Chrome/116.0.1938.76 Safari/537.36"
216.73.217.5 - - [13/Jul/2025:01:26:15 +0530] "GET /admin/images/public/new-assets/favicon/about HTTP/2" 200 13316 "-" "Mozilla/5.0 AppleWebKit/537.36 (KHTML, like Gecko; compatible; ClaudeBot/1.0; +claudebot@anthropic.com)"
216.73.217.5 - - [13/Jul/2025:01:26:15 +0530] "GET /admin/images/public/new-assets/css/method-subject HTTP/2" 200 13139 "-" "Mozilla/5.0 AppleWebKit/537.36 (KHTML, like Gecko; compatible; ClaudeBot/1.0; +claudebot@anthropic.com)"
52.167.144.158 - - [13/Jul/2025:01:26:27 +0530] "GET /197jgfk4GReFCoycM/bed-prospectus HTTP/2" 200 12395 "-" "Mozilla/5.0 AppleWebKit/537.36 (KHTML, like Gecko; compatible; bingbot/2.0; +http://www.bing.com/bingbot.htm) Chrome/116.0.1938.76 Safari/537.36"
52.167.144.210 - - [13/Jul/2025:01:26:31 +0530] "GET /%EC%97%85%EB%B9%84%ED%8A%B8-%EB%8B%A4%EC%9A%B4%EB%A1%9C%EB%93%9C/public/img/rangamati/public/img/rangamati/AFFILIATION/balance_sheet HTTP/2" 200 12395 "-" "Mozilla/5.0 AppleWebKit/537.36 (KHTML, like Gecko; compatible; bingbot/2.0; +http://www.bing.com/bingbot.htm) Chrome/116.0.1938.76 Safari/537.36"
40.77.167.126 - - [13/Jul/2025:01:26:36 +0530] "GET /cnaxr-GTOaz28qxf_h/mail.php HTTP/2" 200 12374 "-" "Mozilla/5.0 AppleWebKit/537.36 (KHTML, like Gecko; compatible; bingbot/2.0; +http://www.bing.com/bingbot.htm) Chrome/116.0.1938.76 Safari/537.36"
40.77.167.126 - - [13/Jul/2025:01:26:36 +0530] "GET /261NSvsPo89365g_dxp/principal-message HTTP/2" 200 13030 "-" "Mozilla/5.0 AppleWebKit/537.36 (KHTML, like Gecko; compatible; bingbot/2.0; +http://www.bing.com/bingbot.htm) Chrome/116.0.1938.76 Safari/537.36"
52.167.144.171 - - [13/Jul/2025:01:26:52 +0530] "GET /139-mpgfztjdb-34798-pbrlvhmsxf/contact HTTP/2" 200 13631 "-" "Mozilla/5.0 AppleWebKit/537.36 (KHTML, like Gecko; compatible; bingbot/2.0; +http://www.bing.com/bingbot.htm) Chrome/116.0.1938.76 Safari/537.36"
52.167.144.171 - - [13/Jul/2025:01:26:53 +0530] "GET /28-yrqozceaj-12289-vlkomzpc/teacher_attendance.php HTTP/2" 200 12395 "-" "Mozilla/5.0 AppleWebKit/537.36 (KHTML, like Gecko; compatible; bingbot/2.0; +http://www.bing.com/bingbot.htm) Chrome/116.0.1938.76 Safari/537.36"
52.167.144.171 - - [13/Jul/2025:01:27:12 +0530] "GET /55ak6uKIi7dqFHg/fee-structure HTTP/2" 200 13186 "-" "Mozilla/5.0 AppleWebKit/537.36 (KHTML, like Gecko; compatible; bingbot/2.0; +http://www.bing.com/bingbot.htm) Chrome/116.0.1938.76 Safari/537.36"
52.167.144.210 - - [13/Jul/2025:01:27:20 +0530] "GET /lfj29dzauqksfx-472093615-9881fyugi/fee_structure.php HTTP/2" 200 12395 "-" "Mozilla/5.0 AppleWebKit/537.36 (KHTML, like Gecko; compatible; bingbot/2.0; +http://www.bing.com/bingbot.htm) Chrome/116.0.1938.76 Safari/537.36"
52.167.144.158 - - [13/Jul/2025:01:27:27 +0530] "GET /onujhkz40mx-nbrofe-17461-iuktjsb/public/img/rangamati/public/img/rangamati/director-message HTTP/2" 200 12395 "-" "Mozilla/5.0 AppleWebKit/537.36 (KHTML, like Gecko; compatible; bingbot/2.0; +http://www.bing.com/bingbot.htm) Chrome/116.0.1938.76 Safari/537.36"
52.167.144.171 - - [13/Jul/2025:01:27:42 +0530] "GET /15-mqojcy-13232-qbywafedso/non-teachingstaff HTTP/2" 200 12395 "-" "Mozilla/5.0 AppleWebKit/537.36 (KHTML, like Gecko; compatible; bingbot/2.0; +http://www.bing.com/bingbot.htm) Chrome/116.0.1938.76 Safari/537.36"
40.77.167.255 - - [13/Jul/2025:01:27:49 +0530] "GET /30sHavlt473p_lurz/non-teachingstaff HTTP/2" 200 12374 "-" "Mozilla/5.0 AppleWebKit/537.36 (KHTML, like Gecko; compatible; bingbot/2.0; +http://www.bing.com/bingbot.htm) Chrome/116.0.1938.76 Safari/537.36"
40.77.167.5 - - [13/Jul/2025:01:27:53 +0530] "GET /tqnybm14/balance_sheet HTTP/2" 200 12374 "-" "Mozilla/5.0 AppleWebKit/537.36 (KHTML, like Gecko; compatible; bingbot/2.0; +http://www.bing.com/bingbot.htm) Chrome/116.0.1938.76 Safari/537.36"
52.167.144.171 - - [13/Jul/2025:01:28:11 +0530] "GET /2020/02/%E3%80%90%E5%AE%8C%E5%85%A8%E7%B6%B2%E7%BE%85%E3%80%91%E3%82%B9%E3%83%9E%E3%83%9B%E6%B1%BA%E6%B8%88%E3%81%AE%E4%BB%95%E7%B5%84%E3%81%BF%E3%81%A8%E7%A8%AE%E9%A1%9E%E5%88%A5%E3%83%A1%E3%83%AA%E3%83%83/public/img/rangamati/gal(2).webp HTTP/2" 200 12395 "-" "Mozilla/5.0 AppleWebKit/537.36 (KHTML, like Gecko; compatible; bingbot/2.0; +http://www.bing.com/bingbot.htm) Chrome/116.0.1938.76 Safari/537.36"
52.167.144.210 - - [13/Jul/2025:01:28:20 +0530] "GET /241-fwpxyg-36586-fluktebs/public/img/rangamati/income_expences.pdf HTTP/2" 200 12395 "-" "Mozilla/5.0 AppleWebKit/537.36 (KHTML, like Gecko; compatible; bingbot/2.0; +http://www.bing.com/bingbot.htm) Chrome/116.0.1938.76 Safari/537.36"
40.77.167.255 - - [13/Jul/2025:01:28:40 +0530] "GET /127ZfXQEwo75028hv_bt/b-ed-prospectus HTTP/2" 200 12779 "-" "Mozilla/5.0 AppleWebKit/537.36 (KHTML, like Gecko; compatible; bingbot/2.0; +http://www.bing.com/bingbot.htm) Chrome/116.0.1938.76 Safari/537.36"
52.167.144.210 - - [13/Jul/2025:01:28:50 +0530] "GET /tpfzbcum28b-xoygftqb-16513-exdhpbk/public/img/rangamati/rangamati-wbbpe.pdf HTTP/2" 200 12395 "-" "Mozilla/5.0 AppleWebKit/537.36 (KHTML, like Gecko; compatible; bingbot/2.0; +http://www.bing.com/bingbot.htm) Chrome/116.0.1938.76 Safari/537.36"
40.77.167.126 - - [13/Jul/2025:01:28:56 +0530] "GET /123-vxjnhqgay-2024-wrzyqojfnl/public/img/rangamati/disclosure HTTP/2" 200 12374 "-" "Mozilla/5.0 AppleWebKit/537.36 (KHTML, like Gecko; compatible; bingbot/2.0; +http://www.bing.com/bingbot.htm) Chrome/116.0.1938.76 Safari/537.36"
52.167.144.158 - - [13/Jul/2025:01:29:17 +0530] "GET /qydnguah219ige-swroa-12062-tvelbhry/receipt_and_payment.php HTTP/2" 200 12395 "-" "Mozilla/5.0 AppleWebKit/537.36 (KHTML, like Gecko; compatible; bingbot/2.0; +http://www.bing.com/bingbot.htm) Chrome/116.0.1938.76 Safari/537.36"
52.167.144.158 - - [13/Jul/2025:01:29:18 +0530] "GET /vpxji-KSMUp103ku_jt/public/img/rangamati/principal-message HTTP/2" 200 13030 "-" "Mozilla/5.0 AppleWebKit/537.36 (KHTML, like Gecko; compatible; bingbot/2.0; +http://www.bing.com/bingbot.htm) Chrome/116.0.1938.76 Safari/537.36"
52.167.144.158 - - [13/Jul/2025:01:29:26 +0530] "GET /discography/archive/mandatory-disclosure HTTP/2" 200 13747 "-" "Mozilla/5.0 AppleWebKit/537.36 (KHTML, like Gecko; compatible; bingbot/2.0; +http://www.bing.com/bingbot.htm) Chrome/116.0.1938.76 Safari/537.36"
52.167.144.210 - - [13/Jul/2025:01:29:31 +0530] "GET /28-xdzwaurl-42739-zytigndxra/public/new-assets/img/about/about HTTP/2" 200 13316 "-" "Mozilla/5.0 AppleWebKit/537.36 (KHTML, like Gecko; compatible; bingbot/2.0; +http://www.bing.com/bingbot.htm) Chrome/116.0.1938.76 Safari/537.36"
52.167.144.158 - - [13/Jul/2025:01:29:35 +0530] "GET /ojsfdqaw291k-vlujon-7250-eayfglsm/library HTTP/2" 200 12395 "-" "Mozilla/5.0 AppleWebKit/537.36 (KHTML, like Gecko; compatible; bingbot/2.0; +http://www.bing.com/bingbot.htm) Chrome/116.0.1938.76 Safari/537.36"
40.77.167.126 - - [13/Jul/2025:01:30:07 +0530] "GET /257thgrepfujs24719/b-ed-prospectus HTTP/2" 200 12779 "-" "Mozilla/5.0 AppleWebKit/537.36 (KHTML, like Gecko; compatible; bingbot/2.0; +http://www.bing.com/bingbot.htm) Chrome/116.0.1938.76 Safari/537.36"
52.167.144.210 - - [13/Jul/2025:01:30:10 +0530] "GET /28-zcvdxyige-21979-tndxopsr/public/new-assets/img/prospectus/BED-PROSPECTUS.pdf HTTP/2" 200 12395 "-" "Mozilla/5.0 AppleWebKit/537.36 (KHTML, like Gecko; compatible; bingbot/2.0; +http://www.bing.com/bingbot.htm) Chrome/116.0.1938.76 Safari/537.36"
52.167.144.210 - - [13/Jul/2025:01:30:10 +0530] "GET /28-zeihgdxrs-12229-ygjbwtnx/library HTTP/2" 200 12395 "-" "Mozilla/5.0 AppleWebKit/537.36 (KHTML, like Gecko; compatible; bingbot/2.0; +http://www.bing.com/bingbot.htm) Chrome/116.0.1938.76 Safari/537.36"
40.77.167.5 - - [13/Jul/2025:01:31:00 +0530] "GET /hrdhx/president-message HTTP/2" 200 12995 "-" "Mozilla/5.0 AppleWebKit/537.36 (KHTML, like Gecko; compatible; bingbot/2.0; +http://www.bing.com/bingbot.htm) Chrome/116.0.1938.76 Safari/537.36"
17.241.219.111 - - [13/Jul/2025:01:31:00 +0530] "GET /about-us/include/public/new-assets/img/notice/public/new-assets/gallery/public/new-assets/gallery/1.png HTTP/1.1" 200 14228 "-" "Mozilla/5.0 (Macintosh; Intel Mac OS X 10_15_7) AppleWebKit/605.1.15 (KHTML, like Gecko) Version/17.4 Safari/605.1.15 (Applebot/0.1; +http://www.apple.com/go/applebot)"