Server IP : 103.191.208.50 / Your IP : 216.73.216.226 Web Server : LiteSpeed System : Linux orion.herosite.pro 4.18.0-553.53.1.lve.el8.x86_64 #1 SMP Wed May 28 17:01:02 UTC 2025 x86_64 User : celkcksm ( 1031) PHP Version : 5.6.40 Disable Function : show_source, system, shell_exec, passthru, exec MySQL : OFF | cURL : ON | WGET : ON | Perl : ON | Python : ON Directory (0750) : /home/celkcksm/bmtrust.org.in/../access-logs/ |
[ Home ] | [ C0mmand ] | [ Upload File ] |
---|
40.77.167.25 - - [12/Jul/2025:17:31:58 +0530] "GET /eycfv/public/upload/document/recognization/canteen HTTP/2" 200 14129 "-" "Mozilla/5.0 AppleWebKit/537.36 (KHTML, like Gecko; compatible; bingbot/2.0; +http://www.bing.com/bingbot.htm) Chrome/116.0.1938.76 Safari/537.36"
157.55.39.58 - - [12/Jul/2025:17:31:59 +0530] "GET /hjalt/public/upload/document/affiliation/public/img/rmpharma/product-service-details HTTP/2" 200 13327 "-" "Mozilla/5.0 AppleWebKit/537.36 (KHTML, like Gecko; compatible; bingbot/2.0; +http://www.bing.com/bingbot.htm) Chrome/116.0.1938.76 Safari/537.36"
52.167.144.24 - - [12/Jul/2025:17:32:03 +0530] "GET /ufkxm/public/img/rmpharma/prospectus-dpharma HTTP/2" 200 13280 "-" "Mozilla/5.0 AppleWebKit/537.36 (KHTML, like Gecko; compatible; bingbot/2.0; +http://www.bing.com/bingbot.htm) Chrome/116.0.1938.76 Safari/537.36"
216.73.216.40 - - [12/Jul/2025:17:32:30 +0530] "GET /xvcle/public/new-assets/img/menu-burger.svg HTTP/2" 200 13307 "-" "Mozilla/5.0 AppleWebKit/537.36 (KHTML, like Gecko; compatible; ClaudeBot/1.0; +claudebot@anthropic.com)"
216.73.216.40 - - [12/Jul/2025:17:33:03 +0530] "GET /xvcle/public/new-assets/favicon/web-app-manifest-512x512.png HTTP/2" 200 13312 "-" "Mozilla/5.0 AppleWebKit/537.36 (KHTML, like Gecko; compatible; ClaudeBot/1.0; +claudebot@anthropic.com)"
40.77.167.143 - - [12/Jul/2025:17:33:25 +0530] "GET /lxgfv/mission HTTP/2" 200 14330 "-" "Mozilla/5.0 AppleWebKit/537.36 (KHTML, like Gecko; compatible; bingbot/2.0; +http://www.bing.com/bingbot.htm) Chrome/116.0.1938.76 Safari/537.36"
216.73.216.40 - - [12/Jul/2025:17:33:42 +0530] "GET /czkho/public/img/holiday-notice.pdf HTTP/2" 200 13281 "-" "Mozilla/5.0 AppleWebKit/537.36 (KHTML, like Gecko; compatible; ClaudeBot/1.0; +claudebot@anthropic.com)"
40.77.167.25 - - [12/Jul/2025:17:33:50 +0530] "GET /wizoe/public/upload/document/recognization/public/img/gallery HTTP/2" 200 15133 "-" "Mozilla/5.0 AppleWebKit/537.36 (KHTML, like Gecko; compatible; bingbot/2.0; +http://www.bing.com/bingbot.htm) Chrome/116.0.1938.76 Safari/537.36"
40.77.167.143 - - [12/Jul/2025:17:34:06 +0530] "GET /yxugm/public/upload/document/recognization/public/upload/document/affiliation/transportation HTTP/2" 200 14074 "-" "Mozilla/5.0 AppleWebKit/537.36 (KHTML, like Gecko; compatible; bingbot/2.0; +http://www.bing.com/bingbot.htm) Chrome/116.0.1938.76 Safari/537.36"
216.73.216.40 - - [12/Jul/2025:17:34:09 +0530] "GET /czkho/public/new-assets/favicon/web-app-manifest-192x192.png HTTP/2" 200 13317 "-" "Mozilla/5.0 AppleWebKit/537.36 (KHTML, like Gecko; compatible; ClaudeBot/1.0; +claudebot@anthropic.com)"
52.167.144.24 - - [12/Jul/2025:17:34:19 +0530] "GET /dozrs/public/img/rmpharma/public/new-assets/img/prospectus/mission HTTP/2" 200 14379 "-" "Mozilla/5.0 AppleWebKit/537.36 (KHTML, like Gecko; compatible; bingbot/2.0; +http://www.bing.com/bingbot.htm) Chrome/116.0.1938.76 Safari/537.36"
216.73.216.40 - - [12/Jul/2025:17:34:51 +0530] "GET /xwugu/b-pharm-lateral HTTP/2" 200 14923 "-" "Mozilla/5.0 AppleWebKit/537.36 (KHTML, like Gecko; compatible; ClaudeBot/1.0; +claudebot@anthropic.com)"
52.167.144.24 - - [12/Jul/2025:17:35:10 +0530] "GET /dtazl/public/upload/document/affiliation/public/new-assets/img/prospectus/hostel HTTP/2" 200 14154 "-" "Mozilla/5.0 AppleWebKit/537.36 (KHTML, like Gecko; compatible; bingbot/2.0; +http://www.bing.com/bingbot.htm) Chrome/116.0.1938.76 Safari/537.36"
216.73.216.40 - - [12/Jul/2025:17:35:19 +0530] "GET /operf/public/new-assets/favicon/apple-touch-icon.png HTTP/2" 200 13305 "-" "Mozilla/5.0 AppleWebKit/537.36 (KHTML, like Gecko; compatible; ClaudeBot/1.0; +claudebot@anthropic.com)"
40.77.167.143 - - [12/Jul/2025:17:35:48 +0530] "GET /ssoeo/public/upload/document/recognization/public/upload/document/affiliation/vision HTTP/2" 200 14110 "-" "Mozilla/5.0 AppleWebKit/537.36 (KHTML, like Gecko; compatible; bingbot/2.0; +http://www.bing.com/bingbot.htm) Chrome/116.0.1938.76 Safari/537.36"
216.73.216.40 - - [12/Jul/2025:17:36:00 +0530] "GET /xwugu/public/new-assets/favicon/web-app-manifest-512x512.png HTTP/2" 200 13312 "-" "Mozilla/5.0 AppleWebKit/537.36 (KHTML, like Gecko; compatible; ClaudeBot/1.0; +claudebot@anthropic.com)"
40.77.167.5 - - [12/Jul/2025:17:36:10 +0530] "GET /opqpm/public/img/rmpharma/public/new-assets/img/prospectus/placement HTTP/2" 200 14019 "-" "Mozilla/5.0 AppleWebKit/537.36 (KHTML, like Gecko; compatible; bingbot/2.0; +http://www.bing.com/bingbot.htm) Chrome/116.0.1938.76 Safari/537.36"
40.77.167.143 - - [12/Jul/2025:17:36:16 +0530] "GET /xueij/public/upload/document/recognization/prospectus-bpharma HTTP/2" 200 13321 "-" "Mozilla/5.0 AppleWebKit/537.36 (KHTML, like Gecko; compatible; bingbot/2.0; +http://www.bing.com/bingbot.htm) Chrome/116.0.1938.76 Safari/537.36"
216.73.216.40 - - [12/Jul/2025:17:36:37 +0530] "GET /odwye/b-pharm-lateral HTTP/2" 200 14926 "-" "Mozilla/5.0 AppleWebKit/537.36 (KHTML, like Gecko; compatible; ClaudeBot/1.0; +claudebot@anthropic.com)"
157.55.39.63 - - [12/Jul/2025:17:36:39 +0530] "GET /gvbqk/public/img/rmpharma/dpharma-prospectus.pdf HTTP/2" 200 13374 "-" "Mozilla/5.0 AppleWebKit/537.36 (KHTML, like Gecko; compatible; bingbot/2.0; +http://www.bing.com/bingbot.htm) Chrome/116.0.1938.76 Safari/537.36"
40.77.167.25 - - [12/Jul/2025:17:36:42 +0530] "GET /snpsu/public/img/rmpharma/public/new-assets/img/prospectus/prospectus HTTP/2" 200 13819 "-" "Mozilla/5.0 AppleWebKit/537.36 (KHTML, like Gecko; compatible; bingbot/2.0; +http://www.bing.com/bingbot.htm) Chrome/116.0.1938.76 Safari/537.36"
40.77.167.25 - - [12/Jul/2025:17:36:42 +0530] "GET /evlsa/public/upload/document/affiliation/public/new-assets/img/prospectus/placement HTTP/2" 200 14008 "-" "Mozilla/5.0 AppleWebKit/537.36 (KHTML, like Gecko; compatible; bingbot/2.0; +http://www.bing.com/bingbot.htm) Chrome/116.0.1938.76 Safari/537.36"
40.77.167.143 - - [12/Jul/2025:17:37:18 +0530] "GET /iiyqh/public/upload/document/affiliation/public/upload/document/recognization/affiliation HTTP/2" 200 13321 "-" "Mozilla/5.0 AppleWebKit/537.36 (KHTML, like Gecko; compatible; bingbot/2.0; +http://www.bing.com/bingbot.htm) Chrome/116.0.1938.76 Safari/537.36"
216.73.216.40 - - [12/Jul/2025:17:37:31 +0530] "GET /xwugu/public/new-assets/img/menu-burger.svg HTTP/2" 200 13336 "-" "Mozilla/5.0 AppleWebKit/537.36 (KHTML, like Gecko; compatible; ClaudeBot/1.0; +claudebot@anthropic.com)"
157.55.39.63 - - [12/Jul/2025:17:37:44 +0530] "GET /stukp/public/upload/document/affiliation/public/img/rmpharma/gallery HTTP/2" 200 15114 "-" "Mozilla/5.0 AppleWebKit/537.36 (KHTML, like Gecko; compatible; bingbot/2.0; +http://www.bing.com/bingbot.htm) Chrome/116.0.1938.76 Safari/537.36"
216.73.216.40 - - [12/Jul/2025:17:38:00 +0530] "GET /odwye/public/new-assets/favicon/web-app-manifest-512x512.png HTTP/2" 200 13321 "-" "Mozilla/5.0 AppleWebKit/537.36 (KHTML, like Gecko; compatible; ClaudeBot/1.0; +claudebot@anthropic.com)"
40.77.167.143 - - [12/Jul/2025:17:38:08 +0530] "GET /jxnue/public/new-assets/img/prospectus/d-pharm HTTP/2" 200 14683 "-" "Mozilla/5.0 AppleWebKit/537.36 (KHTML, like Gecko; compatible; bingbot/2.0; +http://www.bing.com/bingbot.htm) Chrome/116.0.1938.76 Safari/537.36"
216.73.216.40 - - [12/Jul/2025:17:38:37 +0530] "GET /zftkl/public/new-assets/favicon/web-app-manifest-192x192.png HTTP/2" 200 13309 "-" "Mozilla/5.0 AppleWebKit/537.36 (KHTML, like Gecko; compatible; ClaudeBot/1.0; +claudebot@anthropic.com)"
216.73.216.40 - - [12/Jul/2025:17:39:12 +0530] "GET /xwugu/product-service-details HTTP/2" 200 13327 "-" "Mozilla/5.0 AppleWebKit/537.36 (KHTML, like Gecko; compatible; ClaudeBot/1.0; +claudebot@anthropic.com)"
40.77.167.143 - - [12/Jul/2025:17:39:17 +0530] "GET /fxdlf/public/upload/document/affiliation/privacy-policy HTTP/2" 200 18618 "-" "Mozilla/5.0 AppleWebKit/537.36 (KHTML, like Gecko; compatible; bingbot/2.0; +http://www.bing.com/bingbot.htm) Chrome/116.0.1938.76 Safari/537.36"
216.73.216.40 - - [12/Jul/2025:17:39:45 +0530] "GET /zftkl/public/img/holiday-notice.pdf HTTP/2" 200 13281 "-" "Mozilla/5.0 AppleWebKit/537.36 (KHTML, like Gecko; compatible; ClaudeBot/1.0; +claudebot@anthropic.com)"
152.59.166.3 - - [12/Jul/2025:17:39:52 +0530] "GET / HTTP/2" 200 20195 "https://www.google.com/" "Mozilla/5.0 (Linux; Android 10; K) AppleWebKit/537.36 (KHTML, like Gecko) Chrome/138.0.0.0 Mobile Safari/537.36"
152.59.166.3 - - [12/Jul/2025:17:39:52 +0530] "GET /public/new-assets/css/jquery.fancybox.min.css HTTP/2" 200 3185 "https://rmpharma.in/" "Mozilla/5.0 (Linux; Android 10; K) AppleWebKit/537.36 (KHTML, like Gecko) Chrome/138.0.0.0 Mobile Safari/537.36"
152.59.166.3 - - [12/Jul/2025:17:39:52 +0530] "GET /public/new-assets/css/style.css HTTP/2" 200 39014 "https://rmpharma.in/" "Mozilla/5.0 (Linux; Android 10; K) AppleWebKit/537.36 (KHTML, like Gecko) Chrome/138.0.0.0 Mobile Safari/537.36"
152.59.166.3 - - [12/Jul/2025:17:39:52 +0530] "GET /public/assets/css/gallery-style.css HTTP/2" 200 689 "https://rmpharma.in/" "Mozilla/5.0 (Linux; Android 10; K) AppleWebKit/537.36 (KHTML, like Gecko) Chrome/138.0.0.0 Mobile Safari/537.36"
152.59.166.3 - - [12/Jul/2025:17:39:52 +0530] "GET /public/new-assets/css/timercss.css HTTP/2" 200 922 "https://rmpharma.in/" "Mozilla/5.0 (Linux; Android 10; K) AppleWebKit/537.36 (KHTML, like Gecko) Chrome/138.0.0.0 Mobile Safari/537.36"
152.59.166.3 - - [12/Jul/2025:17:39:52 +0530] "GET /public/new-assets/img/menu-burger.svg HTTP/2" 200 139 "https://rmpharma.in/" "Mozilla/5.0 (Linux; Android 10; K) AppleWebKit/537.36 (KHTML, like Gecko) Chrome/138.0.0.0 Mobile Safari/537.36"
152.59.166.3 - - [12/Jul/2025:17:39:52 +0530] "GET /public/new-assets/css/animate.min.css HTTP/2" 200 13361 "https://rmpharma.in/" "Mozilla/5.0 (Linux; Android 10; K) AppleWebKit/537.36 (KHTML, like Gecko) Chrome/138.0.0.0 Mobile Safari/537.36"
152.59.166.3 - - [12/Jul/2025:17:39:52 +0530] "GET /public/new-assets/img/rangamati_logo.png HTTP/2" 200 443531 "https://rmpharma.in/" "Mozilla/5.0 (Linux; Android 10; K) AppleWebKit/537.36 (KHTML, like Gecko) Chrome/138.0.0.0 Mobile Safari/537.36"
152.59.166.3 - - [12/Jul/2025:17:39:53 +0530] "GET /public/assets/js/jquery-migrate-3.4.0.min.js HTTP/3" 200 4603 "https://rmpharma.in/" "Mozilla/5.0 (Linux; Android 10; K) AppleWebKit/537.36 (KHTML, like Gecko) Chrome/138.0.0.0 Mobile Safari/537.36"
152.59.166.3 - - [12/Jul/2025:17:39:53 +0530] "GET /public/new-assets/fonts/Metropolis-Regular.woff2 HTTP/3" 200 75 "https://rmpharma.in/public/new-assets/css/style.css" "Mozilla/5.0 (Linux; Android 10; K) AppleWebKit/537.36 (KHTML, like Gecko) Chrome/138.0.0.0 Mobile Safari/537.36"
152.59.166.3 - - [12/Jul/2025:17:39:53 +0530] "GET /public/new-assets/fonts/Metropolis-Bold.woff2 HTTP/3" 200 72 "https://rmpharma.in/public/new-assets/css/style.css" "Mozilla/5.0 (Linux; Android 10; K) AppleWebKit/537.36 (KHTML, like Gecko) Chrome/138.0.0.0 Mobile Safari/537.36"
152.59.166.3 - - [12/Jul/2025:17:39:53 +0530] "GET /public/new-assets/fonts/Metropolis-Light.woff2 HTTP/3" 200 73 "https://rmpharma.in/public/new-assets/css/style.css" "Mozilla/5.0 (Linux; Android 10; K) AppleWebKit/537.36 (KHTML, like Gecko) Chrome/138.0.0.0 Mobile Safari/537.36"
152.59.166.3 - - [12/Jul/2025:17:39:53 +0530] "GET /public/new-assets/img/top-arrow.svg HTTP/3" 200 265 "https://rmpharma.in/" "Mozilla/5.0 (Linux; Android 10; K) AppleWebKit/537.36 (KHTML, like Gecko) Chrome/138.0.0.0 Mobile Safari/537.36"
152.59.166.3 - - [12/Jul/2025:17:39:53 +0530] "GET /public/new-assets/fonts/StayClassySLDT.woff2 HTTP/3" 200 71 "https://rmpharma.in/public/new-assets/css/style.css" "Mozilla/5.0 (Linux; Android 10; K) AppleWebKit/537.36 (KHTML, like Gecko) Chrome/138.0.0.0 Mobile Safari/537.36"
152.59.166.3 - - [12/Jul/2025:17:39:53 +0530] "GET /public/new-assets/fonts/Metropolis-Medium.woff2 HTTP/3" 200 74 "https://rmpharma.in/public/new-assets/css/style.css" "Mozilla/5.0 (Linux; Android 10; K) AppleWebKit/537.36 (KHTML, like Gecko) Chrome/138.0.0.0 Mobile Safari/537.36"
152.59.166.3 - - [12/Jul/2025:17:39:53 +0530] "GET /public/new-assets/fonts/Metropolis-Black.woff2 HTTP/3" 200 73 "https://rmpharma.in/public/new-assets/css/style.css" "Mozilla/5.0 (Linux; Android 10; K) AppleWebKit/537.36 (KHTML, like Gecko) Chrome/138.0.0.0 Mobile Safari/537.36"
152.59.166.3 - - [12/Jul/2025:17:39:53 +0530] "GET /public/node_modules/bootstrap/dist/js/bootstrap.bundle.js HTTP/3" 200 41763 "https://rmpharma.in/" "Mozilla/5.0 (Linux; Android 10; K) AppleWebKit/537.36 (KHTML, like Gecko) Chrome/138.0.0.0 Mobile Safari/537.36"
152.59.166.3 - - [12/Jul/2025:17:39:53 +0530] "GET /public/new-assets/js/owl.carousel.min.js HTTP/3" 200 11143 "https://rmpharma.in/" "Mozilla/5.0 (Linux; Android 10; K) AppleWebKit/537.36 (KHTML, like Gecko) Chrome/138.0.0.0 Mobile Safari/537.36"
152.59.166.3 - - [12/Jul/2025:17:39:53 +0530] "GET /public/new-assets/js/jquery.fancybox.min.js HTTP/3" 200 21014 "https://rmpharma.in/" "Mozilla/5.0 (Linux; Android 10; K) AppleWebKit/537.36 (KHTML, like Gecko) Chrome/138.0.0.0 Mobile Safari/537.36"
152.59.166.3 - - [12/Jul/2025:17:39:53 +0530] "GET /public/assets/js/modernizr.custom.26633.js HTTP/3" 200 3913 "https://rmpharma.in/" "Mozilla/5.0 (Linux; Android 10; K) AppleWebKit/537.36 (KHTML, like Gecko) Chrome/138.0.0.0 Mobile Safari/537.36"
152.59.166.3 - - [12/Jul/2025:17:39:53 +0530] "GET /public/assets/js/jquery.gridrotator.js HTTP/3" 200 5320 "https://rmpharma.in/" "Mozilla/5.0 (Linux; Android 10; K) AppleWebKit/537.36 (KHTML, like Gecko) Chrome/138.0.0.0 Mobile Safari/537.36"
152.59.166.3 - - [12/Jul/2025:17:39:53 +0530] "GET /public/new-assets/fonts/Metropolis-Bold.woff HTTP/3" 200 18272 "https://rmpharma.in/public/new-assets/css/style.css" "Mozilla/5.0 (Linux; Android 10; K) AppleWebKit/537.36 (KHTML, like Gecko) Chrome/138.0.0.0 Mobile Safari/537.36"
152.59.166.3 - - [12/Jul/2025:17:39:53 +0530] "GET /public/new-assets/fonts/Metropolis-Light.woff HTTP/3" 200 18056 "https://rmpharma.in/public/new-assets/css/style.css" "Mozilla/5.0 (Linux; Android 10; K) AppleWebKit/537.36 (KHTML, like Gecko) Chrome/138.0.0.0 Mobile Safari/537.36"
152.59.166.3 - - [12/Jul/2025:17:39:53 +0530] "GET /public/new-assets/fonts/StayClassySLDT.woff HTTP/3" 200 68780 "https://rmpharma.in/public/new-assets/css/style.css" "Mozilla/5.0 (Linux; Android 10; K) AppleWebKit/537.36 (KHTML, like Gecko) Chrome/138.0.0.0 Mobile Safari/537.36"
152.59.166.3 - - [12/Jul/2025:17:39:53 +0530] "GET /public/new-assets/fonts/Metropolis-Medium.woff HTTP/3" 200 18324 "https://rmpharma.in/public/new-assets/css/style.css" "Mozilla/5.0 (Linux; Android 10; K) AppleWebKit/537.36 (KHTML, like Gecko) Chrome/138.0.0.0 Mobile Safari/537.36"
152.59.166.3 - - [12/Jul/2025:17:39:53 +0530] "GET /public/new-assets/fonts/Metropolis-Black.woff HTTP/3" 200 18032 "https://rmpharma.in/public/new-assets/css/style.css" "Mozilla/5.0 (Linux; Android 10; K) AppleWebKit/537.36 (KHTML, like Gecko) Chrome/138.0.0.0 Mobile Safari/537.36"
152.59.166.3 - - [12/Jul/2025:17:39:53 +0530] "GET /public/new-assets/fonts/Metropolis-Regular.woff HTTP/3" 200 18180 "https://rmpharma.in/public/new-assets/css/style.css" "Mozilla/5.0 (Linux; Android 10; K) AppleWebKit/537.36 (KHTML, like Gecko) Chrome/138.0.0.0 Mobile Safari/537.36"
152.59.166.3 - - [12/Jul/2025:17:39:52 +0530] "GET /public/new-assets/gallery/rangamati-banner1.jpg HTTP/3" 200 647345 "https://rmpharma.in/" "Mozilla/5.0 (Linux; Android 10; K) AppleWebKit/537.36 (KHTML, like Gecko) Chrome/138.0.0.0 Mobile Safari/537.36"
152.59.166.3 - - [12/Jul/2025:17:39:53 +0530] "GET /assets/images/convo-images/loading.gif HTTP/3" 200 13498 "https://rmpharma.in/" "Mozilla/5.0 (Linux; Android 10; K) AppleWebKit/537.36 (KHTML, like Gecko) Chrome/138.0.0.0 Mobile Safari/537.36"
152.59.166.3 - - [12/Jul/2025:17:39:53 +0530] "GET /public/new-assets/img/West_Bengal_University_of_Health_Sciences_Logo.svg.png HTTP/3" 200 49202 "https://rmpharma.in/" "Mozilla/5.0 (Linux; Android 10; K) AppleWebKit/537.36 (KHTML, like Gecko) Chrome/138.0.0.0 Mobile Safari/537.36"
152.59.166.3 - - [12/Jul/2025:17:39:53 +0530] "GET /public/new-assets/img/sikshapedia-prefferd-college-icon.png HTTP/3" 200 46759 "https://rmpharma.in/" "Mozilla/5.0 (Linux; Android 10; K) AppleWebKit/537.36 (KHTML, like Gecko) Chrome/138.0.0.0 Mobile Safari/537.36"
152.59.166.3 - - [12/Jul/2025:17:39:53 +0530] "GET /public/new-assets/img/wbsctelogo.png HTTP/3" 200 69348 "https://rmpharma.in/" "Mozilla/5.0 (Linux; Android 10; K) AppleWebKit/537.36 (KHTML, like Gecko) Chrome/138.0.0.0 Mobile Safari/537.36"
152.59.166.3 - - [12/Jul/2025:17:39:53 +0530] "GET /public/new-assets/img/Pharmacy_Council_of_India_Logo.png HTTP/3" 200 110367 "https://rmpharma.in/" "Mozilla/5.0 (Linux; Android 10; K) AppleWebKit/537.36 (KHTML, like Gecko) Chrome/138.0.0.0 Mobile Safari/537.36"
152.59.166.3 - - [12/Jul/2025:17:39:53 +0530] "GET /public/assets/images/new-img/college-building-5-600.jpg HTTP/3" 200 116698 "https://rmpharma.in/" "Mozilla/5.0 (Linux; Android 10; K) AppleWebKit/537.36 (KHTML, like Gecko) Chrome/138.0.0.0 Mobile Safari/537.36"
152.59.166.3 - - [12/Jul/2025:17:39:53 +0530] "GET /public/assets/images/new-img/college-building-600.jpg HTTP/3" 200 120944 "https://rmpharma.in/" "Mozilla/5.0 (Linux; Android 10; K) AppleWebKit/537.36 (KHTML, like Gecko) Chrome/138.0.0.0 Mobile Safari/537.36"
152.59.166.3 - - [12/Jul/2025:17:39:53 +0530] "GET /public/new-assets/img/angle-left.svg HTTP/3" 200 283 "https://rmpharma.in/" "Mozilla/5.0 (Linux; Android 10; K) AppleWebKit/537.36 (KHTML, like Gecko) Chrome/138.0.0.0 Mobile Safari/537.36"
152.59.166.3 - - [12/Jul/2025:17:39:53 +0530] "GET /public/new-assets/img/angle-right.svg HTTP/3" 200 276 "https://rmpharma.in/" "Mozilla/5.0 (Linux; Android 10; K) AppleWebKit/537.36 (KHTML, like Gecko) Chrome/138.0.0.0 Mobile Safari/537.36"
152.59.166.3 - - [12/Jul/2025:17:39:53 +0530] "GET /public/new-assets/gallery/gal2.jpg HTTP/3" 200 144518 "https://rmpharma.in/" "Mozilla/5.0 (Linux; Android 10; K) AppleWebKit/537.36 (KHTML, like Gecko) Chrome/138.0.0.0 Mobile Safari/537.36"
152.59.166.3 - - [12/Jul/2025:17:39:53 +0530] "GET /public/new-assets/gallery/gal9.jpg HTTP/3" 200 161507 "https://rmpharma.in/" "Mozilla/5.0 (Linux; Android 10; K) AppleWebKit/537.36 (KHTML, like Gecko) Chrome/138.0.0.0 Mobile Safari/537.36"
152.59.166.3 - - [12/Jul/2025:17:39:53 +0530] "GET /public/new-assets/gallery/gal12.jpg HTTP/3" 200 224872 "https://rmpharma.in/" "Mozilla/5.0 (Linux; Android 10; K) AppleWebKit/537.36 (KHTML, like Gecko) Chrome/138.0.0.0 Mobile Safari/537.36"
152.59.166.3 - - [12/Jul/2025:17:39:53 +0530] "GET /public/new-assets/gallery/gal5.jpg HTTP/3" 200 173288 "https://rmpharma.in/" "Mozilla/5.0 (Linux; Android 10; K) AppleWebKit/537.36 (KHTML, like Gecko) Chrome/138.0.0.0 Mobile Safari/537.36"
152.59.166.3 - - [12/Jul/2025:17:39:53 +0530] "GET /public/new-assets/gallery/gal7.jpg HTTP/3" 200 260984 "https://rmpharma.in/" "Mozilla/5.0 (Linux; Android 10; K) AppleWebKit/537.36 (KHTML, like Gecko) Chrome/138.0.0.0 Mobile Safari/537.36"
152.59.166.3 - - [12/Jul/2025:17:39:53 +0530] "GET /public/new-assets/gallery/gal8.jpg HTTP/3" 200 258541 "https://rmpharma.in/" "Mozilla/5.0 (Linux; Android 10; K) AppleWebKit/537.36 (KHTML, like Gecko) Chrome/138.0.0.0 Mobile Safari/537.36"
152.59.166.3 - - [12/Jul/2025:17:39:53 +0530] "GET /public/new-assets/gallery/gal10.jpg HTTP/3" 200 196630 "https://rmpharma.in/" "Mozilla/5.0 (Linux; Android 10; K) AppleWebKit/537.36 (KHTML, like Gecko) Chrome/138.0.0.0 Mobile Safari/537.36"
152.59.166.3 - - [12/Jul/2025:17:39:53 +0530] "GET /public/new-assets/gallery/gal1.jpg HTTP/3" 200 218020 "https://rmpharma.in/" "Mozilla/5.0 (Linux; Android 10; K) AppleWebKit/537.36 (KHTML, like Gecko) Chrome/138.0.0.0 Mobile Safari/537.36"
152.59.166.3 - - [12/Jul/2025:17:39:53 +0530] "GET /public/img/holiday-notice.png HTTP/3" 200 310633 "https://rmpharma.in/" "Mozilla/5.0 (Linux; Android 10; K) AppleWebKit/537.36 (KHTML, like Gecko) Chrome/138.0.0.0 Mobile Safari/537.36"
152.59.166.3 - - [12/Jul/2025:17:39:53 +0530] "GET /public/new-assets/gallery/gal3.jpg HTTP/3" 200 267463 "https://rmpharma.in/" "Mozilla/5.0 (Linux; Android 10; K) AppleWebKit/537.36 (KHTML, like Gecko) Chrome/138.0.0.0 Mobile Safari/537.36"
152.59.166.3 - - [12/Jul/2025:17:39:53 +0530] "GET /public/new-assets/gallery/rangamati_logo.png HTTP/3" 200 443531 "https://rmpharma.in/" "Mozilla/5.0 (Linux; Android 10; K) AppleWebKit/537.36 (KHTML, like Gecko) Chrome/138.0.0.0 Mobile Safari/537.36"
152.59.166.3 - - [12/Jul/2025:17:39:53 +0530] "GET /public/new-assets/gallery/gal6.jpg HTTP/3" 200 324269 "https://rmpharma.in/" "Mozilla/5.0 (Linux; Android 10; K) AppleWebKit/537.36 (KHTML, like Gecko) Chrome/138.0.0.0 Mobile Safari/537.36"
152.59.166.3 - - [12/Jul/2025:17:39:53 +0530] "GET /public/new-assets/gallery/college.png HTTP/3" 200 622025 "https://rmpharma.in/" "Mozilla/5.0 (Linux; Android 10; K) AppleWebKit/537.36 (KHTML, like Gecko) Chrome/138.0.0.0 Mobile Safari/537.36"
152.59.166.3 - - [12/Jul/2025:17:39:53 +0530] "GET /public/new-assets/gallery/rangamati-banner3.jpg HTTP/3" 200 519842 "https://rmpharma.in/" "Mozilla/5.0 (Linux; Android 10; K) AppleWebKit/537.36 (KHTML, like Gecko) Chrome/138.0.0.0 Mobile Safari/537.36"
152.59.166.3 - - [12/Jul/2025:17:39:53 +0530] "GET /public/new-assets/gallery/contact.png HTTP/3" 200 474343 "https://rmpharma.in/" "Mozilla/5.0 (Linux; Android 10; K) AppleWebKit/537.36 (KHTML, like Gecko) Chrome/138.0.0.0 Mobile Safari/537.36"
152.59.166.3 - - [12/Jul/2025:17:39:53 +0530] "GET /public/new-assets/gallery/course1.jpg HTTP/3" 200 717406 "https://rmpharma.in/" "Mozilla/5.0 (Linux; Android 10; K) AppleWebKit/537.36 (KHTML, like Gecko) Chrome/138.0.0.0 Mobile Safari/537.36"
152.59.166.3 - - [12/Jul/2025:17:39:53 +0530] "GET /public/new-assets/gallery/course3.jpg HTTP/3" 200 738208 "https://rmpharma.in/" "Mozilla/5.0 (Linux; Android 10; K) AppleWebKit/537.36 (KHTML, like Gecko) Chrome/138.0.0.0 Mobile Safari/537.36"
152.59.166.3 - - [12/Jul/2025:17:39:53 +0530] "GET /public/new-assets/gallery/rangamati-banner2.jpg HTTP/3" 200 1019398 "https://rmpharma.in/" "Mozilla/5.0 (Linux; Android 10; K) AppleWebKit/537.36 (KHTML, like Gecko) Chrome/138.0.0.0 Mobile Safari/537.36"
152.59.166.3 - - [12/Jul/2025:17:39:53 +0530] "GET /public/new-assets/gallery/gal14.jpg HTTP/3" 200 782383 "https://rmpharma.in/" "Mozilla/5.0 (Linux; Android 10; K) AppleWebKit/537.36 (KHTML, like Gecko) Chrome/138.0.0.0 Mobile Safari/537.36"
152.59.166.3 - - [12/Jul/2025:17:39:53 +0530] "GET /public/new-assets/img/pharma-img/chooseus.jpg HTTP/3" 200 713176 "https://rmpharma.in/" "Mozilla/5.0 (Linux; Android 10; K) AppleWebKit/537.36 (KHTML, like Gecko) Chrome/138.0.0.0 Mobile Safari/537.36"
152.59.166.3 - - [12/Jul/2025:17:39:53 +0530] "GET /public/new-assets/gallery/course2.jpg HTTP/3" 200 788791 "https://rmpharma.in/" "Mozilla/5.0 (Linux; Android 10; K) AppleWebKit/537.36 (KHTML, like Gecko) Chrome/138.0.0.0 Mobile Safari/537.36"
152.59.166.3 - - [12/Jul/2025:17:39:53 +0530] "GET /public/new-assets/gallery/notice.png HTTP/3" 200 1077550 "https://rmpharma.in/public/new-assets/css/style.css" "Mozilla/5.0 (Linux; Android 10; K) AppleWebKit/537.36 (KHTML, like Gecko) Chrome/138.0.0.0 Mobile Safari/537.36"
152.59.166.3 - - [12/Jul/2025:17:39:53 +0530] "GET /public/new-assets/gallery/gal13.jpg HTTP/3" 200 1212466 "https://rmpharma.in/" "Mozilla/5.0 (Linux; Android 10; K) AppleWebKit/537.36 (KHTML, like Gecko) Chrome/138.0.0.0 Mobile Safari/537.36"
152.59.166.3 - - [12/Jul/2025:17:39:55 +0530] "GET /public/new-assets/favicon/web-app-manifest-512x512.png HTTP/3" 200 132753 "https://rmpharma.in/" "Mozilla/5.0 (Linux; Android 10; K) AppleWebKit/537.36 (KHTML, like Gecko) Chrome/138.0.0.0 Mobile Safari/537.36"
152.59.166.3 - - [12/Jul/2025:17:39:55 +0530] "GET /public/new-assets/favicon/apple-touch-icon.png HTTP/3" 200 33535 "https://rmpharma.in/" "Mozilla/5.0 (Linux; Android 10; K) AppleWebKit/537.36 (KHTML, like Gecko) Chrome/138.0.0.0 Mobile Safari/537.36"
152.59.166.3 - - [12/Jul/2025:17:39:56 +0530] "GET /public/new-assets/favicon/site.webmanifest HTTP/2" 200 436 "https://rmpharma.in/" "Mozilla/5.0 (Linux; Android 10; K) AppleWebKit/537.36 (KHTML, like Gecko) Chrome/138.0.0.0 Mobile Safari/537.36"
152.59.166.3 - - [12/Jul/2025:17:39:56 +0530] "GET /web-app-manifest-512x512.png HTTP/2" 200 13312 "https://rmpharma.in/" "Mozilla/5.0 (Linux; Android 10; K) AppleWebKit/537.36 (KHTML, like Gecko) Chrome/138.0.0.0 Mobile Safari/537.36"
40.77.167.143 - - [12/Jul/2025:17:40:07 +0530] "GET /rvrol/public/upload/document/affiliation/public/img/rmpharma/product-service-details HTTP/2" 200 13327 "-" "Mozilla/5.0 AppleWebKit/537.36 (KHTML, like Gecko; compatible; bingbot/2.0; +http://www.bing.com/bingbot.htm) Chrome/116.0.1938.76 Safari/537.36"
216.73.216.40 - - [12/Jul/2025:17:40:32 +0530] "GET /odwye/public/new-assets/img/menu-burger.svg HTTP/2" 200 13307 "-" "Mozilla/5.0 AppleWebKit/537.36 (KHTML, like Gecko; compatible; ClaudeBot/1.0; +claudebot@anthropic.com)"
52.167.144.156 - - [12/Jul/2025:17:41:05 +0530] "GET /pmcoj/public/new-assets/img/prospectus/public/new-assets/img/prospectus/RANGAMATI-ALL-PHARMA-PROSPECTUS.pdf HTTP/2" 200 13350 "-" "Mozilla/5.0 AppleWebKit/537.36 (KHTML, like Gecko; compatible; bingbot/2.0; +http://www.bing.com/bingbot.htm) Chrome/116.0.1938.76 Safari/537.36"
216.73.216.40 - - [12/Jul/2025:17:41:06 +0530] "GET /rirdo/public/new-assets/favicon/web-app-manifest-192x192.png HTTP/2" 200 13309 "-" "Mozilla/5.0 AppleWebKit/537.36 (KHTML, like Gecko; compatible; ClaudeBot/1.0; +claudebot@anthropic.com)"
216.73.216.40 - - [12/Jul/2025:17:41:40 +0530] "GET /odwye/product-service-details HTTP/2" 200 13327 "-" "Mozilla/5.0 AppleWebKit/537.36 (KHTML, like Gecko; compatible; ClaudeBot/1.0; +claudebot@anthropic.com)"
216.73.216.40 - - [12/Jul/2025:17:42:18 +0530] "GET /xvcle/public/new-assets/favicon/web-app-manifest-192x192.png HTTP/2" 200 13309 "-" "Mozilla/5.0 AppleWebKit/537.36 (KHTML, like Gecko; compatible; ClaudeBot/1.0; +claudebot@anthropic.com)"
152.59.166.3 - - [12/Jul/2025:17:42:20 +0530] "GET /about HTTP/2" 200 14239 "https://rmpharma.in/" "Mozilla/5.0 (Linux; Android 10; K) AppleWebKit/537.36 (KHTML, like Gecko) Chrome/138.0.0.0 Mobile Safari/537.36"
152.59.166.3 - - [12/Jul/2025:17:42:20 +0530] "GET /public/new-assets/css/animate.min.css HTTP/2" 200 13317 "https://rmpharma.in/about" "Mozilla/5.0 (Linux; Android 10; K) AppleWebKit/537.36 (KHTML, like Gecko) Chrome/138.0.0.0 Mobile Safari/537.36"
40.77.167.5 - - [12/Jul/2025:17:42:21 +0530] "GET /enedi/public/upload/document/recognization/public/new-assets/img/prospectus/terms-condition HTTP/2" 200 23147 "-" "Mozilla/5.0 AppleWebKit/537.36 (KHTML, like Gecko; compatible; bingbot/2.0; +http://www.bing.com/bingbot.htm) Chrome/116.0.1938.76 Safari/537.36"
152.59.166.3 - - [12/Jul/2025:17:42:20 +0530] "GET /public/assets/images/new-img/college-building-2.jpg HTTP/2" 200 3286106 "https://rmpharma.in/about" "Mozilla/5.0 (Linux; Android 10; K) AppleWebKit/537.36 (KHTML, like Gecko) Chrome/138.0.0.0 Mobile Safari/537.36"
152.59.166.3 - - [12/Jul/2025:17:42:20 +0530] "GET /public/assets/images/new-img/college-building-3.jpg HTTP/2" 200 3055838 "https://rmpharma.in/about" "Mozilla/5.0 (Linux; Android 10; K) AppleWebKit/537.36 (KHTML, like Gecko) Chrome/138.0.0.0 Mobile Safari/537.36"
152.59.166.3 - - [12/Jul/2025:17:42:20 +0530] "GET /public/new-assets/img/breadcrum.jpg HTTP/2" 200 11279137 "https://rmpharma.in/about" "Mozilla/5.0 (Linux; Android 10; K) AppleWebKit/537.36 (KHTML, like Gecko) Chrome/138.0.0.0 Mobile Safari/537.36"
152.59.166.3 - - [12/Jul/2025:17:42:24 +0530] "GET /web-app-manifest-512x512.png HTTP/2" 200 13321 "https://rmpharma.in/about" "Mozilla/5.0 (Linux; Android 10; K) AppleWebKit/537.36 (KHTML, like Gecko) Chrome/138.0.0.0 Mobile Safari/537.36"
216.73.216.40 - - [12/Jul/2025:17:42:48 +0530] "GET /rirdo/public/img/holiday-notice.pdf HTTP/2" 200 13281 "-" "Mozilla/5.0 AppleWebKit/537.36 (KHTML, like Gecko; compatible; ClaudeBot/1.0; +claudebot@anthropic.com)"
152.59.166.3 - - [12/Jul/2025:17:43:13 +0530] "GET /web-app-manifest-512x512.png HTTP/2" 200 13312 "https://rmpharma.in/" "Mozilla/5.0 (Linux; Android 10; K) AppleWebKit/537.36 (KHTML, like Gecko) Chrome/138.0.0.0 Mobile Safari/537.36"
207.46.13.111 - - [12/Jul/2025:17:43:20 +0530] "GET /pbxw/privacy-policy HTTP/2" 200 18618 "-" "Mozilla/5.0 AppleWebKit/537.36 (KHTML, like Gecko; compatible; bingbot/2.0; +http://www.bing.com/bingbot.htm) Chrome/116.0.1938.76 Safari/537.36"
216.73.216.40 - - [12/Jul/2025:17:43:27 +0530] "GET /czkho/public/new-assets/favicon/apple-touch-icon.png HTTP/2" 200 13305 "-" "Mozilla/5.0 AppleWebKit/537.36 (KHTML, like Gecko; compatible; ClaudeBot/1.0; +claudebot@anthropic.com)"
216.73.216.40 - - [12/Jul/2025:17:44:03 +0530] "GET /xvcle/public/img/holiday-notice.pdf HTTP/2" 200 13281 "-" "Mozilla/5.0 AppleWebKit/537.36 (KHTML, like Gecko; compatible; ClaudeBot/1.0; +claudebot@anthropic.com)"
216.73.216.40 - - [12/Jul/2025:17:44:29 +0530] "GET /operf/public/new-assets/img/sikshapedia-prefferd-college-icon.png HTTP/2" 200 13343 "-" "Mozilla/5.0 AppleWebKit/537.36 (KHTML, like Gecko; compatible; ClaudeBot/1.0; +claudebot@anthropic.com)"
207.46.13.111 - - [12/Jul/2025:17:44:59 +0530] "GET /khvrx/public/upload/document/recognization/prospectus HTTP/2" 200 13819 "-" "Mozilla/5.0 AppleWebKit/537.36 (KHTML, like Gecko; compatible; bingbot/2.0; +http://www.bing.com/bingbot.htm) Chrome/116.0.1938.76 Safari/537.36"
40.77.167.5 - - [12/Jul/2025:17:45:03 +0530] "GET /juipr/public/img/rmpharma/public/upload/document/affiliation/product-service-details HTTP/2" 200 13343 "-" "Mozilla/5.0 AppleWebKit/537.36 (KHTML, like Gecko; compatible; bingbot/2.0; +http://www.bing.com/bingbot.htm) Chrome/116.0.1938.76 Safari/537.36"
40.77.167.5 - - [12/Jul/2025:17:45:04 +0530] "GET /mhoqs/public/upload/document/affiliation/refund-policy HTTP/2" 200 13782 "-" "Mozilla/5.0 AppleWebKit/537.36 (KHTML, like Gecko; compatible; bingbot/2.0; +http://www.bing.com/bingbot.htm) Chrome/116.0.1938.76 Safari/537.36"
216.73.216.40 - - [12/Jul/2025:17:45:17 +0530] "GET /xwugu/public/new-assets/favicon/web-app-manifest-192x192.png HTTP/2" 200 13309 "-" "Mozilla/5.0 AppleWebKit/537.36 (KHTML, like Gecko; compatible; ClaudeBot/1.0; +claudebot@anthropic.com)"
207.46.13.111 - - [12/Jul/2025:17:45:20 +0530] "GET /pbqwl/public/upload/document/affiliation/privacy-policy HTTP/2" 200 18618 "-" "Mozilla/5.0 AppleWebKit/537.36 (KHTML, like Gecko; compatible; bingbot/2.0; +http://www.bing.com/bingbot.htm) Chrome/116.0.1938.76 Safari/537.36"
216.73.216.40 - - [12/Jul/2025:17:46:20 +0530] "GET /xwugu/public/img/holiday-notice.pdf HTTP/2" 200 13281 "-" "Mozilla/5.0 AppleWebKit/537.36 (KHTML, like Gecko; compatible; ClaudeBot/1.0; +claudebot@anthropic.com)"
52.167.144.186 - - [12/Jul/2025:17:46:27 +0530] "GET /nhehv/public/upload/document/recognization/affiliation HTTP/2" 200 13321 "-" "Mozilla/5.0 AppleWebKit/537.36 (KHTML, like Gecko; compatible; bingbot/2.0; +http://www.bing.com/bingbot.htm) Chrome/116.0.1938.76 Safari/537.36"
66.249.79.72 - - [12/Jul/2025:17:46:57 +0530] "GET /anqnx/public/img/b-pharm-lateral HTTP/1.1" 200 14923 "-" "Mozilla/5.0 (Linux; Android 6.0.1; Nexus 5X Build/MMB29P) AppleWebKit/537.36 (KHTML, like Gecko) Chrome/137.0.7151.103 Mobile Safari/537.36 (compatible; Googlebot/2.1; +http://www.google.com/bot.html)"
216.73.216.40 - - [12/Jul/2025:17:47:17 +0530] "GET /odwye/public/new-assets/favicon/web-app-manifest-192x192.png HTTP/2" 200 13309 "-" "Mozilla/5.0 AppleWebKit/537.36 (KHTML, like Gecko; compatible; ClaudeBot/1.0; +claudebot@anthropic.com)"
52.167.144.186 - - [12/Jul/2025:17:47:27 +0530] "GET /invow/public/upload/document/recognization/comingsoon HTTP/2" 200 13309 "-" "Mozilla/5.0 AppleWebKit/537.36 (KHTML, like Gecko; compatible; bingbot/2.0; +http://www.bing.com/bingbot.htm) Chrome/116.0.1938.76 Safari/537.36"
52.167.144.186 - - [12/Jul/2025:17:47:28 +0530] "GET /higlk/public/upload/document/affiliation/refund-policy HTTP/2" 200 13782 "-" "Mozilla/5.0 AppleWebKit/537.36 (KHTML, like Gecko; compatible; bingbot/2.0; +http://www.bing.com/bingbot.htm) Chrome/116.0.1938.76 Safari/537.36"
207.46.13.111 - - [12/Jul/2025:17:47:59 +0530] "GET /kupcq/public/new-assets/img/prospectus/classroom HTTP/2" 200 14299 "-" "Mozilla/5.0 AppleWebKit/537.36 (KHTML, like Gecko; compatible; bingbot/2.0; +http://www.bing.com/bingbot.htm) Chrome/116.0.1938.76 Safari/537.36"
216.73.216.40 - - [12/Jul/2025:17:48:09 +0530] "GET /operf/public/new-assets/favicon/favicon-96x96.png HTTP/2" 200 13298 "-" "Mozilla/5.0 AppleWebKit/537.36 (KHTML, like Gecko; compatible; ClaudeBot/1.0; +claudebot@anthropic.com)"
216.73.216.40 - - [12/Jul/2025:17:48:39 +0530] "GET /zftkl/public/new-assets/favicon/apple-touch-icon.png HTTP/2" 200 13305 "-" "Mozilla/5.0 AppleWebKit/537.36 (KHTML, like Gecko; compatible; ClaudeBot/1.0; +claudebot@anthropic.com)"
216.73.216.40 - - [12/Jul/2025:17:49:13 +0530] "GET /odwye/public/img/holiday-notice.pdf HTTP/2" 200 13281 "-" "Mozilla/5.0 AppleWebKit/537.36 (KHTML, like Gecko; compatible; ClaudeBot/1.0; +claudebot@anthropic.com)"
216.73.216.40 - - [12/Jul/2025:17:49:46 +0530] "GET /czkho/public/new-assets/img/sikshapedia-prefferd-college-icon.png HTTP/2" 200 13297 "-" "Mozilla/5.0 AppleWebKit/537.36 (KHTML, like Gecko; compatible; ClaudeBot/1.0; +claudebot@anthropic.com)"
207.46.13.127 - - [12/Jul/2025:17:50:10 +0530] "GET /msdac/refund-policy HTTP/2" 200 13782 "-" "Mozilla/5.0 AppleWebKit/537.36 (KHTML, like Gecko; compatible; bingbot/2.0; +http://www.bing.com/bingbot.htm) Chrome/116.0.1938.76 Safari/537.36"
216.73.216.40 - - [12/Jul/2025:17:50:29 +0530] "GET /rirdo/public/new-assets/favicon/apple-touch-icon.png HTTP/2" 200 13305 "-" "Mozilla/5.0 AppleWebKit/537.36 (KHTML, like Gecko; compatible; ClaudeBot/1.0; +claudebot@anthropic.com)"
157.55.39.49 - - [12/Jul/2025:17:51:01 +0530] "GET /oxoax/public/upload/document/affiliation/public/new-assets/img/prospectus/d-pharm HTTP/2" 200 14627 "-" "Mozilla/5.0 AppleWebKit/537.36 (KHTML, like Gecko; compatible; bingbot/2.0; +http://www.bing.com/bingbot.htm) Chrome/116.0.1938.76 Safari/537.36"
216.73.216.40 - - [12/Jul/2025:17:51:18 +0530] "GET /xvcle/public/new-assets/favicon/apple-touch-icon.png HTTP/2" 200 13451 "-" "Mozilla/5.0 AppleWebKit/537.36 (KHTML, like Gecko; compatible; ClaudeBot/1.0; +claudebot@anthropic.com)"
52.167.144.236 - - [12/Jul/2025:17:51:22 +0530] "GET /vigze/public/upload/document/affiliation/gallery HTTP/2" 200 15114 "-" "Mozilla/5.0 AppleWebKit/537.36 (KHTML, like Gecko; compatible; bingbot/2.0; +http://www.bing.com/bingbot.htm) Chrome/116.0.1938.76 Safari/537.36"
52.167.144.186 - - [12/Jul/2025:17:51:38 +0530] "GET /wofgm/public/upload/document/recognization/prospectus-bpharma HTTP/2" 200 13280 "-" "Mozilla/5.0 AppleWebKit/537.36 (KHTML, like Gecko; compatible; bingbot/2.0; +http://www.bing.com/bingbot.htm) Chrome/116.0.1938.76 Safari/537.36"
216.73.216.40 - - [12/Jul/2025:17:52:00 +0530] "GET /xwugu/d-pharm HTTP/2" 200 14627 "-" "Mozilla/5.0 AppleWebKit/537.36 (KHTML, like Gecko; compatible; ClaudeBot/1.0; +claudebot@anthropic.com)"
207.46.13.127 - - [12/Jul/2025:17:52:11 +0530] "GET /rbund/public/upload/document/affiliation/public/img/rmpharma/refund-policy HTTP/2" 200 13782 "-" "Mozilla/5.0 AppleWebKit/537.36 (KHTML, like Gecko; compatible; bingbot/2.0; +http://www.bing.com/bingbot.htm) Chrome/116.0.1938.76 Safari/537.36"
157.55.39.48 - - [12/Jul/2025:17:52:21 +0530] "GET /krnbc/public/upload/document/recognization/public/img/rmpharma/contact HTTP/2" 200 14807 "-" "Mozilla/5.0 AppleWebKit/537.36 (KHTML, like Gecko; compatible; bingbot/2.0; +http://www.bing.com/bingbot.htm) Chrome/116.0.1938.76 Safari/537.36"
216.73.216.40 - - [12/Jul/2025:17:52:28 +0530] "GET /czkho/public/new-assets/favicon/favicon-96x96.png HTTP/2" 200 13298 "-" "Mozilla/5.0 AppleWebKit/537.36 (KHTML, like Gecko; compatible; ClaudeBot/1.0; +claudebot@anthropic.com)"
157.55.39.48 - - [12/Jul/2025:17:52:41 +0530] "GET /tgyjp/public/upload/document/recognization/canteen HTTP/2" 200 14129 "-" "Mozilla/5.0 AppleWebKit/537.36 (KHTML, like Gecko; compatible; bingbot/2.0; +http://www.bing.com/bingbot.htm) Chrome/116.0.1938.76 Safari/537.36"
216.73.216.40 - - [12/Jul/2025:17:53:02 +0530] "GET /xwugu/b-pharm HTTP/2" 200 14976 "-" "Mozilla/5.0 AppleWebKit/537.36 (KHTML, like Gecko; compatible; ClaudeBot/1.0; +claudebot@anthropic.com)"
52.167.144.236 - - [12/Jul/2025:17:53:12 +0530] "GET /vexhi/public/upload/document/affiliation/public/upload/document/recognization/prospectus-dpharma HTTP/2" 200 13280 "-" "Mozilla/5.0 AppleWebKit/537.36 (KHTML, like Gecko; compatible; bingbot/2.0; +http://www.bing.com/bingbot.htm) Chrome/116.0.1938.76 Safari/537.36"
40.77.167.54 - - [12/Jul/2025:17:53:28 +0530] "GET /hsmdw/public/upload/document/affiliation/privacy-policy HTTP/2" 200 18646 "-" "Mozilla/5.0 AppleWebKit/537.36 (KHTML, like Gecko; compatible; bingbot/2.0; +http://www.bing.com/bingbot.htm) Chrome/116.0.1938.76 Safari/537.36"
216.73.216.40 - - [12/Jul/2025:17:53:36 +0530] "GET /odwye/d-pharm HTTP/2" 200 14627 "-" "Mozilla/5.0 AppleWebKit/537.36 (KHTML, like Gecko; compatible; ClaudeBot/1.0; +claudebot@anthropic.com)"
157.55.39.49 - - [12/Jul/2025:17:53:41 +0530] "GET /yulrs/refund-policy HTTP/2" 200 13782 "-" "Mozilla/5.0 AppleWebKit/537.36 (KHTML, like Gecko; compatible; bingbot/2.0; +http://www.bing.com/bingbot.htm) Chrome/116.0.1938.76 Safari/537.36"
216.73.216.40 - - [12/Jul/2025:17:54:08 +0530] "GET /odwye/b-pharm HTTP/2" 200 14976 "-" "Mozilla/5.0 AppleWebKit/537.36 (KHTML, like Gecko; compatible; ClaudeBot/1.0; +claudebot@anthropic.com)"
157.55.39.49 - - [12/Jul/2025:17:54:21 +0530] "GET /exffu/privacy-policy HTTP/2" 200 18693 "-" "Mozilla/5.0 AppleWebKit/537.36 (KHTML, like Gecko; compatible; bingbot/2.0; +http://www.bing.com/bingbot.htm) Chrome/116.0.1938.76 Safari/537.36"
157.55.39.48 - - [12/Jul/2025:17:54:41 +0530] "GET /uapie/public/img/rmpharma/public/new-assets/img/prospectus/refund-policy HTTP/2" 200 13782 "-" "Mozilla/5.0 AppleWebKit/537.36 (KHTML, like Gecko; compatible; bingbot/2.0; +http://www.bing.com/bingbot.htm) Chrome/116.0.1938.76 Safari/537.36"
216.73.216.40 - - [12/Jul/2025:17:54:41 +0530] "GET /zftkl/public/new-assets/img/sikshapedia-prefferd-college-icon.png HTTP/2" 200 13297 "-" "Mozilla/5.0 AppleWebKit/537.36 (KHTML, like Gecko; compatible; ClaudeBot/1.0; +claudebot@anthropic.com)"
157.55.39.48 - - [12/Jul/2025:17:55:02 +0530] "GET /dfout/public/img/rmpharma/product-service-details HTTP/2" 200 13327 "-" "Mozilla/5.0 AppleWebKit/537.36 (KHTML, like Gecko; compatible; bingbot/2.0; +http://www.bing.com/bingbot.htm) Chrome/116.0.1938.76 Safari/537.36"
216.73.216.40 - - [12/Jul/2025:17:55:24 +0530] "GET /xwugu/public/new-assets/favicon/apple-touch-icon.png HTTP/2" 200 13305 "-" "Mozilla/5.0 AppleWebKit/537.36 (KHTML, like Gecko; compatible; ClaudeBot/1.0; +claudebot@anthropic.com)"
216.73.216.40 - - [12/Jul/2025:17:56:04 +0530] "GET /rirdo/public/new-assets/img/sikshapedia-prefferd-college-icon.png HTTP/2" 200 13297 "-" "Mozilla/5.0 AppleWebKit/537.36 (KHTML, like Gecko; compatible; ClaudeBot/1.0; +claudebot@anthropic.com)"
157.55.39.49 - - [12/Jul/2025:17:56:11 +0530] "GET /tnyfy/vision HTTP/2" 200 14110 "-" "Mozilla/5.0 AppleWebKit/537.36 (KHTML, like Gecko; compatible; bingbot/2.0; +http://www.bing.com/bingbot.htm) Chrome/116.0.1938.76 Safari/537.36"
40.77.167.54 - - [12/Jul/2025:17:56:28 +0530] "GET /gdpl/public/upload/document/recognization/public/img/rmpharma/dpharma-prospectus.pdf HTTP/2" 200 13335 "-" "Mozilla/5.0 AppleWebKit/537.36 (KHTML, like Gecko; compatible; bingbot/2.0; +http://www.bing.com/bingbot.htm) Chrome/116.0.1938.76 Safari/537.36"
216.73.216.40 - - [12/Jul/2025:17:56:44 +0530] "GET /xvcle/public/new-assets/img/sikshapedia-prefferd-college-icon.png HTTP/2" 200 13297 "-" "Mozilla/5.0 AppleWebKit/537.36 (KHTML, like Gecko; compatible; ClaudeBot/1.0; +claudebot@anthropic.com)"
216.73.216.40 - - [12/Jul/2025:17:57:48 +0530] "GET /robots.txt HTTP/2" 200 750 "-" "Mozilla/5.0 AppleWebKit/537.36 (KHTML, like Gecko; compatible; ClaudeBot/1.0; +claudebot@anthropic.com)"
216.73.216.40 - - [12/Jul/2025:17:57:48 +0530] "GET /zftkl/public/new-assets/favicon/favicon-96x96.png HTTP/2" 200 13298 "-" "Mozilla/5.0 AppleWebKit/537.36 (KHTML, like Gecko; compatible; ClaudeBot/1.0; +claudebot@anthropic.com)"
40.77.167.54 - - [12/Jul/2025:17:57:49 +0530] "GET /uihtn/public/img/rmpharma/public/new-assets/img/prospectus/library HTTP/2" 200 14218 "-" "Mozilla/5.0 AppleWebKit/537.36 (KHTML, like Gecko; compatible; bingbot/2.0; +http://www.bing.com/bingbot.htm) Chrome/116.0.1938.76 Safari/537.36"
40.77.167.54 - - [12/Jul/2025:17:57:50 +0530] "GET /phhaq/public/upload/document/affiliation/product-service-details HTTP/2" 200 13343 "-" "Mozilla/5.0 AppleWebKit/537.36 (KHTML, like Gecko; compatible; bingbot/2.0; +http://www.bing.com/bingbot.htm) Chrome/116.0.1938.76 Safari/537.36"
157.55.39.49 - - [12/Jul/2025:17:58:01 +0530] "GET /coere/public/img/rmpharma/prospectus-bpharma HTTP/2" 200 13280 "-" "Mozilla/5.0 AppleWebKit/537.36 (KHTML, like Gecko; compatible; bingbot/2.0; +http://www.bing.com/bingbot.htm) Chrome/116.0.1938.76 Safari/537.36"
40.77.167.5 - - [12/Jul/2025:17:58:24 +0530] "GET /icswc/public/img/rmpharma/public/img/mission HTTP/2" 200 14379 "-" "Mozilla/5.0 AppleWebKit/537.36 (KHTML, like Gecko; compatible; bingbot/2.0; +http://www.bing.com/bingbot.htm) Chrome/116.0.1938.76 Safari/537.36"
40.77.167.54 - - [12/Jul/2025:17:58:29 +0530] "GET /tskxj/public/img/rmpharma/public/new-assets/img/prospectus/vision HTTP/2" 200 14122 "-" "Mozilla/5.0 AppleWebKit/537.36 (KHTML, like Gecko; compatible; bingbot/2.0; +http://www.bing.com/bingbot.htm) Chrome/116.0.1938.76 Safari/537.36"
216.73.216.40 - - [12/Jul/2025:17:58:33 +0530] "GET /rirdo/public/new-assets/favicon/favicon-96x96.png HTTP/2" 200 13305 "-" "Mozilla/5.0 AppleWebKit/537.36 (KHTML, like Gecko; compatible; ClaudeBot/1.0; +claudebot@anthropic.com)"
216.73.216.40 - - [12/Jul/2025:17:59:12 +0530] "GET /xwugu/public/new-assets/img/sikshapedia-prefferd-college-icon.png HTTP/2" 200 13347 "-" "Mozilla/5.0 AppleWebKit/537.36 (KHTML, like Gecko; compatible; ClaudeBot/1.0; +claudebot@anthropic.com)"
40.77.167.54 - - [12/Jul/2025:17:59:30 +0530] "GET /yupib/public/img/rmpharma/public/upload/document/affiliation/prospectus-dpharma HTTP/2" 200 13280 "-" "Mozilla/5.0 AppleWebKit/537.36 (KHTML, like Gecko; compatible; bingbot/2.0; +http://www.bing.com/bingbot.htm) Chrome/116.0.1938.76 Safari/537.36"
52.167.144.147 - - [12/Jul/2025:17:59:39 +0530] "GET /hsdiw/public/upload/document/affiliation/product-service-details HTTP/2" 200 13343 "-" "Mozilla/5.0 AppleWebKit/537.36 (KHTML, like Gecko; compatible; bingbot/2.0; +http://www.bing.com/bingbot.htm) Chrome/116.0.1938.76 Safari/537.36"
216.73.216.40 - - [12/Jul/2025:17:59:58 +0530] "GET /xvcle/public/new-assets/favicon/favicon-96x96.png HTTP/2" 200 13298 "-" "Mozilla/5.0 AppleWebKit/537.36 (KHTML, like Gecko; compatible; ClaudeBot/1.0; +claudebot@anthropic.com)"
52.167.144.147 - - [12/Jul/2025:17:59:59 +0530] "GET /clnvs/public/upload/document/recognization/govt HTTP/2" 200 13297 "-" "Mozilla/5.0 AppleWebKit/537.36 (KHTML, like Gecko; compatible; bingbot/2.0; +http://www.bing.com/bingbot.htm) Chrome/116.0.1938.76 Safari/537.36"
40.77.167.156 - - [12/Jul/2025:18:00:02 +0530] "GET /tdvfl/public/img/rmpharma/canteen HTTP/2" 200 14129 "-" "Mozilla/5.0 AppleWebKit/537.36 (KHTML, like Gecko; compatible; bingbot/2.0; +http://www.bing.com/bingbot.htm) Chrome/116.0.1938.76 Safari/537.36"
216.73.216.40 - - [12/Jul/2025:18:00:25 +0530] "GET /odwye/public/new-assets/img/sikshapedia-prefferd-college-icon.png HTTP/2" 200 13297 "-" "Mozilla/5.0 AppleWebKit/537.36 (KHTML, like Gecko; compatible; ClaudeBot/1.0; +claudebot@anthropic.com)"
40.77.167.54 - - [12/Jul/2025:17:56:58 +0530] "GET /mutwb/public/upload/document/recognization/product-service-details HTTP/2" 200 13343 "-" "Mozilla/5.0 AppleWebKit/537.36 (KHTML, like Gecko; compatible; bingbot/2.0; +http://www.bing.com/bingbot.htm) Chrome/116.0.1938.76 Safari/537.36"
216.73.216.40 - - [12/Jul/2025:17:57:10 +0530] "GET /odwye/public/new-assets/favicon/apple-touch-icon.png HTTP/2" 200 13305 "-" "Mozilla/5.0 AppleWebKit/537.36 (KHTML, like Gecko; compatible; ClaudeBot/1.0; +claudebot@anthropic.com)"
40.77.167.5 - - [12/Jul/2025:18:00:43 +0530] "GET /textr/prospectus-dpharma HTTP/2" 200 13280 "-" "Mozilla/5.0 AppleWebKit/537.36 (KHTML, like Gecko; compatible; bingbot/2.0; +http://www.bing.com/bingbot.htm) Chrome/116.0.1938.76 Safari/537.36"
216.73.216.40 - - [12/Jul/2025:18:00:59 +0530] "GET /xwugu/public/new-assets/favicon/favicon-96x96.png HTTP/2" 200 13298 "-" "Mozilla/5.0 AppleWebKit/537.36 (KHTML, like Gecko; compatible; ClaudeBot/1.0; +claudebot@anthropic.com)"
40.77.167.156 - - [12/Jul/2025:18:01:42 +0530] "GET /gflio/public/upload/document/affiliation/public/upload/document/recognization/product-service-details HTTP/2" 200 13362 "-" "Mozilla/5.0 AppleWebKit/537.36 (KHTML, like Gecko; compatible; bingbot/2.0; +http://www.bing.com/bingbot.htm) Chrome/116.0.1938.76 Safari/537.36"
207.46.13.160 - - [12/Jul/2025:18:01:42 +0530] "GET /brklm/public/img/holiday-notice.pdf HTTP/2" 200 13281 "-" "Mozilla/5.0 AppleWebKit/537.36 (KHTML, like Gecko; compatible; bingbot/2.0; +http://www.bing.com/bingbot.htm) Chrome/116.0.1938.76 Safari/537.36"
216.73.216.40 - - [12/Jul/2025:18:01:44 +0530] "GET /odwye/public/new-assets/favicon/favicon-96x96.png HTTP/2" 200 13298 "-" "Mozilla/5.0 AppleWebKit/537.36 (KHTML, like Gecko; compatible; ClaudeBot/1.0; +claudebot@anthropic.com)"
40.77.167.54 - - [12/Jul/2025:18:01:48 +0530] "GET /titan/public/upload/document/affiliation/terms-condition HTTP/2" 200 23147 "-" "Mozilla/5.0 AppleWebKit/537.36 (KHTML, like Gecko; compatible; bingbot/2.0; +http://www.bing.com/bingbot.htm) Chrome/116.0.1938.76 Safari/537.36"
216.73.216.40 - - [12/Jul/2025:18:02:11 +0530] "GET /operf/public/new-assets/gallery/rangamati_logo.png HTTP/2" 200 13284 "-" "Mozilla/5.0 AppleWebKit/537.36 (KHTML, like Gecko; compatible; ClaudeBot/1.0; +claudebot@anthropic.com)"
52.167.144.147 - - [12/Jul/2025:18:02:29 +0530] "GET /toppm/public/upload/document/affiliation/public/img/rmpharma/b.pharma HTTP/2" 200 13295 "-" "Mozilla/5.0 AppleWebKit/537.36 (KHTML, like Gecko; compatible; bingbot/2.0; +http://www.bing.com/bingbot.htm) Chrome/116.0.1938.76 Safari/537.36"
207.46.13.160 - - [12/Jul/2025:18:02:52 +0530] "GET /tzxjx/public/img/rmpharma/prospectus-dpharma HTTP/2" 200 13280 "-" "Mozilla/5.0 AppleWebKit/537.36 (KHTML, like Gecko; compatible; bingbot/2.0; +http://www.bing.com/bingbot.htm) Chrome/116.0.1938.76 Safari/537.36"
216.73.216.40 - - [12/Jul/2025:18:02:54 +0530] "GET /operf/public/new-assets/img/rangamati_logo.png HTTP/2" 200 13284 "-" "Mozilla/5.0 AppleWebKit/537.36 (KHTML, like Gecko; compatible; ClaudeBot/1.0; +claudebot@anthropic.com)"
216.73.216.40 - - [12/Jul/2025:18:03:25 +0530] "GET /czkho/public/new-assets/gallery/rangamati_logo.png HTTP/2" 200 13284 "-" "Mozilla/5.0 AppleWebKit/537.36 (KHTML, like Gecko; compatible; ClaudeBot/1.0; +claudebot@anthropic.com)"
52.167.144.147 - - [12/Jul/2025:18:03:49 +0530] "GET /yupib/public/upload/document/affiliation/vission-mission HTTP/2" 200 13313 "-" "Mozilla/5.0 AppleWebKit/537.36 (KHTML, like Gecko; compatible; bingbot/2.0; +http://www.bing.com/bingbot.htm) Chrome/116.0.1938.76 Safari/537.36"
216.73.216.40 - - [12/Jul/2025:18:04:03 +0530] "GET /czkho/public/new-assets/img/rangamati_logo.png HTTP/2" 200 13284 "-" "Mozilla/5.0 AppleWebKit/537.36 (KHTML, like Gecko; compatible; ClaudeBot/1.0; +claudebot@anthropic.com)"
52.167.144.147 - - [12/Jul/2025:18:04:29 +0530] "GET /bjder/public/img/rmpharma/public/upload/document/affiliation/privacy-policy HTTP/2" 200 18646 "-" "Mozilla/5.0 AppleWebKit/537.36 (KHTML, like Gecko; compatible; bingbot/2.0; +http://www.bing.com/bingbot.htm) Chrome/116.0.1938.76 Safari/537.36"
216.73.216.40 - - [12/Jul/2025:18:04:36 +0530] "GET /zftkl/public/new-assets/gallery/rangamati_logo.png HTTP/2" 200 13284 "-" "Mozilla/5.0 AppleWebKit/537.36 (KHTML, like Gecko; compatible; ClaudeBot/1.0; +claudebot@anthropic.com)"
40.77.167.156 - - [12/Jul/2025:18:04:42 +0530] "GET /wbbzt/public/upload/document/recognization/b.pharma HTTP/2" 200 13295 "-" "Mozilla/5.0 AppleWebKit/537.36 (KHTML, like Gecko; compatible; bingbot/2.0; +http://www.bing.com/bingbot.htm) Chrome/116.0.1938.76 Safari/537.36"
216.73.216.40 - - [12/Jul/2025:18:05:14 +0530] "GET /zftkl/public/new-assets/img/rangamati_logo.png HTTP/2" 200 13284 "-" "Mozilla/5.0 AppleWebKit/537.36 (KHTML, like Gecko; compatible; ClaudeBot/1.0; +claudebot@anthropic.com)"
207.46.13.160 - - [12/Jul/2025:18:05:43 +0530] "GET /mgqxm/public/img/rmpharma/public/upload/document/affiliation/gallery HTTP/2" 200 15114 "-" "Mozilla/5.0 AppleWebKit/537.36 (KHTML, like Gecko; compatible; bingbot/2.0; +http://www.bing.com/bingbot.htm) Chrome/116.0.1938.76 Safari/537.36"
216.73.216.40 - - [12/Jul/2025:18:05:55 +0530] "GET /rirdo/public/new-assets/gallery/rangamati_logo.png HTTP/2" 200 13289 "-" "Mozilla/5.0 AppleWebKit/537.36 (KHTML, like Gecko; compatible; ClaudeBot/1.0; +claudebot@anthropic.com)"
