74.125.150.130 - - [13/Jul/2025:01:11:12 +0530] "GET /public/new-assets/img/wbnc-logo.png HTTP/1.1" 200 129157 "http://www.rin.org.in/" "Mozilla/5.0 (Macintosh; Intel Mac OS X 10_7_3) AppleWebKit/537.36 (KHTML, like Gecko, Mediapartners-Google) Chrome/137.0.7151.119 Safari/537.36"
74.125.150.129 - - [13/Jul/2025:01:11:12 +0530] "GET /public/new-assets/img/girl-holding-book.png HTTP/1.1" 200 368421 "http://www.rin.org.in/" "Mozilla/5.0 (Linux; Android 4.0.4; Galaxy Nexus Build/IMM76B) AppleWebKit/537.36 (KHTML, like Gecko; Mediapartners-Google) Chrome/137.0.7151.119 Mobile Safari/537.36"
74.125.150.130 - - [13/Jul/2025:01:11:12 +0530] "GET /public/assets/images/convo-images/convo-img-7.jpg HTTP/1.1" 200 154565 "http://www.rin.org.in/" "Mozilla/5.0 (Macintosh; Intel Mac OS X 10_7_3) AppleWebKit/537.36 (KHTML, like Gecko, Mediapartners-Google) Chrome/137.0.7151.119 Safari/537.36"
74.125.150.130 - - [13/Jul/2025:01:11:12 +0530] "GET /public/assets/images/convo-images/convo-img-6.jpg HTTP/1.1" 200 146962 "http://www.rin.org.in/" "Mozilla/5.0 (Macintosh; Intel Mac OS X 10_7_3) AppleWebKit/537.36 (KHTML, like Gecko, Mediapartners-Google) Chrome/137.0.7151.119 Safari/537.36"
74.125.150.130 - - [13/Jul/2025:01:11:12 +0530] "GET /public/assets/images/convo-images/convo-img-1.jpg HTTP/1.1" 200 170530 "http://www.rin.org.in/" "Mozilla/5.0 (Macintosh; Intel Mac OS X 10_7_3) AppleWebKit/537.36 (KHTML, like Gecko, Mediapartners-Google) Chrome/137.0.7151.119 Safari/537.36"
74.125.150.130 - - [13/Jul/2025:01:11:12 +0530] "GET /public/assets/images/convo-images/convo-img-3.jpg HTTP/1.1" 200 147339 "http://www.rin.org.in/" "Mozilla/5.0 (Macintosh; Intel Mac OS X 10_7_3) AppleWebKit/537.36 (KHTML, like Gecko, Mediapartners-Google) Chrome/137.0.7151.119 Safari/537.36"
74.125.150.129 - - [13/Jul/2025:01:11:12 +0530] "GET /public/assets/images/convo-images/convo-img-5.jpg HTTP/1.1" 200 141179 "http://www.rin.org.in/" "Mozilla/5.0 (Macintosh; Intel Mac OS X 10_7_3) AppleWebKit/537.36 (KHTML, like Gecko, Mediapartners-Google) Chrome/137.0.7151.119 Safari/537.36"
74.125.150.131 - - [13/Jul/2025:01:11:11 +0530] "GET /public/new-assets/img/banner.png HTTP/1.1" 200 2259654 "http://www.rin.org.in/" "Mozilla/5.0 (Linux; Android 4.0.4; Galaxy Nexus Build/IMM76B) AppleWebKit/537.36 (KHTML, like Gecko; Mediapartners-Google) Chrome/137.0.7151.119 Mobile Safari/537.36"
74.125.150.131 - - [13/Jul/2025:01:11:12 +0530] "GET /public/new-assets/img/about-section1.gif HTTP/1.1" 200 318354 "http://www.rin.org.in/" "Mozilla/5.0 (Macintosh; Intel Mac OS X 10_7_3) AppleWebKit/537.36 (KHTML, like Gecko, Mediapartners-Google) Chrome/137.0.7151.119 Safari/537.36"
74.125.150.131 - - [13/Jul/2025:01:11:12 +0530] "GET /public/new-assets/img/banner2.png HTTP/1.1" 200 1521147 "http://www.rin.org.in/" "Mozilla/5.0 (Linux; Android 4.0.4; Galaxy Nexus Build/IMM76B) AppleWebKit/537.36 (KHTML, like Gecko; Mediapartners-Google) Chrome/137.0.7151.119 Mobile Safari/537.36"
74.125.150.130 - - [13/Jul/2025:01:11:12 +0530] "GET /public/new-assets/img/girl-holding-book.png HTTP/1.1" 200 368421 "http://www.rin.org.in/" "Mozilla/5.0 (Macintosh; Intel Mac OS X 10_7_3) AppleWebKit/537.36 (KHTML, like Gecko, Mediapartners-Google) Chrome/137.0.7151.119 Safari/537.36"
74.125.150.129 - - [13/Jul/2025:01:11:12 +0530] "GET /public/new-assets/img/banner1.png HTTP/1.1" 200 1543835 "http://www.rin.org.in/" "Mozilla/5.0 (Linux; Android 4.0.4; Galaxy Nexus Build/IMM76B) AppleWebKit/537.36 (KHTML, like Gecko; Mediapartners-Google) Chrome/137.0.7151.119 Mobile Safari/537.36"
74.125.150.129 - - [13/Jul/2025:01:11:12 +0530] "GET /public/new-assets/img/banner.png HTTP/1.1" 200 2259654 "http://www.rin.org.in/" "Mozilla/5.0 (Macintosh; Intel Mac OS X 10_7_3) AppleWebKit/537.36 (KHTML, like Gecko, Mediapartners-Google) Chrome/137.0.7151.119 Safari/537.36"
74.125.150.130 - - [13/Jul/2025:01:11:13 +0530] "GET /public/new-assets/img/inc-logo.webp HTTP/1.1" 200 69033 "http://www.rin.org.in/" "Mozilla/5.0 (Linux; Android 4.0.4; Galaxy Nexus Build/IMM76B) AppleWebKit/537.36 (KHTML, like Gecko; Mediapartners-Google) Chrome/137.0.7151.119 Mobile Safari/537.36"
74.125.150.131 - - [13/Jul/2025:01:11:12 +0530] "GET /public/new-assets/img/banner2.png HTTP/1.1" 200 1521147 "http://www.rin.org.in/" "Mozilla/5.0 (Macintosh; Intel Mac OS X 10_7_3) AppleWebKit/537.36 (KHTML, like Gecko, Mediapartners-Google) Chrome/137.0.7151.119 Safari/537.36"
74.125.150.129 - - [13/Jul/2025:01:11:13 +0530] "GET /public/new-assets/img/sikshapedia_prefferd_college_icon.png HTTP/1.1" 200 46759 "http://www.rin.org.in/" "Mozilla/5.0 (Linux; Android 4.0.4; Galaxy Nexus Build/IMM76B) AppleWebKit/537.36 (KHTML, like Gecko; Mediapartners-Google) Chrome/137.0.7151.119 Mobile Safari/537.36"
74.125.150.131 - - [13/Jul/2025:01:11:13 +0530] "GET /public/new-assets/img/top-arrow.svg HTTP/1.1" 200 263 "http://www.rin.org.in/" "Mozilla/5.0 (Macintosh; Intel Mac OS X 10_7_3) AppleWebKit/537.36 (KHTML, like Gecko, Mediapartners-Google) Chrome/137.0.7151.119 Safari/537.36"
74.125.150.131 - - [13/Jul/2025:01:11:13 +0530] "GET /public/new-assets/fonts/Metropolis-Medium.woff2 HTTP/1.1" 200 74 "http://www.rin.org.in/public/new-assets/css/style.css" "Mozilla/5.0 (Macintosh; Intel Mac OS X 10_7_3) AppleWebKit/537.36 (KHTML, like Gecko, Mediapartners-Google) Chrome/137.0.7151.119 Safari/537.36"
74.125.150.129 - - [13/Jul/2025:01:11:13 +0530] "GET /public/new-assets/fonts/Metropolis-Bold.woff2 HTTP/1.1" 200 72 "http://www.rin.org.in/public/new-assets/css/style.css" "Mozilla/5.0 (Macintosh; Intel Mac OS X 10_7_3) AppleWebKit/537.36 (KHTML, like Gecko, Mediapartners-Google) Chrome/137.0.7151.119 Safari/537.36"
74.125.150.129 - - [13/Jul/2025:01:11:13 +0530] "GET /public/new-assets/fonts/Metropolis-Light.woff2 HTTP/1.1" 200 73 "http://www.rin.org.in/public/new-assets/css/style.css" "Mozilla/5.0 (Macintosh; Intel Mac OS X 10_7_3) AppleWebKit/537.36 (KHTML, like Gecko, Mediapartners-Google) Chrome/137.0.7151.119 Safari/537.36"
74.125.150.129 - - [13/Jul/2025:01:11:13 +0530] "GET /public/new-assets/fonts/StayClassySLDT.woff2 HTTP/1.1" 200 71 "http://www.rin.org.in/public/new-assets/css/style.css" "Mozilla/5.0 (Macintosh; Intel Mac OS X 10_7_3) AppleWebKit/537.36 (KHTML, like Gecko, Mediapartners-Google) Chrome/137.0.7151.119 Safari/537.36"
74.125.150.129 - - [13/Jul/2025:01:11:13 +0530] "GET /public/new-assets/fonts/Metropolis-Black.woff2 HTTP/1.1" 200 73 "http://www.rin.org.in/public/new-assets/css/style.css" "Mozilla/5.0 (Macintosh; Intel Mac OS X 10_7_3) AppleWebKit/537.36 (KHTML, like Gecko, Mediapartners-Google) Chrome/137.0.7151.119 Safari/537.36"
74.125.150.129 - - [13/Jul/2025:01:11:13 +0530] "GET /public/new-assets/img/top-arrow.svg HTTP/1.1" 200 263 "http://www.rin.org.in/" "Mozilla/5.0 (Linux; Android 4.0.4; Galaxy Nexus Build/IMM76B) AppleWebKit/537.36 (KHTML, like Gecko; Mediapartners-Google) Chrome/137.0.7151.119 Mobile Safari/537.36"
74.125.150.131 - - [13/Jul/2025:01:11:13 +0530] "GET /public/new-assets/fonts/Metropolis-Black.woff2 HTTP/1.1" 200 73 "http://www.rin.org.in/public/new-assets/css/style.css" "Mozilla/5.0 (Linux; Android 4.0.4; Galaxy Nexus Build/IMM76B) AppleWebKit/537.36 (KHTML, like Gecko; Mediapartners-Google) Chrome/137.0.7151.119 Mobile Safari/537.36"
74.125.150.129 - - [13/Jul/2025:01:11:13 +0530] "GET /public/new-assets/fonts/StayClassySLDT.woff2 HTTP/1.1" 200 71 "http://www.rin.org.in/public/new-assets/css/style.css" "Mozilla/5.0 (Linux; Android 4.0.4; Galaxy Nexus Build/IMM76B) AppleWebKit/537.36 (KHTML, like Gecko; Mediapartners-Google) Chrome/137.0.7151.119 Mobile Safari/537.36"
74.125.150.129 - - [13/Jul/2025:01:11:13 +0530] "GET /public/new-assets/fonts/Metropolis-Medium.woff2 HTTP/1.1" 200 74 "http://www.rin.org.in/public/new-assets/css/style.css" "Mozilla/5.0 (Linux; Android 4.0.4; Galaxy Nexus Build/IMM76B) AppleWebKit/537.36 (KHTML, like Gecko; Mediapartners-Google) Chrome/137.0.7151.119 Mobile Safari/537.36"
74.125.150.131 - - [13/Jul/2025:01:11:13 +0530] "GET /public/new-assets/fonts/Metropolis-Bold.woff2 HTTP/1.1" 200 72 "http://www.rin.org.in/public/new-assets/css/style.css" "Mozilla/5.0 (Linux; Android 4.0.4; Galaxy Nexus Build/IMM76B) AppleWebKit/537.36 (KHTML, like Gecko; Mediapartners-Google) Chrome/137.0.7151.119 Mobile Safari/537.36"
74.125.150.131 - - [13/Jul/2025:01:11:13 +0530] "GET /public/new-assets/fonts/Metropolis-Light.woff2 HTTP/1.1" 200 73 "http://www.rin.org.in/public/new-assets/css/style.css" "Mozilla/5.0 (Linux; Android 4.0.4; Galaxy Nexus Build/IMM76B) AppleWebKit/537.36 (KHTML, like Gecko; Mediapartners-Google) Chrome/137.0.7151.119 Mobile Safari/537.36"
74.125.150.130 - - [13/Jul/2025:01:11:13 +0530] "GET /public/new-assets/fonts/Metropolis-Regular.woff2 HTTP/1.1" 200 75 "http://www.rin.org.in/public/new-assets/css/style.css" "Mozilla/5.0 (Linux; Android 4.0.4; Galaxy Nexus Build/IMM76B) AppleWebKit/537.36 (KHTML, like Gecko; Mediapartners-Google) Chrome/137.0.7151.119 Mobile Safari/537.36"
74.125.150.131 - - [13/Jul/2025:01:11:13 +0530] "GET /public/new-assets/img/angle-left.svg HTTP/1.1" 200 281 "http://www.rin.org.in/" "Mozilla/5.0 (Macintosh; Intel Mac OS X 10_7_3) AppleWebKit/537.36 (KHTML, like Gecko, Mediapartners-Google) Chrome/137.0.7151.119 Safari/537.36"
74.125.150.131 - - [13/Jul/2025:01:11:13 +0530] "GET /public/new-assets/img/angle-right.svg HTTP/1.1" 200 273 "http://www.rin.org.in/" "Mozilla/5.0 (Linux; Android 4.0.4; Galaxy Nexus Build/IMM76B) AppleWebKit/537.36 (KHTML, like Gecko; Mediapartners-Google) Chrome/137.0.7151.119 Mobile Safari/537.36"
74.125.150.130 - - [13/Jul/2025:01:11:12 +0530] "GET /public/new-assets/img/banner1.png HTTP/1.1" 200 1543835 "http://www.rin.org.in/" "Mozilla/5.0 (Macintosh; Intel Mac OS X 10_7_3) AppleWebKit/537.36 (KHTML, like Gecko, Mediapartners-Google) Chrome/137.0.7151.119 Safari/537.36"
74.125.150.130 - - [13/Jul/2025:01:11:13 +0530] "GET /public/new-assets/img/angle-left.svg HTTP/1.1" 200 281 "http://www.rin.org.in/" "Mozilla/5.0 (Linux; Android 4.0.4; Galaxy Nexus Build/IMM76B) AppleWebKit/537.36 (KHTML, like Gecko; Mediapartners-Google) Chrome/137.0.7151.119 Mobile Safari/537.36"
74.125.150.129 - - [13/Jul/2025:01:11:13 +0530] "GET /public/new-assets/fonts/Metropolis-Light.woff HTTP/1.1" 200 18056 "http://www.rin.org.in/public/new-assets/css/style.css" "Mozilla/5.0 (Macintosh; Intel Mac OS X 10_7_3) AppleWebKit/537.36 (KHTML, like Gecko, Mediapartners-Google) Chrome/137.0.7151.119 Safari/537.36"
74.125.150.129 - - [13/Jul/2025:01:11:14 +0530] "GET /public/new-assets/fonts/Metropolis-Medium.woff HTTP/1.1" 200 18324 "http://www.rin.org.in/public/new-assets/css/style.css" "Mozilla/5.0 (Macintosh; Intel Mac OS X 10_7_3) AppleWebKit/537.36 (KHTML, like Gecko, Mediapartners-Google) Chrome/137.0.7151.119 Safari/537.36"
74.125.150.129 - - [13/Jul/2025:01:11:14 +0530] "GET /public/new-assets/fonts/Metropolis-Black.woff HTTP/1.1" 200 18032 "http://www.rin.org.in/public/new-assets/css/style.css" "Mozilla/5.0 (Macintosh; Intel Mac OS X 10_7_3) AppleWebKit/537.36 (KHTML, like Gecko, Mediapartners-Google) Chrome/137.0.7151.119 Safari/537.36"
74.125.150.131 - - [13/Jul/2025:01:11:14 +0530] "GET /public/new-assets/fonts/Metropolis-Medium.woff HTTP/1.1" 200 18324 "http://www.rin.org.in/public/new-assets/css/style.css" "Mozilla/5.0 (Linux; Android 4.0.4; Galaxy Nexus Build/IMM76B) AppleWebKit/537.36 (KHTML, like Gecko; Mediapartners-Google) Chrome/137.0.7151.119 Mobile Safari/537.36"
74.125.150.129 - - [13/Jul/2025:01:11:14 +0530] "GET /public/new-assets/fonts/Metropolis-Black.woff HTTP/1.1" 200 18032 "http://www.rin.org.in/public/new-assets/css/style.css" "Mozilla/5.0 (Linux; Android 4.0.4; Galaxy Nexus Build/IMM76B) AppleWebKit/537.36 (KHTML, like Gecko; Mediapartners-Google) Chrome/137.0.7151.119 Mobile Safari/537.36"
74.125.150.131 - - [13/Jul/2025:01:11:14 +0530] "GET /public/new-assets/fonts/Metropolis-Bold.woff HTTP/1.1" 200 18272 "http://www.rin.org.in/public/new-assets/css/style.css" "Mozilla/5.0 (Macintosh; Intel Mac OS X 10_7_3) AppleWebKit/537.36 (KHTML, like Gecko, Mediapartners-Google) Chrome/137.0.7151.119 Safari/537.36"
74.125.150.130 - - [13/Jul/2025:01:11:14 +0530] "GET /public/new-assets/fonts/StayClassySLDT.woff HTTP/1.1" 200 68780 "http://www.rin.org.in/public/new-assets/css/style.css" "Mozilla/5.0 (Macintosh; Intel Mac OS X 10_7_3) AppleWebKit/537.36 (KHTML, like Gecko, Mediapartners-Google) Chrome/137.0.7151.119 Safari/537.36"
74.125.150.130 - - [13/Jul/2025:01:11:14 +0530] "GET /public/new-assets/fonts/StayClassySLDT.woff HTTP/1.1" 200 68780 "http://www.rin.org.in/public/new-assets/css/style.css" "Mozilla/5.0 (Linux; Android 4.0.4; Galaxy Nexus Build/IMM76B) AppleWebKit/537.36 (KHTML, like Gecko; Mediapartners-Google) Chrome/137.0.7151.119 Mobile Safari/537.36"
74.125.150.129 - - [13/Jul/2025:01:11:14 +0530] "GET /public/new-assets/fonts/Metropolis-Bold.woff HTTP/1.1" 200 18272 "http://www.rin.org.in/public/new-assets/css/style.css" "Mozilla/5.0 (Linux; Android 4.0.4; Galaxy Nexus Build/IMM76B) AppleWebKit/537.36 (KHTML, like Gecko; Mediapartners-Google) Chrome/137.0.7151.119 Mobile Safari/537.36"
74.125.150.131 - - [13/Jul/2025:01:11:14 +0530] "GET /public/new-assets/fonts/Metropolis-Light.woff HTTP/1.1" 200 18056 "http://www.rin.org.in/public/new-assets/css/style.css" "Mozilla/5.0 (Linux; Android 4.0.4; Galaxy Nexus Build/IMM76B) AppleWebKit/537.36 (KHTML, like Gecko; Mediapartners-Google) Chrome/137.0.7151.119 Mobile Safari/537.36"
74.125.150.129 - - [13/Jul/2025:01:11:14 +0530] "GET /public/new-assets/fonts/Metropolis-Regular.woff HTTP/1.1" 200 18180 "http://www.rin.org.in/public/new-assets/css/style.css" "Mozilla/5.0 (Linux; Android 4.0.4; Galaxy Nexus Build/IMM76B) AppleWebKit/537.36 (KHTML, like Gecko; Mediapartners-Google) Chrome/137.0.7151.119 Mobile Safari/537.36"
74.125.150.131 - - [13/Jul/2025:01:11:14 +0530] "GET /public/new-assets/fonts/Metropolis-Regular.woff2 HTTP/1.1" 200 75 "http://www.rin.org.in/public/new-assets/css/style.css" "Mozilla/5.0 (Macintosh; Intel Mac OS X 10_7_3) AppleWebKit/537.36 (KHTML, like Gecko, Mediapartners-Google) Chrome/137.0.7151.119 Safari/537.36"
74.125.150.131 - - [13/Jul/2025:01:11:14 +0530] "GET /public/new-assets/img/angle-right.svg HTTP/1.1" 200 273 "http://www.rin.org.in/" "Mozilla/5.0 (Macintosh; Intel Mac OS X 10_7_3) AppleWebKit/537.36 (KHTML, like Gecko, Mediapartners-Google) Chrome/137.0.7151.119 Safari/537.36"
74.125.150.129 - - [13/Jul/2025:01:11:14 +0530] "GET /public/new-assets/fonts/Metropolis-Regular.woff HTTP/1.1" 200 18180 "http://www.rin.org.in/public/new-assets/css/style.css" "Mozilla/5.0 (Macintosh; Intel Mac OS X 10_7_3) AppleWebKit/537.36 (KHTML, like Gecko, Mediapartners-Google) Chrome/137.0.7151.119 Safari/537.36"
74.125.150.5 - - [13/Jul/2025:01:11:17 +0530] "GET / HTTP/1.1" 200 21518 "-" "Mozilla/5.0 (Macintosh; Intel Mac OS X 10_7_3) AppleWebKit/537.36 (KHTML, like Gecko, Mediapartners-Google) Chrome/137.0.7151.119 Safari/537.36"
74.125.150.6 - - [13/Jul/2025:01:11:18 +0530] "GET / HTTP/1.1" 200 21518 "-" "Mozilla/5.0 (Linux; Android 4.0.4; Galaxy Nexus Build/IMM76B) AppleWebKit/537.36 (KHTML, like Gecko; Mediapartners-Google) Chrome/137.0.7151.119 Mobile Safari/537.36"
74.125.150.5 - - [13/Jul/2025:01:11:18 +0530] "GET /public/new-assets/css/style.css HTTP/1.1" 200 38994 "http://rin.org.in/" "Mozilla/5.0 (Macintosh; Intel Mac OS X 10_7_3) AppleWebKit/537.36 (KHTML, like Gecko, Mediapartners-Google) Chrome/137.0.7151.119 Safari/537.36"
74.125.150.6 - - [13/Jul/2025:01:11:18 +0530] "GET /public/new-assets/css/timercss.css HTTP/1.1" 200 909 "http://rin.org.in/" "Mozilla/5.0 (Macintosh; Intel Mac OS X 10_7_3) AppleWebKit/537.36 (KHTML, like Gecko, Mediapartners-Google) Chrome/137.0.7151.119 Safari/537.36"
74.125.150.6 - - [13/Jul/2025:01:11:18 +0530] "GET /public/new-assets/css/jquery.fancybox.min.css HTTP/1.1" 200 3150 "http://rin.org.in/" "Mozilla/5.0 (Macintosh; Intel Mac OS X 10_7_3) AppleWebKit/537.36 (KHTML, like Gecko, Mediapartners-Google) Chrome/137.0.7151.119 Safari/537.36"
74.125.150.5 - - [13/Jul/2025:01:11:18 +0530] "GET /public/assets/css/gallery-style.css HTTP/1.1" 200 689 "http://rin.org.in/" "Mozilla/5.0 (Macintosh; Intel Mac OS X 10_7_3) AppleWebKit/537.36 (KHTML, like Gecko, Mediapartners-Google) Chrome/137.0.7151.119 Safari/537.36"
74.125.150.6 - - [13/Jul/2025:01:11:18 +0530] "GET /public/new-assets/css/style.css HTTP/1.1" 200 38994 "http://rin.org.in/" "Mozilla/5.0 (Linux; Android 4.0.4; Galaxy Nexus Build/IMM76B) AppleWebKit/537.36 (KHTML, like Gecko; Mediapartners-Google) Chrome/137.0.7151.119 Mobile Safari/537.36"
74.125.150.6 - - [13/Jul/2025:01:11:18 +0530] "GET /public/new-assets/img/menu-burger.svg HTTP/1.1" 200 138 "http://rin.org.in/" "Mozilla/5.0 (Macintosh; Intel Mac OS X 10_7_3) AppleWebKit/537.36 (KHTML, like Gecko, Mediapartners-Google) Chrome/137.0.7151.119 Safari/537.36"
74.125.150.5 - - [13/Jul/2025:01:11:18 +0530] "GET /public/new-assets/css/timercss.css HTTP/1.1" 200 909 "http://rin.org.in/" "Mozilla/5.0 (Linux; Android 4.0.4; Galaxy Nexus Build/IMM76B) AppleWebKit/537.36 (KHTML, like Gecko; Mediapartners-Google) Chrome/137.0.7151.119 Mobile Safari/537.36"
74.125.150.6 - - [13/Jul/2025:01:11:18 +0530] "GET /public/new-assets/img/menu-burger.svg HTTP/1.1" 200 138 "http://rin.org.in/" "Mozilla/5.0 (Linux; Android 4.0.4; Galaxy Nexus Build/IMM76B) AppleWebKit/537.36 (KHTML, like Gecko; Mediapartners-Google) Chrome/137.0.7151.119 Mobile Safari/537.36"
74.125.150.6 - - [13/Jul/2025:01:11:18 +0530] "GET /public/assets/css/gallery-style.css HTTP/1.1" 200 689 "http://rin.org.in/" "Mozilla/5.0 (Linux; Android 4.0.4; Galaxy Nexus Build/IMM76B) AppleWebKit/537.36 (KHTML, like Gecko; Mediapartners-Google) Chrome/137.0.7151.119 Mobile Safari/537.36"
74.125.150.6 - - [13/Jul/2025:01:11:18 +0530] "GET /public/new-assets/css/jquery.fancybox.min.css HTTP/1.1" 200 3150 "http://rin.org.in/" "Mozilla/5.0 (Linux; Android 4.0.4; Galaxy Nexus Build/IMM76B) AppleWebKit/537.36 (KHTML, like Gecko; Mediapartners-Google) Chrome/137.0.7151.119 Mobile Safari/537.36"
74.125.150.5 - - [13/Jul/2025:01:11:19 +0530] "GET /public/new-assets/img/customer-support.png HTTP/1.1" 200 3754 "http://rin.org.in/" "Mozilla/5.0 (Macintosh; Intel Mac OS X 10_7_3) AppleWebKit/537.36 (KHTML, like Gecko, Mediapartners-Google) Chrome/137.0.7151.119 Safari/537.36"
74.125.150.6 - - [13/Jul/2025:01:11:18 +0530] "GET /public/new-assets/img/rangamati-nursing.png HTTP/1.1" 200 174672 "http://rin.org.in/" "Mozilla/5.0 (Macintosh; Intel Mac OS X 10_7_3) AppleWebKit/537.36 (KHTML, like Gecko, Mediapartners-Google) Chrome/137.0.7151.119 Safari/537.36"
74.125.150.5 - - [13/Jul/2025:01:11:19 +0530] "GET /public/new-assets/js/owl.carousel.min.js HTTP/1.1" 200 11139 "http://rin.org.in/" "Mozilla/5.0 (Macintosh; Intel Mac OS X 10_7_3) AppleWebKit/537.36 (KHTML, like Gecko, Mediapartners-Google) Chrome/137.0.7151.119 Safari/537.36"
74.125.150.5 - - [13/Jul/2025:01:11:18 +0530] "GET /public/assets/images/convo-images/convo-img-6.jpg HTTP/1.1" 200 146962 "http://rin.org.in/" "Mozilla/5.0 (Macintosh; Intel Mac OS X 10_7_3) AppleWebKit/537.36 (KHTML, like Gecko, Mediapartners-Google) Chrome/137.0.7151.119 Safari/537.36"
74.125.150.6 - - [13/Jul/2025:01:11:19 +0530] "GET /public/new-assets/img/inc-logo.webp HTTP/1.1" 200 69033 "http://rin.org.in/" "Mozilla/5.0 (Macintosh; Intel Mac OS X 10_7_3) AppleWebKit/537.36 (KHTML, like Gecko, Mediapartners-Google) Chrome/137.0.7151.119 Safari/537.36"
74.125.150.6 - - [13/Jul/2025:01:11:19 +0530] "GET /public/assets/js/jquery-migrate-3.4.0.min.js HTTP/1.1" 200 4603 "http://rin.org.in/" "Mozilla/5.0 (Macintosh; Intel Mac OS X 10_7_3) AppleWebKit/537.36 (KHTML, like Gecko, Mediapartners-Google) Chrome/137.0.7151.119 Safari/537.36"
74.125.150.5 - - [13/Jul/2025:01:11:19 +0530] "GET /public/new-assets/js/jquery.fancybox.min.js HTTP/1.1" 200 21006 "http://rin.org.in/" "Mozilla/5.0 (Macintosh; Intel Mac OS X 10_7_3) AppleWebKit/537.36 (KHTML, like Gecko, Mediapartners-Google) Chrome/137.0.7151.119 Safari/537.36"
74.125.150.6 - - [13/Jul/2025:01:11:19 +0530] "GET /public/assets/js/modernizr.custom.26633.js HTTP/1.1" 200 3913 "http://rin.org.in/" "Mozilla/5.0 (Macintosh; Intel Mac OS X 10_7_3) AppleWebKit/537.36 (KHTML, like Gecko, Mediapartners-Google) Chrome/137.0.7151.119 Safari/537.36"
74.125.150.5 - - [13/Jul/2025:01:11:19 +0530] "GET /public/assets/js/jquery.gridrotator.js HTTP/1.1" 200 5320 "http://rin.org.in/" "Mozilla/5.0 (Macintosh; Intel Mac OS X 10_7_3) AppleWebKit/537.36 (KHTML, like Gecko, Mediapartners-Google) Chrome/137.0.7151.119 Safari/537.36"
74.125.150.5 - - [13/Jul/2025:01:11:19 +0530] "GET /public/node_modules/bootstrap/dist/js/bootstrap.bundle.js HTTP/1.1" 200 41763 "http://rin.org.in/" "Mozilla/5.0 (Macintosh; Intel Mac OS X 10_7_3) AppleWebKit/537.36 (KHTML, like Gecko, Mediapartners-Google) Chrome/137.0.7151.119 Safari/537.36"
74.125.150.5 - - [13/Jul/2025:01:11:19 +0530] "GET /public/new-assets/img/sikshapedia_prefferd_college_icon.png HTTP/1.1" 200 46759 "http://rin.org.in/" "Mozilla/5.0 (Macintosh; Intel Mac OS X 10_7_3) AppleWebKit/537.36 (KHTML, like Gecko, Mediapartners-Google) Chrome/137.0.7151.119 Safari/537.36"
74.125.150.5 - - [13/Jul/2025:01:11:19 +0530] "GET /public/assets/js/modernizr.custom.26633.js HTTP/1.1" 200 3913 "http://rin.org.in/" "Mozilla/5.0 (Linux; Android 4.0.4; Galaxy Nexus Build/IMM76B) AppleWebKit/537.36 (KHTML, like Gecko; Mediapartners-Google) Chrome/137.0.7151.119 Mobile Safari/537.36"
74.125.150.5 - - [13/Jul/2025:01:11:19 +0530] "GET /public/node_modules/bootstrap/dist/js/bootstrap.bundle.js HTTP/1.1" 200 41763 "http://rin.org.in/" "Mozilla/5.0 (Linux; Android 4.0.4; Galaxy Nexus Build/IMM76B) AppleWebKit/537.36 (KHTML, like Gecko; Mediapartners-Google) Chrome/137.0.7151.119 Mobile Safari/537.36"
74.125.150.6 - - [13/Jul/2025:01:11:19 +0530] "GET /public/assets/js/jquery.gridrotator.js HTTP/1.1" 200 5320 "http://rin.org.in/" "Mozilla/5.0 (Linux; Android 4.0.4; Galaxy Nexus Build/IMM76B) AppleWebKit/537.36 (KHTML, like Gecko; Mediapartners-Google) Chrome/137.0.7151.119 Mobile Safari/537.36"
74.125.150.5 - - [13/Jul/2025:01:11:18 +0530] "GET /public/new-assets/img/rangamati-nursing.png HTTP/1.1" 200 174672 "http://rin.org.in/" "Mozilla/5.0 (Linux; Android 4.0.4; Galaxy Nexus Build/IMM76B) AppleWebKit/537.36 (KHTML, like Gecko; Mediapartners-Google) Chrome/137.0.7151.119 Mobile Safari/537.36"
74.125.150.6 - - [13/Jul/2025:01:11:19 +0530] "GET /public/new-assets/img/wbnc-logo.png HTTP/1.1" 200 129157 "http://rin.org.in/" "Mozilla/5.0 (Macintosh; Intel Mac OS X 10_7_3) AppleWebKit/537.36 (KHTML, like Gecko, Mediapartners-Google) Chrome/137.0.7151.119 Safari/537.36"
74.125.150.6 - - [13/Jul/2025:01:11:19 +0530] "GET /public/assets/images/convo-images/convo-img-1.jpg HTTP/1.1" 200 170530 "http://rin.org.in/" "Mozilla/5.0 (Macintosh; Intel Mac OS X 10_7_3) AppleWebKit/537.36 (KHTML, like Gecko, Mediapartners-Google) Chrome/137.0.7151.119 Safari/537.36"
74.125.150.6 - - [13/Jul/2025:01:11:19 +0530] "GET /public/new-assets/js/jquery.fancybox.min.js HTTP/1.1" 200 21006 "http://rin.org.in/" "Mozilla/5.0 (Linux; Android 4.0.4; Galaxy Nexus Build/IMM76B) AppleWebKit/537.36 (KHTML, like Gecko; Mediapartners-Google) Chrome/137.0.7151.119 Mobile Safari/537.36"
74.125.150.5 - - [13/Jul/2025:01:11:19 +0530] "GET /public/new-assets/js/owl.carousel.min.js HTTP/1.1" 200 11139 "http://rin.org.in/" "Mozilla/5.0 (Linux; Android 4.0.4; Galaxy Nexus Build/IMM76B) AppleWebKit/537.36 (KHTML, like Gecko; Mediapartners-Google) Chrome/137.0.7151.119 Mobile Safari/537.36"
74.125.150.6 - - [13/Jul/2025:01:11:19 +0530] "GET /public/assets/js/jquery-migrate-3.4.0.min.js HTTP/1.1" 200 4603 "http://rin.org.in/" "Mozilla/5.0 (Linux; Android 4.0.4; Galaxy Nexus Build/IMM76B) AppleWebKit/537.36 (KHTML, like Gecko; Mediapartners-Google) Chrome/137.0.7151.119 Mobile Safari/537.36"
74.125.150.5 - - [13/Jul/2025:01:11:19 +0530] "GET /public/new-assets/img/customer-support.png HTTP/1.1" 200 3754 "http://rin.org.in/" "Mozilla/5.0 (Linux; Android 4.0.4; Galaxy Nexus Build/IMM76B) AppleWebKit/537.36 (KHTML, like Gecko; Mediapartners-Google) Chrome/137.0.7151.119 Mobile Safari/537.36"
74.125.150.5 - - [13/Jul/2025:01:11:19 +0530] "GET /public/new-assets/img/sikshapedia_prefferd_college_icon.png HTTP/1.1" 200 46759 "http://rin.org.in/" "Mozilla/5.0 (Linux; Android 4.0.4; Galaxy Nexus Build/IMM76B) AppleWebKit/537.36 (KHTML, like Gecko; Mediapartners-Google) Chrome/137.0.7151.119 Mobile Safari/537.36"
74.125.150.5 - - [13/Jul/2025:01:11:19 +0530] "GET /public/assets/images/convo-images/convo-img-5.jpg HTTP/1.1" 200 141179 "http://rin.org.in/" "Mozilla/5.0 (Macintosh; Intel Mac OS X 10_7_3) AppleWebKit/537.36 (KHTML, like Gecko, Mediapartners-Google) Chrome/137.0.7151.119 Safari/537.36"
74.125.150.6 - - [13/Jul/2025:01:11:19 +0530] "GET /public/new-assets/img/inc-logo.webp HTTP/1.1" 200 69033 "http://rin.org.in/" "Mozilla/5.0 (Linux; Android 4.0.4; Galaxy Nexus Build/IMM76B) AppleWebKit/537.36 (KHTML, like Gecko; Mediapartners-Google) Chrome/137.0.7151.119 Mobile Safari/537.36"
74.125.150.6 - - [13/Jul/2025:01:11:19 +0530] "GET /public/new-assets/img/diploma-course.jpg HTTP/1.1" 200 115968 "http://rin.org.in/" "Mozilla/5.0 (Macintosh; Intel Mac OS X 10_7_3) AppleWebKit/537.36 (KHTML, like Gecko, Mediapartners-Google) Chrome/137.0.7151.119 Safari/537.36"
74.125.150.5 - - [13/Jul/2025:01:11:19 +0530] "GET /public/assets/images/convo-images/convo-img-4.jpg HTTP/1.1" 200 162689 "http://rin.org.in/" "Mozilla/5.0 (Macintosh; Intel Mac OS X 10_7_3) AppleWebKit/537.36 (KHTML, like Gecko, Mediapartners-Google) Chrome/137.0.7151.119 Safari/537.36"
74.125.150.6 - - [13/Jul/2025:01:11:19 +0530] "GET /public/assets/images/convo-images/convo-img-7.jpg HTTP/1.1" 200 154565 "http://rin.org.in/" "Mozilla/5.0 (Macintosh; Intel Mac OS X 10_7_3) AppleWebKit/537.36 (KHTML, like Gecko, Mediapartners-Google) Chrome/137.0.7151.119 Safari/537.36"
74.125.150.5 - - [13/Jul/2025:01:11:19 +0530] "GET /public/assets/images/convo-images/convo-img-3.jpg HTTP/1.1" 200 147339 "http://rin.org.in/" "Mozilla/5.0 (Macintosh; Intel Mac OS X 10_7_3) AppleWebKit/537.36 (KHTML, like Gecko, Mediapartners-Google) Chrome/137.0.7151.119 Safari/537.36"
74.125.150.5 - - [13/Jul/2025:01:11:19 +0530] "GET /public/assets/images/convo-images/convo-img-2.jpg HTTP/1.1" 200 149526 "http://rin.org.in/" "Mozilla/5.0 (Macintosh; Intel Mac OS X 10_7_3) AppleWebKit/537.36 (KHTML, like Gecko, Mediapartners-Google) Chrome/137.0.7151.119 Safari/537.36"
74.125.150.6 - - [13/Jul/2025:01:11:19 +0530] "GET /public/assets/images/convo-images/convo-img-1.jpg HTTP/1.1" 200 170530 "http://rin.org.in/" "Mozilla/5.0 (Linux; Android 4.0.4; Galaxy Nexus Build/IMM76B) AppleWebKit/537.36 (KHTML, like Gecko; Mediapartners-Google) Chrome/137.0.7151.119 Mobile Safari/537.36"
74.125.150.5 - - [13/Jul/2025:01:11:19 +0530] "GET /public/assets/images/convo-images/convo-img-7.jpg HTTP/1.1" 200 154565 "http://rin.org.in/" "Mozilla/5.0 (Linux; Android 4.0.4; Galaxy Nexus Build/IMM76B) AppleWebKit/537.36 (KHTML, like Gecko; Mediapartners-Google) Chrome/137.0.7151.119 Mobile Safari/537.36"
74.125.150.6 - - [13/Jul/2025:01:11:19 +0530] "GET /public/new-assets/img/banner2.png HTTP/1.1" 200 1521147 "http://rin.org.in/" "Mozilla/5.0 (Linux; Android 4.0.4; Galaxy Nexus Build/IMM76B) AppleWebKit/537.36 (KHTML, like Gecko; Mediapartners-Google) Chrome/137.0.7151.119 Mobile Safari/537.36"
74.125.150.6 - - [13/Jul/2025:01:11:19 +0530] "GET /public/new-assets/img/about-section1.gif HTTP/1.1" 200 318354 "http://rin.org.in/" "Mozilla/5.0 (Macintosh; Intel Mac OS X 10_7_3) AppleWebKit/537.36 (KHTML, like Gecko, Mediapartners-Google) Chrome/137.0.7151.119 Safari/537.36"
74.125.150.5 - - [13/Jul/2025:01:11:19 +0530] "GET /public/assets/images/convo-images/convo-img-2.jpg HTTP/1.1" 200 149526 "http://rin.org.in/" "Mozilla/5.0 (Linux; Android 4.0.4; Galaxy Nexus Build/IMM76B) AppleWebKit/537.36 (KHTML, like Gecko; Mediapartners-Google) Chrome/137.0.7151.119 Mobile Safari/537.36"
74.125.150.5 - - [13/Jul/2025:01:11:19 +0530] "GET /public/new-assets/img/wbnc-logo.png HTTP/1.1" 200 129157 "http://rin.org.in/" "Mozilla/5.0 (Linux; Android 4.0.4; Galaxy Nexus Build/IMM76B) AppleWebKit/537.36 (KHTML, like Gecko; Mediapartners-Google) Chrome/137.0.7151.119 Mobile Safari/537.36"
74.125.150.5 - - [13/Jul/2025:01:11:19 +0530] "GET /public/assets/images/convo-images/convo-img-4.jpg HTTP/1.1" 200 162689 "http://rin.org.in/" "Mozilla/5.0 (Linux; Android 4.0.4; Galaxy Nexus Build/IMM76B) AppleWebKit/537.36 (KHTML, like Gecko; Mediapartners-Google) Chrome/137.0.7151.119 Mobile Safari/537.36"
74.125.150.5 - - [13/Jul/2025:01:11:19 +0530] "GET /public/assets/images/convo-images/convo-img-5.jpg HTTP/1.1" 200 141179 "http://rin.org.in/" "Mozilla/5.0 (Linux; Android 4.0.4; Galaxy Nexus Build/IMM76B) AppleWebKit/537.36 (KHTML, like Gecko; Mediapartners-Google) Chrome/137.0.7151.119 Mobile Safari/537.36"
74.125.150.5 - - [13/Jul/2025:01:11:19 +0530] "GET /public/assets/images/convo-images/convo-img-6.jpg HTTP/1.1" 200 146962 "http://rin.org.in/" "Mozilla/5.0 (Linux; Android 4.0.4; Galaxy Nexus Build/IMM76B) AppleWebKit/537.36 (KHTML, like Gecko; Mediapartners-Google) Chrome/137.0.7151.119 Mobile Safari/537.36"
74.125.150.6 - - [13/Jul/2025:01:11:19 +0530] "GET /public/new-assets/img/diploma-course.jpg HTTP/1.1" 200 115968 "http://rin.org.in/" "Mozilla/5.0 (Linux; Android 4.0.4; Galaxy Nexus Build/IMM76B) AppleWebKit/537.36 (KHTML, like Gecko; Mediapartners-Google) Chrome/137.0.7151.119 Mobile Safari/537.36"
74.125.150.6 - - [13/Jul/2025:01:11:19 +0530] "GET /public/assets/images/convo-images/convo-img-3.jpg HTTP/1.1" 200 147339 "http://rin.org.in/" "Mozilla/5.0 (Linux; Android 4.0.4; Galaxy Nexus Build/IMM76B) AppleWebKit/537.36 (KHTML, like Gecko; Mediapartners-Google) Chrome/137.0.7151.119 Mobile Safari/537.36"
74.125.150.6 - - [13/Jul/2025:01:11:19 +0530] "GET /public/new-assets/img/girl-holding-book.png HTTP/1.1" 200 368421 "http://rin.org.in/" "Mozilla/5.0 (Linux; Android 4.0.4; Galaxy Nexus Build/IMM76B) AppleWebKit/537.36 (KHTML, like Gecko; Mediapartners-Google) Chrome/137.0.7151.119 Mobile Safari/537.36"
74.125.150.5 - - [13/Jul/2025:01:11:19 +0530] "GET /public/new-assets/img/girl-holding-book.png HTTP/1.1" 200 368421 "http://rin.org.in/" "Mozilla/5.0 (Macintosh; Intel Mac OS X 10_7_3) AppleWebKit/537.36 (KHTML, like Gecko, Mediapartners-Google) Chrome/137.0.7151.119 Safari/537.36"
74.125.150.5 - - [13/Jul/2025:01:11:19 +0530] "GET /public/new-assets/img/about-section1.gif HTTP/1.1" 200 318354 "http://rin.org.in/" "Mozilla/5.0 (Linux; Android 4.0.4; Galaxy Nexus Build/IMM76B) AppleWebKit/537.36 (KHTML, like Gecko; Mediapartners-Google) Chrome/137.0.7151.119 Mobile Safari/537.36"
74.125.150.5 - - [13/Jul/2025:01:11:19 +0530] "GET /public/new-assets/img/banner2.png HTTP/1.1" 200 1521147 "http://rin.org.in/" "Mozilla/5.0 (Macintosh; Intel Mac OS X 10_7_3) AppleWebKit/537.36 (KHTML, like Gecko, Mediapartners-Google) Chrome/137.0.7151.119 Safari/537.36"
74.125.150.6 - - [13/Jul/2025:01:11:19 +0530] "GET /public/new-assets/img/popup.jpg HTTP/1.1" 200 746938 "http://rin.org.in/" "Mozilla/5.0 (Macintosh; Intel Mac OS X 10_7_3) AppleWebKit/537.36 (KHTML, like Gecko, Mediapartners-Google) Chrome/137.0.7151.119 Safari/537.36"
74.125.150.6 - - [13/Jul/2025:01:11:19 +0530] "GET /public/new-assets/img/banner.png HTTP/1.1" 200 2259654 "http://rin.org.in/" "Mozilla/5.0 (Macintosh; Intel Mac OS X 10_7_3) AppleWebKit/537.36 (KHTML, like Gecko, Mediapartners-Google) Chrome/137.0.7151.119 Safari/537.36"
74.125.150.6 - - [13/Jul/2025:01:11:19 +0530] "GET /public/new-assets/img/popup.jpg HTTP/1.1" 200 746938 "http://rin.org.in/" "Mozilla/5.0 (Linux; Android 4.0.4; Galaxy Nexus Build/IMM76B) AppleWebKit/537.36 (KHTML, like Gecko; Mediapartners-Google) Chrome/137.0.7151.119 Mobile Safari/537.36"
74.125.150.6 - - [13/Jul/2025:01:11:19 +0530] "GET /public/new-assets/img/banner1.png HTTP/1.1" 200 1543835 "http://rin.org.in/" "Mozilla/5.0 (Linux; Android 4.0.4; Galaxy Nexus Build/IMM76B) AppleWebKit/537.36 (KHTML, like Gecko; Mediapartners-Google) Chrome/137.0.7151.119 Mobile Safari/537.36"
74.125.150.6 - - [13/Jul/2025:01:11:19 +0530] "GET /public/new-assets/img/banner.png HTTP/1.1" 200 2259654 "http://rin.org.in/" "Mozilla/5.0 (Linux; Android 4.0.4; Galaxy Nexus Build/IMM76B) AppleWebKit/537.36 (KHTML, like Gecko; Mediapartners-Google) Chrome/137.0.7151.119 Mobile Safari/537.36"
74.125.150.5 - - [13/Jul/2025:01:11:19 +0530] "GET /public/new-assets/img/banner1.png HTTP/1.1" 200 1543835 "http://rin.org.in/" "Mozilla/5.0 (Macintosh; Intel Mac OS X 10_7_3) AppleWebKit/537.36 (KHTML, like Gecko, Mediapartners-Google) Chrome/137.0.7151.119 Safari/537.36"
74.125.150.5 - - [13/Jul/2025:01:11:21 +0530] "GET /public/new-assets/img/top-arrow.svg HTTP/1.1" 200 263 "http://rin.org.in/" "Mozilla/5.0 (Linux; Android 4.0.4; Galaxy Nexus Build/IMM76B) AppleWebKit/537.36 (KHTML, like Gecko; Mediapartners-Google) Chrome/137.0.7151.119 Mobile Safari/537.36"
74.125.150.5 - - [13/Jul/2025:01:11:21 +0530] "GET /public/new-assets/fonts/Metropolis-Bold.woff2 HTTP/1.1" 200 72 "http://rin.org.in/public/new-assets/css/style.css" "Mozilla/5.0 (Linux; Android 4.0.4; Galaxy Nexus Build/IMM76B) AppleWebKit/537.36 (KHTML, like Gecko; Mediapartners-Google) Chrome/137.0.7151.119 Mobile Safari/537.36"
74.125.150.6 - - [13/Jul/2025:01:11:21 +0530] "GET /public/new-assets/fonts/Metropolis-Black.woff2 HTTP/1.1" 200 73 "http://rin.org.in/public/new-assets/css/style.css" "Mozilla/5.0 (Linux; Android 4.0.4; Galaxy Nexus Build/IMM76B) AppleWebKit/537.36 (KHTML, like Gecko; Mediapartners-Google) Chrome/137.0.7151.119 Mobile Safari/537.36"
74.125.150.6 - - [13/Jul/2025:01:11:21 +0530] "GET /public/new-assets/fonts/Metropolis-Regular.woff2 HTTP/1.1" 200 75 "http://rin.org.in/public/new-assets/css/style.css" "Mozilla/5.0 (Linux; Android 4.0.4; Galaxy Nexus Build/IMM76B) AppleWebKit/537.36 (KHTML, like Gecko; Mediapartners-Google) Chrome/137.0.7151.119 Mobile Safari/537.36"
74.125.150.6 - - [13/Jul/2025:01:11:21 +0530] "GET /public/new-assets/fonts/StayClassySLDT.woff2 HTTP/1.1" 200 71 "http://rin.org.in/public/new-assets/css/style.css" "Mozilla/5.0 (Linux; Android 4.0.4; Galaxy Nexus Build/IMM76B) AppleWebKit/537.36 (KHTML, like Gecko; Mediapartners-Google) Chrome/137.0.7151.119 Mobile Safari/537.36"
74.125.150.5 - - [13/Jul/2025:01:11:21 +0530] "GET /public/new-assets/fonts/Metropolis-Medium.woff2 HTTP/1.1" 200 74 "http://rin.org.in/public/new-assets/css/style.css" "Mozilla/5.0 (Linux; Android 4.0.4; Galaxy Nexus Build/IMM76B) AppleWebKit/537.36 (KHTML, like Gecko; Mediapartners-Google) Chrome/137.0.7151.119 Mobile Safari/537.36"
74.125.150.5 - - [13/Jul/2025:01:11:21 +0530] "GET /public/new-assets/fonts/Metropolis-Light.woff2 HTTP/1.1" 200 73 "http://rin.org.in/public/new-assets/css/style.css" "Mozilla/5.0 (Linux; Android 4.0.4; Galaxy Nexus Build/IMM76B) AppleWebKit/537.36 (KHTML, like Gecko; Mediapartners-Google) Chrome/137.0.7151.119 Mobile Safari/537.36"
74.125.150.5 - - [13/Jul/2025:01:11:21 +0530] "GET /public/new-assets/img/angle-left.svg HTTP/1.1" 200 281 "http://rin.org.in/" "Mozilla/5.0 (Linux; Android 4.0.4; Galaxy Nexus Build/IMM76B) AppleWebKit/537.36 (KHTML, like Gecko; Mediapartners-Google) Chrome/137.0.7151.119 Mobile Safari/537.36"
74.125.150.5 - - [13/Jul/2025:01:11:21 +0530] "GET /public/new-assets/fonts/Metropolis-Bold.woff2 HTTP/1.1" 200 72 "http://rin.org.in/public/new-assets/css/style.css" "Mozilla/5.0 (Macintosh; Intel Mac OS X 10_7_3) AppleWebKit/537.36 (KHTML, like Gecko, Mediapartners-Google) Chrome/137.0.7151.119 Safari/537.36"
74.125.150.6 - - [13/Jul/2025:01:11:21 +0530] "GET /public/new-assets/fonts/Metropolis-Medium.woff2 HTTP/1.1" 200 74 "http://rin.org.in/public/new-assets/css/style.css" "Mozilla/5.0 (Macintosh; Intel Mac OS X 10_7_3) AppleWebKit/537.36 (KHTML, like Gecko, Mediapartners-Google) Chrome/137.0.7151.119 Safari/537.36"
74.125.150.5 - - [13/Jul/2025:01:11:21 +0530] "GET /public/new-assets/fonts/Metropolis-Bold.woff HTTP/1.1" 200 18272 "http://rin.org.in/public/new-assets/css/style.css" "Mozilla/5.0 (Linux; Android 4.0.4; Galaxy Nexus Build/IMM76B) AppleWebKit/537.36 (KHTML, like Gecko; Mediapartners-Google) Chrome/137.0.7151.119 Mobile Safari/537.36"
74.125.150.5 - - [13/Jul/2025:01:11:21 +0530] "GET /public/new-assets/img/angle-left.svg HTTP/1.1" 200 281 "http://rin.org.in/" "Mozilla/5.0 (Macintosh; Intel Mac OS X 10_7_3) AppleWebKit/537.36 (KHTML, like Gecko, Mediapartners-Google) Chrome/137.0.7151.119 Safari/537.36"
74.125.150.1 - - [13/Jul/2025:01:11:21 +0530] "GET /public/new-assets/img/angle-right.svg HTTP/1.1" 200 273 "http://rin.org.in/" "Mozilla/5.0 (Linux; Android 4.0.4; Galaxy Nexus Build/IMM76B) AppleWebKit/537.36 (KHTML, like Gecko; Mediapartners-Google) Chrome/137.0.7151.119 Mobile Safari/537.36"
74.125.150.129 - - [13/Jul/2025:01:11:17 +0530] "GET /public/new-assets/videos/banner_main_video.mp4 HTTP/1.1" 206 37186512 "http://www.rin.org.in/" "Mozilla/5.0 (Macintosh; Intel Mac OS X 10_7_3) AppleWebKit/537.36 (KHTML, like Gecko, Mediapartners-Google) Chrome/137.0.7151.119 Safari/537.36"
74.125.150.7 - - [13/Jul/2025:01:11:21 +0530] "GET /public/new-assets/fonts/StayClassySLDT.woff2 HTTP/1.1" 200 71 "http://rin.org.in/public/new-assets/css/style.css" "Mozilla/5.0 (Macintosh; Intel Mac OS X 10_7_3) AppleWebKit/537.36 (KHTML, like Gecko, Mediapartners-Google) Chrome/137.0.7151.119 Safari/537.36"
74.125.150.1 - - [13/Jul/2025:01:11:21 +0530] "GET /public/new-assets/img/top-arrow.svg HTTP/1.1" 200 263 "http://rin.org.in/" "Mozilla/5.0 (Macintosh; Intel Mac OS X 10_7_3) AppleWebKit/537.36 (KHTML, like Gecko, Mediapartners-Google) Chrome/137.0.7151.119 Safari/537.36"
74.125.150.8 - - [13/Jul/2025:01:11:21 +0530] "GET /public/new-assets/fonts/Metropolis-Regular.woff2 HTTP/1.1" 200 75 "http://rin.org.in/public/new-assets/css/style.css" "Mozilla/5.0 (Macintosh; Intel Mac OS X 10_7_3) AppleWebKit/537.36 (KHTML, like Gecko, Mediapartners-Google) Chrome/137.0.7151.119 Safari/537.36"
74.125.150.7 - - [13/Jul/2025:01:11:21 +0530] "GET /public/new-assets/fonts/Metropolis-Light.woff2 HTTP/1.1" 200 73 "http://rin.org.in/public/new-assets/css/style.css" "Mozilla/5.0 (Macintosh; Intel Mac OS X 10_7_3) AppleWebKit/537.36 (KHTML, like Gecko, Mediapartners-Google) Chrome/137.0.7151.119 Safari/537.36"
74.125.150.2 - - [13/Jul/2025:01:11:22 +0530] "GET /public/new-assets/fonts/Metropolis-Black.woff2 HTTP/1.1" 200 73 "http://rin.org.in/public/new-assets/css/style.css" "Mozilla/5.0 (Macintosh; Intel Mac OS X 10_7_3) AppleWebKit/537.36 (KHTML, like Gecko, Mediapartners-Google) Chrome/137.0.7151.119 Safari/537.36"
74.125.150.7 - - [13/Jul/2025:01:11:22 +0530] "GET /public/new-assets/fonts/Metropolis-Regular.woff HTTP/1.1" 200 18180 "http://rin.org.in/public/new-assets/css/style.css" "Mozilla/5.0 (Linux; Android 4.0.4; Galaxy Nexus Build/IMM76B) AppleWebKit/537.36 (KHTML, like Gecko; Mediapartners-Google) Chrome/137.0.7151.119 Mobile Safari/537.36"
74.125.150.7 - - [13/Jul/2025:01:11:22 +0530] "GET /public/new-assets/fonts/Metropolis-Black.woff HTTP/1.1" 200 18032 "http://rin.org.in/public/new-assets/css/style.css" "Mozilla/5.0 (Linux; Android 4.0.4; Galaxy Nexus Build/IMM76B) AppleWebKit/537.36 (KHTML, like Gecko; Mediapartners-Google) Chrome/137.0.7151.119 Mobile Safari/537.36"
74.125.150.8 - - [13/Jul/2025:01:11:22 +0530] "GET /public/new-assets/fonts/StayClassySLDT.woff HTTP/1.1" 200 68780 "http://rin.org.in/public/new-assets/css/style.css" "Mozilla/5.0 (Linux; Android 4.0.4; Galaxy Nexus Build/IMM76B) AppleWebKit/537.36 (KHTML, like Gecko; Mediapartners-Google) Chrome/137.0.7151.119 Mobile Safari/537.36"
74.125.150.8 - - [13/Jul/2025:01:11:22 +0530] "GET /public/new-assets/img/angle-right.svg HTTP/1.1" 200 273 "http://rin.org.in/" "Mozilla/5.0 (Macintosh; Intel Mac OS X 10_7_3) AppleWebKit/537.36 (KHTML, like Gecko, Mediapartners-Google) Chrome/137.0.7151.119 Safari/537.36"
74.125.150.2 - - [13/Jul/2025:01:11:22 +0530] "GET /public/new-assets/fonts/Metropolis-Light.woff HTTP/1.1" 200 18056 "http://rin.org.in/public/new-assets/css/style.css" "Mozilla/5.0 (Linux; Android 4.0.4; Galaxy Nexus Build/IMM76B) AppleWebKit/537.36 (KHTML, like Gecko; Mediapartners-Google) Chrome/137.0.7151.119 Mobile Safari/537.36"
74.125.150.8 - - [13/Jul/2025:01:11:22 +0530] "GET /public/new-assets/fonts/Metropolis-Medium.woff HTTP/1.1" 200 18324 "http://rin.org.in/public/new-assets/css/style.css" "Mozilla/5.0 (Linux; Android 4.0.4; Galaxy Nexus Build/IMM76B) AppleWebKit/537.36 (KHTML, like Gecko; Mediapartners-Google) Chrome/137.0.7151.119 Mobile Safari/537.36"
74.125.150.1 - - [13/Jul/2025:01:11:22 +0530] "GET /public/new-assets/fonts/StayClassySLDT.woff HTTP/1.1" 200 68780 "http://rin.org.in/public/new-assets/css/style.css" "Mozilla/5.0 (Macintosh; Intel Mac OS X 10_7_3) AppleWebKit/537.36 (KHTML, like Gecko, Mediapartners-Google) Chrome/137.0.7151.119 Safari/537.36"
74.125.150.7 - - [13/Jul/2025:01:11:22 +0530] "GET /public/new-assets/fonts/Metropolis-Bold.woff HTTP/1.1" 200 18272 "http://rin.org.in/public/new-assets/css/style.css" "Mozilla/5.0 (Macintosh; Intel Mac OS X 10_7_3) AppleWebKit/537.36 (KHTML, like Gecko, Mediapartners-Google) Chrome/137.0.7151.119 Safari/537.36"
74.125.150.2 - - [13/Jul/2025:01:11:22 +0530] "GET /public/new-assets/fonts/Metropolis-Medium.woff HTTP/1.1" 200 18324 "http://rin.org.in/public/new-assets/css/style.css" "Mozilla/5.0 (Macintosh; Intel Mac OS X 10_7_3) AppleWebKit/537.36 (KHTML, like Gecko, Mediapartners-Google) Chrome/137.0.7151.119 Safari/537.36"
74.125.150.2 - - [13/Jul/2025:01:11:22 +0530] "GET /public/new-assets/fonts/Metropolis-Light.woff HTTP/1.1" 200 18056 "http://rin.org.in/public/new-assets/css/style.css" "Mozilla/5.0 (Macintosh; Intel Mac OS X 10_7_3) AppleWebKit/537.36 (KHTML, like Gecko, Mediapartners-Google) Chrome/137.0.7151.119 Safari/537.36"
74.125.150.8 - - [13/Jul/2025:01:11:22 +0530] "GET /public/new-assets/fonts/Metropolis-Regular.woff HTTP/1.1" 200 18180 "http://rin.org.in/public/new-assets/css/style.css" "Mozilla/5.0 (Macintosh; Intel Mac OS X 10_7_3) AppleWebKit/537.36 (KHTML, like Gecko, Mediapartners-Google) Chrome/137.0.7151.119 Safari/537.36"
74.125.150.8 - - [13/Jul/2025:01:11:22 +0530] "GET /public/new-assets/fonts/Metropolis-Black.woff HTTP/1.1" 200 18032 "http://rin.org.in/public/new-assets/css/style.css" "Mozilla/5.0 (Macintosh; Intel Mac OS X 10_7_3) AppleWebKit/537.36 (KHTML, like Gecko, Mediapartners-Google) Chrome/137.0.7151.119 Safari/537.36"
74.125.150.5 - - [13/Jul/2025:01:11:21 +0530] "GET /public/new-assets/videos/banner_main_video.mp4 HTTP/1.1" 206 37436984 "http://rin.org.in/" "Mozilla/5.0 (Linux; Android 4.0.4; Galaxy Nexus Build/IMM76B) AppleWebKit/537.36 (KHTML, like Gecko; Mediapartners-Google) Chrome/137.0.7151.119 Mobile Safari/537.36"
74.125.150.5 - - [13/Jul/2025:01:11:22 +0530] "GET /public/new-assets/videos/banner_main_video.mp4 HTTP/1.1" 206 37404064 "http://rin.org.in/" "Mozilla/5.0 (Macintosh; Intel Mac OS X 10_7_3) AppleWebKit/537.36 (KHTML, like Gecko, Mediapartners-Google) Chrome/137.0.7151.119 Safari/537.36"
74.125.150.131 - - [13/Jul/2025:01:25:02 +0530] "GET / HTTP/1.1" 200 21518 "-" "Mozilla/5.0 (Macintosh; Intel Mac OS X 10_7_3) AppleWebKit/[WEBKIT_VERSION] (KHTML, like Gecko, Mediapartners-Google) Chrome/[CHROME_VERSION] Safari/[WEBKIT_VERSION]"
74.125.150.129 - - [13/Jul/2025:01:25:02 +0530] "GET / HTTP/1.1" 200 21518 "-" "Mozilla/5.0 (Linux; Android 4.0.4; Galaxy Nexus Build/IMM76B) AppleWebKit/537.36 (KHTML, like Gecko; Mediapartners-Google) Chrome/137.0.7151.119 Mobile Safari/537.36"
74.125.150.131 - - [13/Jul/2025:01:25:02 +0530] "GET / HTTP/1.1" 200 21518 "-" "Mozilla/5.0 (Macintosh; Intel Mac OS X 10_7_3) AppleWebKit/537.36 (KHTML, like Gecko, Mediapartners-Google) Chrome/137.0.7151.119 Safari/537.36"
74.125.150.7 - - [13/Jul/2025:01:25:02 +0530] "GET / HTTP/1.1" 200 21518 "-" "Mozilla/5.0 (Macintosh; Intel Mac OS X 10_7_3) AppleWebKit/[WEBKIT_VERSION] (KHTML, like Gecko, Mediapartners-Google) Chrome/[CHROME_VERSION] Safari/[WEBKIT_VERSION]"
74.125.150.129 - - [13/Jul/2025:01:25:02 +0530] "GET / HTTP/1.1" 200 21518 "-" "Mozilla/5.0 (Linux; Android 4.0.4; Galaxy Nexus Build/IMM76B) AppleWebKit/[WEBKIT_VERSION] (KHTML, like Gecko; Mediapartners-Google) Chrome/[CHROME_VERSION] Mobile Safari/[WEBKIT_VERSION]"
74.125.150.6 - - [13/Jul/2025:01:25:02 +0530] "GET / HTTP/1.1" 200 21518 "-" "Mozilla/5.0 (Linux; Android 4.0.4; Galaxy Nexus Build/IMM76B) AppleWebKit/[WEBKIT_VERSION] (KHTML, like Gecko; Mediapartners-Google) Chrome/[CHROME_VERSION] Mobile Safari/[WEBKIT_VERSION]"
74.125.150.129 - - [13/Jul/2025:01:25:03 +0530] "GET /public/node_modules/bootstrap/dist/js/bootstrap.bundle.js HTTP/1.1" 200 41763 "http://www.rin.org.in/" "Mozilla/5.0 (Linux; Android 4.0.4; Galaxy Nexus Build/IMM76B) AppleWebKit/537.36 (KHTML, like Gecko; Mediapartners-Google) Chrome/137.0.7151.119 Mobile Safari/537.36"
74.125.150.130 - - [13/Jul/2025:01:25:03 +0530] "GET /public/assets/js/jquery-migrate-3.4.0.min.js HTTP/1.1" 200 4603 "http://www.rin.org.in/" "Mozilla/5.0 (Linux; Android 4.0.4; Galaxy Nexus Build/IMM76B) AppleWebKit/537.36 (KHTML, like Gecko; Mediapartners-Google) Chrome/137.0.7151.119 Mobile Safari/537.36"
74.125.150.129 - - [13/Jul/2025:01:25:03 +0530] "GET /public/new-assets/js/jquery.fancybox.min.js HTTP/1.1" 200 21006 "http://www.rin.org.in/" "Mozilla/5.0 (Linux; Android 4.0.4; Galaxy Nexus Build/IMM76B) AppleWebKit/537.36 (KHTML, like Gecko; Mediapartners-Google) Chrome/137.0.7151.119 Mobile Safari/537.36"
74.125.150.130 - - [13/Jul/2025:01:25:04 +0530] "GET /public/assets/js/jquery-migrate-3.4.0.min.js HTTP/1.1" 200 4603 "http://www.rin.org.in/" "Mozilla/5.0 (Macintosh; Intel Mac OS X 10_7_3) AppleWebKit/537.36 (KHTML, like Gecko, Mediapartners-Google) Chrome/137.0.7151.119 Safari/537.36"
74.125.150.129 - - [13/Jul/2025:01:25:04 +0530] "GET /public/new-assets/js/owl.carousel.min.js HTTP/1.1" 200 11139 "http://www.rin.org.in/" "Mozilla/5.0 (Linux; Android 4.0.4; Galaxy Nexus Build/IMM76B) AppleWebKit/537.36 (KHTML, like Gecko; Mediapartners-Google) Chrome/137.0.7151.119 Mobile Safari/537.36"
74.125.150.130 - - [13/Jul/2025:01:25:04 +0530] "GET /public/assets/js/modernizr.custom.26633.js HTTP/1.1" 200 3913 "http://www.rin.org.in/" "Mozilla/5.0 (Macintosh; Intel Mac OS X 10_7_3) AppleWebKit/537.36 (KHTML, like Gecko, Mediapartners-Google) Chrome/137.0.7151.119 Safari/537.36"
74.125.150.129 - - [13/Jul/2025:01:25:04 +0530] "GET /public/new-assets/js/jquery.fancybox.min.js HTTP/1.1" 200 21006 "http://www.rin.org.in/" "Mozilla/5.0 (Macintosh; Intel Mac OS X 10_7_3) AppleWebKit/537.36 (KHTML, like Gecko, Mediapartners-Google) Chrome/137.0.7151.119 Safari/537.36"
74.125.150.129 - - [13/Jul/2025:01:25:04 +0530] "GET /public/new-assets/js/owl.carousel.min.js HTTP/1.1" 200 11139 "http://www.rin.org.in/" "Mozilla/5.0 (Macintosh; Intel Mac OS X 10_7_3) AppleWebKit/537.36 (KHTML, like Gecko, Mediapartners-Google) Chrome/137.0.7151.119 Safari/537.36"
74.125.150.130 - - [13/Jul/2025:01:25:04 +0530] "GET /public/assets/js/jquery.gridrotator.js HTTP/1.1" 200 5320 "http://www.rin.org.in/" "Mozilla/5.0 (Macintosh; Intel Mac OS X 10_7_3) AppleWebKit/537.36 (KHTML, like Gecko, Mediapartners-Google) Chrome/137.0.7151.119 Safari/537.36"
74.125.150.131 - - [13/Jul/2025:01:25:04 +0530] "GET /public/assets/js/jquery.gridrotator.js HTTP/1.1" 200 5320 "http://www.rin.org.in/" "Mozilla/5.0 (Linux; Android 4.0.4; Galaxy Nexus Build/IMM76B) AppleWebKit/537.36 (KHTML, like Gecko; Mediapartners-Google) Chrome/137.0.7151.119 Mobile Safari/537.36"
74.125.150.129 - - [13/Jul/2025:01:25:04 +0530] "GET /public/assets/js/modernizr.custom.26633.js HTTP/1.1" 200 3913 "http://www.rin.org.in/" "Mozilla/5.0 (Linux; Android 4.0.4; Galaxy Nexus Build/IMM76B) AppleWebKit/537.36 (KHTML, like Gecko; Mediapartners-Google) Chrome/137.0.7151.119 Mobile Safari/537.36"
74.125.150.131 - - [13/Jul/2025:01:25:04 +0530] "GET /public/node_modules/bootstrap/dist/js/bootstrap.bundle.js HTTP/1.1" 200 41763 "http://www.rin.org.in/" "Mozilla/5.0 (Macintosh; Intel Mac OS X 10_7_3) AppleWebKit/537.36 (KHTML, like Gecko, Mediapartners-Google) Chrome/137.0.7151.119 Safari/537.36"
74.125.150.131 - - [13/Jul/2025:01:25:04 +0530] "GET /public/new-assets/fonts/Metropolis-Bold.woff HTTP/1.1" 200 18272 "http://www.rin.org.in/public/new-assets/css/style.css" "Mozilla/5.0 (Macintosh; Intel Mac OS X 10_7_3) AppleWebKit/537.36 (KHTML, like Gecko, Mediapartners-Google) Chrome/137.0.7151.119 Safari/537.36"
74.125.150.130 - - [13/Jul/2025:01:25:04 +0530] "GET /public/new-assets/img/girl-holding-book.png HTTP/1.1" 200 368421 "http://www.rin.org.in/" "Mozilla/5.0 (Linux; Android 4.0.4; Galaxy Nexus Build/IMM76B) AppleWebKit/537.36 (KHTML, like Gecko; Mediapartners-Google) Chrome/137.0.7151.119 Mobile Safari/537.36"
74.125.150.130 - - [13/Jul/2025:01:25:04 +0530] "GET /public/new-assets/videos/banner_main_video.mp4 HTTP/1.1" 206 37456008 "http://www.rin.org.in/" "Mozilla/5.0 (Macintosh; Intel Mac OS X 10_7_3) AppleWebKit/537.36 (KHTML, like Gecko, Mediapartners-Google) Chrome/137.0.7151.119 Safari/537.36"
74.125.150.6 - - [13/Jul/2025:01:25:10 +0530] "GET / HTTP/1.1" 200 21518 "-" "Mozilla/5.0 (Linux; Android 4.0.4; Galaxy Nexus Build/IMM76B) AppleWebKit/537.36 (KHTML, like Gecko; Mediapartners-Google) Chrome/137.0.7151.119 Mobile Safari/537.36"
74.125.150.6 - - [13/Jul/2025:01:25:10 +0530] "GET / HTTP/1.1" 200 21518 "-" "Mozilla/5.0 (Macintosh; Intel Mac OS X 10_7_3) AppleWebKit/537.36 (KHTML, like Gecko, Mediapartners-Google) Chrome/137.0.7151.119 Safari/537.36"
